Select a Year or Month report

Report for 2020 Nov
                   Monthly Climatological Summary for Nov 2020

Name: Carina Weather   City: Carina, Brisbane   State: Queensland
Elevation: 16 m  Lat: S 27° 29' 03"   Lon: E 153° 05' 43"

                  Temperature (°C), Rain (mm), Wind Speed (km/h)

                                      Heat  Cool        Avg
    Mean                              Deg   Deg         Wind                 Dom
Day Temp  High   Time   Low    Time   Days  Days  Rain  Speed High   Time    Dir
----------------------------------------------------------------------------------
01  24.2  32.6   15:14  16.4   05:21   0.3   6.2   0.0   2.6  24.0   15:34     W
02  23.0  28.4   13:50  18.8   05:19   0.0   4.7   0.0   3.8  23.0   14:46   ESE
03  21.6  28.1   12:38  15.2   05:07   0.4   3.7   0.0   3.7  26.0   15:42   ESE
04  22.1  28.4   11:56  15.5   05:05   0.4   4.2   0.0   1.4  14.0   07:42     E
05  24.0  31.0   14:01  16.8   04:21   0.2   5.9   8.4   1.6  16.0   15:48    NE
06  22.1  27.6   12:21  16.4   03:03   0.2   4.0   0.0   2.5  19.0   15:25   ESE
07  22.3  27.7   11:27  16.6   05:01   0.1   4.1   0.0   2.7  19.0   17:40   ESE
08  20.3  23.2   11:17  16.3   23:38   0.2   2.1   0.0   4.5  32.0   13:49   ESE
09  20.5  26.1   12:51  15.6   01:27   0.6   2.8   0.0   3.2  23.0   10:58   ESE
10  20.9  27.2   11:33  15.4   04:38   0.7   3.3   0.0   2.1  19.0   13:41   ESE
11  22.0  28.2   13:05  15.7   05:21   0.5   4.2   0.0   1.6  18.0   13:06     E
12  23.1  28.3   12:53  18.2   00:28   0.0   4.8   0.0   1.7  21.0   12:46   NNE
13  23.6  28.3   14:22  18.8   05:02   0.0   5.3   0.0   2.2  18.0   09:44     N
14  25.6  32.2   12:58  18.2   04:56   0.0   7.3   0.0   1.5  14.0   12:42   NNE
15  25.7  32.2   11:15  19.9   04:28   0.0   7.4   0.0   2.0  19.0   13:37     E
16  26.4  32.2   11:35  22.1   03:56   0.0   8.1   0.0   2.0  18.0   16:47   NNE
17  25.8  33.1   13:21  21.6   05:16   0.0   7.5   0.8   2.8  26.0   20:24     E
18  24.1  28.5   13:07  20.4   23:50   0.0   5.8   0.0   6.4  32.0   10:42   ESE
19  23.4  28.8   12:15  18.6   23:36   0.0   5.1   0.0   3.7  24.0   07:54   ESE
20  23.8  30.2   12:53  17.4   04:47   0.1   5.6   0.0   1.6  21.0   14:14     E
21  24.5  31.2   12:28  18.4   02:20   0.0   6.2   0.0   1.4  18.0   11:34    NE
22  25.3  31.5   13:19  19.1   05:01   0.0   7.0   0.0   1.6  19.0   17:15   NNE
23  25.5  31.6   11:26  19.7   03:24   0.0   7.2   0.0   2.2  19.0   12:52     N
24  25.7  32.4   10:06  21.7   03:17   0.0   7.4   0.0   4.7  35.0   16:19   ESE
25  23.6  27.7   13:49  20.2   23:56   0.0   5.3   0.0   3.9  24.0   14:52   ESE
26  24.8  30.7   12:15  19.6   00:55   0.0   6.5   0.0   1.5  18.0   16:44     E
----------------------------------------------------------------------------------
    23.6  33.1    17    15.2     3     3.7 141.7   9.2   2.7  35.0    24       E

Max >=  27.0 24
Max <=   0.0  0
Min <=   0.0  0
Min <= -18.0  0
Max Rain: 8.4 on day 5
Days of Rain: 2 (>= 0.2 mm)  1 (>= 2.0 mm)  0 (>= 20.0 mm)
Heat Base: 18.3  Cool Base: 18.3  Method: Integration