Select a Year or Month report

Report for 2011 Mar
                   MONTHLY CLIMATOLOGICAL SUMMARY for MAR. 2011

NAME: Carina Central   CITY: Brisbane   STATE: Queensland 
ELEV:    24 m  LAT:  27 29' 00" S  LONG: 153 05' 00" E

                   TEMPERATURE (C), RAIN  (mm), WIND SPEED (km/hr)

                                      HEAT  COOL        AVG
    MEAN                              DEG   DEG         WIND                 DOM
DAY TEMP  HIGH   TIME   LOW    TIME   DAYS  DAYS  RAIN  SPEED HIGH   TIME    DIR
------------------------------------------------------------------------------------
 1
 2  27.3  30.9   2:00p  24.4  12:00m   0.0   4.5   0.0   2.6  19.3   4:30p    NE
 3  26.4  33.0   1:30p  22.3  10:30p   0.0   8.1  16.4   2.4  24.1   8:30p    NE
 4  22.3  24.1   2:30p  20.7   8:30p   0.0   4.0  31.6   2.6  19.3   4:30p   ESE
 5  22.8  26.4   3:00p  20.5   8:30p   0.0   4.5   2.4   5.6  40.2   4:00p    SE
 6  22.3  26.4   3:00p  19.3   8:30p   0.0   4.0   1.4   9.2  41.8  12:00p   ESE
 7  22.1  26.8   2:00p  18.1   4:00a   0.0   3.8   0.0   6.3  33.8  12:00p   ESE
 8  21.7  26.7   2:00p  17.7   6:00a   0.0   3.5   1.4   3.1  29.0   2:00p   ENE
 9  22.2  26.7  11:00a  17.9   3:30a   0.0   3.9   0.0   2.3  25.7   3:00p   ESE
10  23.5  28.4  12:30p  19.1   6:30a   0.0   5.2   0.4   2.6  20.9   3:30p    NE
11  24.7  29.1   1:00p  20.9   6:00a   0.0   6.4   0.0   2.4  22.5   2:30p    NE
12  24.4  28.9   1:30p  21.3   4:00a   0.0   6.1   0.0   2.7  24.1   2:00p    NE
13  23.6  28.8   1:00p  19.8   6:00a   0.0   5.3   6.8   3.2  24.1   5:00p   ESE
14  24.0  28.8   1:30p  20.1   5:30a   0.0   5.7   0.2   2.3  20.9  12:30p   ESE
15  24.2  29.1   2:00p  19.9   5:30a   0.0   5.9   0.0   2.6  24.1   1:30p   ESE
16  24.8  29.3  12:30p  20.7   5:30a   0.0   6.5   0.0   2.1  14.5  12:30p    NE
17  24.8  29.2   2:00p  21.5   5:30a   0.0   6.5   0.0   1.6  19.3   2:00p    NE
18  24.3  28.6   3:00p  21.7   6:00a   0.0   6.0   0.0   1.6  11.3   3:30p    SW
19  21.6  23.3   9:00a  19.9   8:00p   0.0   3.3  27.8   2.7  17.7  11:30a   ESE
20  22.7  25.3   2:30p  20.7  12:30a   0.0   4.4   4.6   3.9  20.9   1:30p   ESE
21  25.3  30.4   3:00p  21.6   5:00a   0.0   7.0   0.0   2.1  16.1   7:30a    NE
22  28.0  34.4   4:00p  22.7   3:30a   0.0   9.7   0.0   2.9  24.1   2:00p     W
23  26.8  32.3   3:30p  20.6   6:00a   0.0   8.5   0.0   3.7  29.0   2:30p     W
24  25.2  30.4   3:30p  20.7   6:30a   0.0   6.9   0.0   3.5  30.6   4:00p     W
25  23.6  29.8   4:00p  16.4   5:30a   0.3   5.5   0.0   3.9  29.0   1:30p     W
26  23.3  27.9   2:00p  18.9   6:00a   0.0   5.0   0.0   5.1  27.4   3:00p   ESE
27  22.4  26.4  12:00p  19.1   5:30a   0.0   4.2   0.0   6.4  33.8  11:30a   ESE
28  21.5  26.4  11:00a  17.9   5:00a   0.0   3.2   5.8   4.7  30.6  11:00a   ESE
29  22.5  26.4   1:00p  19.2   5:30a   0.0   4.2   0.6   3.7  24.1  10:00a   ESE
30  20.3  21.4  12:30a  19.5  12:00m   0.0   2.0  32.8   3.4  19.3  10:30a    SE
31  22.2  27.3  12:30p  19.0   5:30a   0.0   3.9   0.2   2.3  17.7   4:30p    SW
-------------------------------------------------------------------------------------
    23.7  34.4    22    16.4    25     0.3 157.7 132.4   3.4  41.8     6     ESE

Max >=  32.0:  3
Max <=   0.0:  0
Min <=   0.0:  0
Min <= -18.0:  0
Max Rain: 32.79 ON 30/03/11
Days of Rain: 14 (> .2 mm) 8 (> 2 mm) 3 (> 20 mm)
Heat Base:  18.3  Cool Base:  18.3  Method: Integration