Select a Year or Month report

Report for 2011 Apr
                   MONTHLY CLIMATOLOGICAL SUMMARY for APR. 2011

NAME: Carina Central   CITY: Brisbane   STATE: Queensland 
ELEV:    24 m  LAT:  27 29' 00" S  LONG: 153 05' 00" E

                   TEMPERATURE (C), RAIN  (mm), WIND SPEED (km/hr)

                                      HEAT  COOL        AVG
    MEAN                              DEG   DEG         WIND                 DOM
DAY TEMP  HIGH   TIME   LOW    TIME   DAYS  DAYS  RAIN  SPEED HIGH   TIME    DIR
------------------------------------------------------------------------------------
 1  21.0  25.8  11:30a  17.7   5:30a   0.0   2.7   6.2   3.2  35.4  12:00p    SE
 2  22.4  28.4   1:30p  17.5   6:00a   0.1   4.1   0.4   1.9  20.9  11:00p    SW
 3  20.9  25.1  11:00a  17.7   6:30a   0.0   2.6   0.2   4.0  29.0  11:30a   ESE
 4  21.6  26.5   1:00p  16.3   6:00a   0.2   3.5   0.2   4.8  33.8   2:00p   ESE
 5  20.2  24.5   2:30p  17.4  12:00m   0.0   1.9   0.0   6.4  33.8   3:00p    SE
 6  20.4  25.1  12:30p  16.2   6:00a   0.5   2.5   0.2   5.6  32.2   2:30p   ESE
 7  20.5  25.0  11:30a  17.1   5:30a   0.2   2.5   1.2   6.1  38.6  12:00p   ESE
 8  18.8  21.9   4:00p  17.2   7:00a   0.2   0.7  16.8   4.2  27.4  12:30a    SE
 9  20.4  25.4   1:30p  16.6  12:00m   0.3   2.5   0.6   3.4  27.4  12:00p   ESE
10  20.7  26.7   2:00p  15.4   3:30a   0.6   3.1   0.0   2.3  17.7   7:30a    NE
11  21.1  27.5   1:00p  17.0   2:00a   0.1   2.9   1.4   2.3  22.5   7:00p    SW
12  21.2  27.2   4:00p  17.4   6:00a   0.1   3.0   0.2   2.3  19.3   9:30a    SW
13  20.8  27.9   4:00p  15.7   6:30a   0.5   3.0   0.0   1.6  12.9   4:00a    SW
14  22.0  28.4   4:00p  16.7   6:30a   0.2   3.9   0.0   2.1  17.7   1:00p    SW
15  21.7  27.7  12:30p  17.0   5:30a   0.1   3.5   0.0   1.8  17.7   1:00p    NE
16  19.7  22.2   3:30p  18.0  12:00m   0.0   1.4   1.8   2.4  16.1  11:00a    SW
17  20.1  24.2   1:00p  17.1   6:30a   0.2   2.0   0.2   4.2  22.5  10:00p    SE
18  18.6  19.9  11:30a  17.9   6:00a   0.0   0.3  16.8   5.0  27.4   3:00p    SE
19  20.1  22.9  11:00a  17.8   4:30a   0.1   1.8   3.0   3.4  19.3   4:30p   ESE
20  21.7  26.5   1:00p  19.0  11:00p   0.0   3.4   1.4   2.7  17.7   9:30a   ESE
21  22.1  27.6  12:30p  18.7   7:00a   0.0   3.8   0.0   1.6  17.7   2:30p    NE
22  21.1  28.3   1:30p  17.7   5:30a   0.0   2.8   6.6   2.1  27.4   5:30p    SW
23  21.5  27.1   1:00p  17.1   6:30a   0.2   3.4   0.2   2.6  20.9   4:30p    SW
24  21.7  26.3  12:00p  17.0   5:30a   0.1   3.5   0.0   3.4  22.5  10:30p   ESE
25  20.8  24.7   1:00p  17.8  11:30p   0.0   2.6   0.0   4.0  32.2   3:00p   SSE
26  18.9  24.3  12:30p  16.2   3:30a   0.7   1.4  12.6   4.5  29.0  12:30p    SE
27  17.7  21.2  12:00p  15.6   4:30a   1.1   0.4   8.0   6.3  35.4  12:00p    SE
28  17.9  21.8   1:00p  15.5   4:30a   1.0   0.7  10.2   4.2  24.1  12:30p    SE
29  18.8  24.3   2:00p  15.8  10:30p   0.9   1.4   2.8   5.8  29.0  11:00a    SE
30  19.3  25.0   2:00p  15.4   6:00a   0.9   1.9   0.2   3.9  22.5   1:30p   ESE
-------------------------------------------------------------------------------------
    20.5  28.4     2    15.4    30     8.4  73.3  91.2   3.6  38.6     7     ESE

Max >=  32.0:  0
Max <=   0.0:  0
Min <=   0.0:  0
Min <= -18.0:  0
Max Rain: 16.79 ON 08/04/11
Days of Rain: 22 (> .2 mm) 9 (> 2 mm) 0 (> 20 mm)
Heat Base:  18.3  Cool Base:  18.3  Method: Integration