Select a Year or Month report

Report for 2011 Aug
                   MONTHLY CLIMATOLOGICAL SUMMARY for AUG. 2011

NAME: Carina Central   CITY: Brisbane   STATE: Queensland 
ELEV:    24 m  LAT:  27 29' 00" S  LONG: 153 05' 00" E

                   TEMPERATURE (C), RAIN  (mm), WIND SPEED (km/hr)

                                      HEAT  COOL        AVG
    MEAN                              DEG   DEG         WIND                 DOM
DAY TEMP  HIGH   TIME   LOW    TIME   DAYS  DAYS  RAIN  SPEED HIGH   TIME    DIR
------------------------------------------------------------------------------------
 1  14.5  22.3   2:30p   9.1   5:30a   4.4   0.6   0.0   1.8  16.1   9:00a   WSW
 2  14.8  22.1   1:30p  10.2   7:00a   4.1   0.6   0.2   2.1  20.9   3:00p   WSW
 3  15.1  22.3   2:00p  10.5   7:00a   3.9   0.7   0.2   2.3  17.7  11:30a    SW
 4  14.7  20.9   1:00p   8.7   6:30a   4.1   0.4   0.0   1.4  16.1  12:30p   ENE
 5  15.4  21.6   3:00p  10.5  12:00m   3.4   0.5   0.0   2.3  24.1  11:30a    SW
 6  15.6  22.7   2:30p   9.0   7:00a   3.6   0.9   0.0   1.8  17.7   1:30p   WSW
 7  17.7  24.0  12:00p  13.6   6:00a   1.8   1.2   0.0   2.1  16.1  12:30p   NNE
 8  17.1  22.8   3:30p  12.1  12:00m   2.3   1.1   0.0   4.0  29.0  11:00a   WSW
 9  14.2  21.3   3:00p   5.1   6:30a   4.5   0.4   0.0   3.2  32.2   1:00p   WSW
10  13.8  22.1   4:00p   5.2   6:30a   5.0   0.6   0.0   2.6  25.7  12:00p   WSW
11  14.1  20.3   1:30p   9.0   1:00a   4.5   0.2   0.0   1.6  12.9   6:00a   WSW
12  14.2  21.8   3:30p   8.9   6:30a   4.5   0.4   0.0   3.1  22.5  10:30a   WSW
13  14.9  21.6   1:30p   8.5   6:30a   3.9   0.5   0.0   2.3  25.7   3:30p   ENE
14  14.9  22.1   1:30p  10.8   6:30a   3.8   0.5   1.0   2.3  20.9   5:00p   WSW
15  14.7  21.3   1:30p   9.8   5:30a   4.1   0.5   0.2   1.8  17.7   4:00p    SW
16  15.3  22.6   1:00p  10.7   1:00a   3.3   0.6   0.0   1.6  16.1   9:30a    SW
17  15.2  21.0  11:00a  10.4   6:30a   3.4   0.3   0.0   1.6  17.7  11:30a    NE
18  15.8  20.8   4:00p  10.2  12:00m   2.8   0.3   0.8   4.0  40.2  10:00a   WSW
19  13.2  20.0   3:00p   5.3   6:30a   5.3   0.2   0.0   3.1  29.0  10:30a   WSW
20  15.2  20.4  12:30p   9.6   6:00a   3.4   0.3   0.0   5.0  32.2   1:30p    SW
21  14.8  20.2   2:00p  12.4   8:30a   3.7   0.2  12.4   6.6  43.5   1:00p   SSE
22  15.9  19.8   1:00p  12.6   3:00a   2.5   0.2   2.8   9.3  54.7   4:00p    SE
23  16.7  20.8   1:00p  14.2   6:00a   2.0   0.3  17.6   6.6  41.8   4:30p   SSE
24  16.7  21.1   1:30p  13.4   4:00a   2.1   0.5   0.2   5.6  35.4  10:30a    SE
25  17.3  22.0   1:00p  13.4   2:00a   1.8   0.8   0.0   3.4  22.5  12:30p   ESE
26  17.7  21.7   3:00p  12.4   5:30a   1.5   0.8   0.0   1.8  17.7   4:00p    SE
27  17.6  19.2   8:00p  15.6   6:00a   0.9   0.2  26.2   2.6  19.3   3:00p    NE
28  18.3  23.4   2:30p  14.4  12:00m   1.1   1.1   0.0   2.9  24.1  11:00a    SW
29  18.1  24.8   2:00p  12.4   5:30a   1.9   1.6   0.0   2.3  16.1  12:00p   NNE
30  16.7  22.5   2:00p  14.2   8:00p   2.0   0.5  12.2   1.8  20.9   7:00p   WSW
31  16.4  22.8   1:30p  12.2   6:30a   2.7   0.8   0.2   2.3  19.3  10:00a   WSW
-------------------------------------------------------------------------------------
    15.7  24.8    29     5.1     9    98.2  17.8  74.0   3.1  54.7    22     WSW

Max >=  32.0:  0
Max <=   0.0:  0
Min <=   0.0:  0
Min <= -18.0:  0
Max Rain: 26.19 ON 27/08/11
Days of Rain: 12 (> .2 mm) 5 (> 2 mm) 1 (> 20 mm)
Heat Base:  18.3  Cool Base:  18.3  Method: Integration