Select a Year or Month report

Report for 2011 Nov
                   MONTHLY CLIMATOLOGICAL SUMMARY for NOV. 2011

NAME: Carina Central   CITY: Brisbane   STATE: Queensland 
ELEV:    24 m  LAT:  27 29' 00" S  LONG: 153 05' 00" E

                   TEMPERATURE (C), RAIN  (mm), WIND SPEED (km/hr)

                                      HEAT  COOL        AVG
    MEAN                              DEG   DEG         WIND                 DOM
DAY TEMP  HIGH   TIME   LOW    TIME   DAYS  DAYS  RAIN  SPEED HIGH   TIME    DIR
------------------------------------------------------------------------------------
 1  20.4  24.6   2:30p  17.4   6:00a   0.1   2.2   0.0   3.1  19.3   8:30a    SE
 2  22.2  27.7   2:00p  17.7   5:30a   0.1   4.0   0.0   3.4  24.1   3:30p   NNE
 3  22.7  28.1   1:00p  16.5   4:30a   0.2   4.6   0.0   3.9  27.4  11:30p   ESE
 4  22.7  26.6  12:30p  18.9  12:00m   0.0   4.3   0.0   4.3  27.4  12:00p   ESE
 5  21.2  25.5   3:00p  17.2  12:00m   0.1   3.0   0.0   2.6  24.1   2:30p    NE
 6  21.4  26.9   1:00p  15.3   3:00a   0.5   3.6   0.0   3.4  20.9   1:00p   NNE
 7  22.1  26.9   1:30p  14.9   5:30a   0.4   4.2   0.0   3.9  25.7  11:00a   NNE
 8  22.9  28.1   1:30p  17.1   5:30a   0.1   4.7   0.0   3.7  22.5   2:30p   NNE
 9  23.2  28.4   2:30p  17.3   5:30a   0.1   4.9   0.0   4.2  24.1  12:00p   NNE
10  24.2  29.7  12:30p  17.4   5:00a   0.0   5.9   0.0   4.5  27.4   4:30p   NNE
11  24.5  29.1   1:00p  21.3   5:00a   0.0   6.2   0.0   3.5  27.4   2:30p   ENE
12  24.2  28.2   2:00p  20.9   5:00a   0.0   5.9   0.0   3.4  20.9   5:00p   NNE
13  23.9  28.6   1:00p  19.1   5:30a   0.0   5.6   0.0   4.3  27.4   6:00p   NNE
14  24.8  29.1   1:30p  21.3   3:30a   0.0   6.5   0.4   5.6  30.6   1:00p   NNE
15  25.5  32.2  10:30a  18.8   5:30a   0.0   7.2   0.0   2.9  20.9   3:30p    NE
16  25.6  30.6   1:30p  21.3   6:00a   0.0   7.3   0.0   4.7  27.4   2:30p   NNE
17  24.5  29.4  12:00p  21.2  12:00m   0.0   6.2   0.0   2.7  20.9  12:00p    NE
18  23.7  28.6   2:00p  19.5  11:30p   0.0   5.4   0.0   2.4  19.3   1:30p   NNE
19  23.7  28.4   1:00p  19.1   2:00a   0.0   5.4   0.0   3.1  24.1  12:30p    NE
20  24.4  29.7   1:30p  18.7   5:00a   0.0   6.1   0.0   4.7  27.4  11:30a   NNE
21  24.9  30.3   2:30p  19.1   5:00a   0.0   6.7   0.0   4.2  24.1   3:00p   NNE
22  24.6  28.5  12:00p  18.4   4:30a   0.0   6.3   0.0   6.0  30.6   2:30p   NNE
23  25.9  30.3  11:30a  21.9   4:30a   0.0   7.7   0.0   5.0  27.4   2:00p   NNE
24  22.5  24.7  12:30a  20.3   6:00a   0.0   4.2   6.2   2.6  16.1   3:30a    SW
25  24.5  29.5   2:00p  20.7   4:00a   0.0   6.2   3.8   3.9  22.5   1:30p    NE
26  24.9  29.4  11:00a  22.8  10:30p   0.0   6.6   1.8   4.7  25.7   4:30p   NNE
27  26.1  32.2   1:00p  20.9   5:30a   0.0   7.8   0.0   3.2  22.5   4:00p   NNE
28  25.7  31.4  10:30a  21.1   5:00a   0.0   7.4   0.0   3.4  27.4   3:00p    NE
29  25.8  29.9   1:30p  22.4   4:00a   0.0   7.5   0.0   3.7  25.7  12:30p    NE
30  24.8  28.8  10:30a  20.2   5:30a   0.0   6.5   0.0   2.9  22.5  12:30p   ENE
-------------------------------------------------------------------------------------
    23.9  32.2    27    14.9     7     1.5 170.0  12.2   3.8  30.6    14     NNE

Max >=  32.0:  2
Max <=   0.0:  0
Min <=   0.0:  0
Min <= -18.0:  0
Max Rain: 6.20 ON 24/11/11
Days of Rain: 4 (> .2 mm) 2 (> 2 mm) 0 (> 20 mm)
Heat Base:  18.3  Cool Base:  18.3  Method: Integration