Select a Year or Month report

Report for 2011 Dec
                   MONTHLY CLIMATOLOGICAL SUMMARY for DEC. 2011

NAME: Carina Central   CITY: Brisbane   STATE: Queensland 
ELEV:    24 m  LAT:  27 29' 00" S  LONG: 153 05' 00" E

                   TEMPERATURE (C), RAIN  (mm), WIND SPEED (km/hr)

                                      HEAT  COOL        AVG
    MEAN                              DEG   DEG         WIND                 DOM
DAY TEMP  HIGH   TIME   LOW    TIME   DAYS  DAYS  RAIN  SPEED HIGH   TIME    DIR
------------------------------------------------------------------------------------
 1  22.1  28.0  12:00p  16.8  12:00m   0.2   3.9   5.2   4.2  32.2   1:00p    SE
 2  20.6  25.1  12:00p  15.9   4:30a   0.5   2.7   0.0   7.1  38.6   6:00p    SE
 3  20.9  26.6   2:00p  15.6   5:00a   0.4   3.1   0.0   4.8  29.0  11:30a   ESE
 4  22.1  27.4  12:30p  16.2   5:00a   0.3   4.1   0.0   2.7  16.1   1:30p    NE
 5  21.0  25.0  11:00a  17.8  11:00p   0.0   2.7   0.0   8.0  40.2  11:00a   ESE
 6  19.8  23.1  11:00a  18.0   1:00a   0.0   1.5   0.0   7.1  35.4   4:30p   ESE
 7  17.6  18.4  12:30a  16.5   7:30a   0.7   0.0  37.6   2.6  24.1  11:00a    SE
 8  19.8  23.9   3:00p  17.7   6:00a   0.1   1.5   5.6   5.0  30.6   3:00p    SE
 9  21.9  27.9  12:00p  17.0   3:30a   0.2   3.8   0.0   3.2  19.3   8:30a   ENE
10  21.0  24.6   2:30p  18.4   8:00a   0.0   2.7  21.2   2.1  17.7   3:00p   NNE
11  22.9  30.4  12:00p  18.2   5:30a   0.0   4.6   4.8   1.6  25.7   3:30p   NNE
12  25.8  32.3   4:30p  20.8  12:00m   0.0   7.5   3.4   4.8  32.2   4:30p   WSW
13  24.1  29.7  11:00a  18.9   4:00a   0.0   5.8   0.0   3.2  30.6   3:00p   ENE
14  23.4  28.9  11:00a  19.3   5:30a   0.0   5.1   0.0   4.2  29.0   2:30p   ESE
15  20.4  22.4   3:00p  18.3   6:00a   0.0   2.1   1.4   3.4  24.1   3:30p   ESE
16  21.6  25.2  12:30p  18.9  12:00m   0.0   3.2   0.0   4.8  27.4   3:00p   ESE
17  21.3  25.7  11:00a  16.8   5:00a   0.2   3.2   0.0   5.3  33.8   5:30p   ESE
18  20.6  24.8   4:30p  16.0   5:30a   0.4   2.7   0.0   2.7  22.5  11:30a   ENE
19  22.4  27.5   1:00p  17.4   5:30a   0.1   4.2   0.0   3.1  24.1   1:00p   NNE
20  24.3  29.3   1:30p  19.3   5:00a   0.0   6.0   0.0   3.1  24.1   4:00p    NE
21  23.9  28.1   1:00p  20.2  12:00m   0.0   5.6   0.0   2.9  24.1  12:30p   ENE
22  23.4  27.8   1:00p  19.6   5:00a   0.0   5.2   1.2   4.2  33.8   1:30p   ESE
23  22.6  26.7  10:30a  20.7   5:00a   0.0   4.3  15.6   4.8  35.4  10:30a   ESE
24  22.7  26.7   4:00p  19.6   6:00a   0.0   4.4  10.2   5.6  35.4   3:30p   ESE
25  23.4  27.8   1:00p  19.4   5:00a   0.0   5.1   0.2   7.2  37.0   3:30p   ESE
26  24.2  31.0   1:30p  18.1   4:30a   0.0   5.9   0.0   3.7  25.7   9:30a    SW
27  23.8  32.8   3:30p  19.8  12:00m   0.0   5.5  10.4   2.4  37.0   3:30p   ESE
28  23.2  27.6  11:30a  17.6   5:00a   0.0   4.9   0.2   4.2  25.7  10:00a   ESE
29  23.4  27.7  12:00p  19.4   5:30a   0.0   5.1   0.0   4.2  27.4   6:30p   ESE
30  22.5  27.6   1:00p  19.8   6:00p   0.0   4.2   0.2   6.0  41.8   4:00p   ESE
31  21.6  25.1   9:30a  18.3   3:30a   0.0   3.2   1.2   4.7  29.0  10:00a   ESE
-------------------------------------------------------------------------------------
    22.2  32.8    27    15.6     3     3.1 123.9 118.4   4.3  41.8    30     ESE

Max >=  32.0:  2
Max <=   0.0:  0
Min <=   0.0:  0
Min <= -18.0:  0
Max Rain: 37.59 ON 07/12/11
Days of Rain: 15 (> .2 mm) 9 (> 2 mm) 2 (> 20 mm)
Heat Base:  18.3  Cool Base:  18.3  Method: Integration