Select a Year or Month report

Report for 2012
                            ANNUAL CLIMATOLOGICAL SUMMARY

NAME: Carina Central  CITY: Brisbane   STATE: Queensland  
ELEV:    16 m  LAT:  27° 29' 00" S  LONG: 153° 05' 00" E

               TEMPERATURE (°C), HEAT BASE 18.3, COOL BASE 18.3
                          DEP.  HEAT  COOL                                          
        MEAN  MEAN        FROM  DEG   DEG                        MAX  MAX  MIN  MIN 
 YR MO  MAX   MIN   MEAN  NORM  DAYS  DAYS  HI  DATE  LOW  DATE  >=32 <=0  <=0  <=-18 
------------------------------------------------------------------------------------
 12  1  28.2  20.4  24.0  -2.4     0   176  37.3  11  16.9    2    3    0    0    0
 12  2  29.3  20.7  24.5  -1.7     0   178  34.1   6  19.2   10    2    0    0    0
 12  3  27.5  19.0  22.8  -2.3     1   141  31.9   2  15.4   26    0    0    0    0
 12  4  25.6  16.7  20.6  -1.8    11    80  29.3   3  10.3   26    0    0    0    0
 12  5  23.1  12.4  17.0  -2.0    73    34  26.7  12   8.6   15    0    0    0    0
 12  6  20.2  11.7  15.4  -0.7    98    11  23.6  22   7.9   19    0    0    0    0
 12  7  20.4  10.5  15.0  -0.3   113    11  24.1  14   4.9    2    0    0    0    0
 12  8  22.5   9.0  15.4  -1.6   118    28  27.0  24   4.3    3    0    0    0    0
 12  9  24.5  12.7  18.3  -2.2    46    43  29.3  23   7.4    2    0    0    0    0
 12 10  26.3  14.7  20.2  -2.4    28    87  31.5  22   9.2   13    0    0    0    0
 12 11  27.6  17.7  22.4  -1.7     6   129  34.1  19  13.2   13    1    0    0    0
 12 12  29.8  20.4  24.8  -0.8     0   201  36.6   4  16.8   15    4    0    0    0
------------------------------------------------------------------------------------
        25.4  15.5  20.0  -1.7   494  1118  37.3 JAN   4.3  AUG   10    0    0    0

                                PRECIPITATION (mm)

               DEP.   MAX        DAYS OF RAIN 
               FROM   OBS.          OVER
 YR MO  TOTAL  NORM   DAY  DATE  .2   2   20
---------------------------------------------
 12  1 365.8  206.2 132.8   24   14   11    5
 12  2 183.4   25.1  51.2   24   17   10    4
 12  3 130.6  -10.1  27.2    3   20   11    3
 12  4 155.8   63.3 113.6   28   13    6    1
 12  5  67.4   -6.3  26.8    3   13    5    1
 12  6 147.6   79.8  26.6   27   14    9    3
 12  7  50.6   -5.9  18.6   12   10    7    0
 12  8   0.2  -45.7   0.2   22    1    0    0
 12  9   5.8  -39.9   2.4   30    6    1    0
 12 10  21.4  -54.0  12.8   11    8    3    0
 12 11 123.8   26.8  62.2   17   10    6    2
 12 12  79.6  -53.7  35.6    7    9    5    1
---------------------------------------------
      1332.0 185.6 132.8  JAN  135   74   20

                                WIND SPEED (km/hr)
                          DOM
 YR MO   AVG.  HI   DATE  DIR
---------------------------------
 12  1   3.5  37.0   16   ESE
 12  2   3.3  40.2   13   ESE
 12  3   3.4  37.0   20   ESE
 12  4   3.0  40.2   12    SW
 12  5   2.7  43.5   13    SW
 12  6   3.9  43.5    5    SW
 12  7   3.1  33.8    6    SW
 12  8   2.7  38.6   10    SW
 12  9   3.1  37.0   13    SW
 12 10   4.2  54.7   12   ESE
 12 11   3.7  41.8   11    NE
 12 12   3.9  41.8   30    NE
---------------------------------
         3.4  54.7  OCT  ESE