Select a Year or Month report

Report for 2012 Jan
                   MONTHLY CLIMATOLOGICAL SUMMARY for JAN. 2012

NAME: Carina Central   CITY: Brisbane   STATE: Queensland 
ELEV:    24 m  LAT:  27 29' 00" S  LONG: 153 05' 00" E

                   TEMPERATURE (C), RAIN  (mm), WIND SPEED (km/hr)

                                      HEAT  COOL        AVG
    MEAN                              DEG   DEG         WIND                 DOM
DAY TEMP  HIGH   TIME   LOW    TIME   DAYS  DAYS  RAIN  SPEED HIGH   TIME    DIR
------------------------------------------------------------------------------------
 1  22.3  27.1   2:00p  17.7   4:30a   0.0   4.1   0.0   4.3  30.6   1:00p   ESE
 2  22.7  27.7  12:30p  16.9   3:00a   0.1   4.5   0.0   3.5  24.1   1:30p   ESE
 3  22.3  26.9   3:00p  17.5   5:30a   0.0   4.0   0.0   2.4  24.1   5:00p   ENE
 4  23.7  28.8  12:30p  17.7   5:30a   0.1   5.4   0.0   3.1  24.1  11:30a   NNE
 5  23.5  27.3   1:00p  19.4   4:00a   0.0   5.2   0.0   2.3  22.5  12:30p   ENE
 6  24.2  30.3  12:30p  18.2   5:30a   0.0   5.9   0.0   2.1  20.9   3:00p    NE
 7  24.0  28.5  12:30p  20.9   5:00a   0.0   5.7   0.0   2.6  19.3   4:30p    NE
 8  26.2  30.7  12:00p  22.8   5:30a   0.0   7.9   0.0   4.0  27.4   7:00p   NNE
 9  27.8  33.1   3:30p  22.3   5:30a   0.0   9.5   0.0   3.7  24.1   5:00p   NNE
10  27.4  32.2   2:00p  24.1   5:30a   0.0   9.1   0.0   2.9  22.5   2:00p   ENE
11  29.1  37.3   4:30p  22.4   5:30a   0.0  10.8   0.0   4.0  27.4  12:00p    SW
12  24.4  27.7  10:00a  20.8   5:00a   0.0   6.1   0.0   4.8  32.2  11:30a   ESE
13  23.4  27.7   2:00p  20.4   4:30a   0.0   5.2   0.0   3.9  24.1   1:00p    NE
14  23.1  26.7   1:30p  19.2   4:30a   0.0   4.8   0.0   2.4  22.5   5:30p    NE
15  21.8  25.3   2:00p  19.3   5:00a   0.0   3.5  31.2   3.2  27.4   5:00p   ESE
16  20.7  24.1  12:00p  18.6   6:00a   0.0   2.4  36.4   6.0  37.0   7:30p   ESE
17  21.1  22.7   2:00p  19.9  12:30a   0.0   2.8  30.4   3.4  24.1   2:30p   ESE
18  24.0  29.5   2:30p  19.6   3:00a   0.0   5.7   0.2   2.9  22.5   4:00p    NE
19  25.1  30.6   2:00p  20.1   5:30a   0.0   6.8   0.2   4.2  29.0   4:30p   ESE
20  24.4  29.2  12:30p  20.3   3:30a   0.0   6.1   0.0   4.8  30.6   1:30p   ESE
21  24.6  29.8  12:00p  19.1   5:30a   0.0   6.2   0.0   5.0  33.8   2:30p   ESE
22  24.4  29.2   1:00p  20.9   4:30a   0.0   6.2   0.6   6.3  32.2   5:30p    SE
23  22.6  26.8  11:00a  20.6   5:30a   0.0   4.3  12.4   3.4  27.4  12:00p   ESE
24  21.6  22.8  10:00a  20.7   4:30a   0.0   3.3 132.8   3.7  27.4   1:00p   ESE
25  22.8  24.8   5:00p  21.2   2:00a   0.0   4.5  72.0   2.6  22.5   5:00p    NE
26  25.6  30.7   1:00p  22.0   5:30a   0.0   7.2   2.0   1.8  19.3   2:00p    NE
27  23.1  24.6  10:00a  21.9  11:30p   0.0   4.8  16.2   2.6  29.0   1:00p   ESE
28  22.8  25.6  11:00a  21.7   8:00p   0.0   4.6   6.8   2.3  24.1   1:00p   ESE
29  23.2  25.7   3:30p  21.3   4:00a   0.0   4.9  16.2   2.4  22.5   4:00p    NE
30  25.3  29.7   3:00p  22.2   5:00a   0.0   7.0   8.4   4.3  24.1  12:00p   NNE
31  26.3  31.2   1:00p  21.7   5:30a   0.0   8.0   0.0   2.9  17.7  12:00p   NNE
-------------------------------------------------------------------------------------
    24.0  37.3    11    16.9     2     0.3 176.5 365.8   3.5  37.0    16     ESE

Max >=  32.0:  3
Max <=   0.0:  0
Min <=   0.0:  0
Min <= -18.0:  0
Max Rain: 132.79 ON 24/01/12
Days of Rain: 14 (> .2 mm) 11 (> 2 mm) 5 (> 20 mm)
Heat Base:  18.3  Cool Base:  18.3  Method: Integration