Select a Year or Month report

Report for 2012 Feb
                   MONTHLY CLIMATOLOGICAL SUMMARY for FEB. 2012

NAME: Carina Central   CITY: Brisbane   STATE: Queensland 
ELEV:    24 m  LAT:  27 29' 00" S  LONG: 153 05' 00" E

                   TEMPERATURE (C), RAIN  (mm), WIND SPEED (km/hr)

                                      HEAT  COOL        AVG
    MEAN                              DEG   DEG         WIND                 DOM
DAY TEMP  HIGH   TIME   LOW    TIME   DAYS  DAYS  RAIN  SPEED HIGH   TIME    DIR
------------------------------------------------------------------------------------
 1  26.2  29.9   3:00p  23.3  12:00m   0.0   7.9   0.8   3.9  22.5   5:00p    NE
 2  24.8  29.1   1:00p  21.9   2:30a   0.0   6.5   4.4   3.5  27.4  11:00a    NE
 3  23.7  27.7   1:00p  20.7   4:30a   0.0   5.4   1.8   2.1  22.5  11:30a   ENE
 4  24.2  29.3  12:00p  19.7   6:00a   0.0   5.9   0.0   2.1  20.9   9:30a   ESE
 5  24.7  31.0   2:30p  19.6   3:30a   0.0   6.3   0.0   1.9  20.9   3:30p   ENE
 6  26.4  34.1   1:00p  21.8   4:00a   0.0   8.1   0.0   2.1  19.3   3:30p    NE
 7  25.8  30.3   3:00p  22.7   7:30p   0.0   7.5   0.0   2.9  25.7   6:00p   ESE
 8  24.1  30.2   1:00p  20.0   5:00p   0.0   5.8  41.8   3.2  35.4   4:30p    SE
 9  24.0  29.7   1:30p  19.3   6:00a   0.0   5.7   0.2   4.7  30.6   3:30p    SE
10  23.9  28.8   1:00p  19.2   5:30a   0.0   5.6   0.0   2.7  22.5   2:00p   ENE
11  24.2  30.0   2:00p  19.6   5:30a   0.0   5.9   2.4   2.6  19.3   5:30p    NE
12  24.6  31.4   3:00p  20.5   6:00a   0.0   6.3  12.8   2.4  30.6   5:30p    NE
13  23.6  30.3  11:30a  20.6  10:00p   0.0   5.3   3.2   2.3  40.2   4:30p    NE
14  24.0  28.9   1:00p  20.1   6:00a   0.0   5.7   0.2   5.0  35.4   5:00p   ESE
15  23.9  28.9  12:30p  19.3   6:00a   0.0   5.6   0.0   5.3  32.2   2:00p   ESE
16  23.9  28.4   1:30p  19.4   6:00a   0.0   5.7   0.0   5.8  30.6   3:00p   ESE
17  24.2  29.0   2:00p  19.8   4:00a   0.0   5.9   0.0   5.0  27.4   4:00p   ESE
18  24.4  29.1   2:00p  19.5   5:30a   0.0   6.1   0.0   3.1  22.5  12:30p   ESE
19  25.7  31.1  12:00p  20.6   5:30a   0.0   7.3   0.0   2.4  22.5   5:00p    NE
20  26.3  32.5  12:30p  21.4   6:00a   0.0   8.0   0.0   3.2  24.1   5:30p   NNE
21  25.3  30.1   1:30p  22.2   6:00a   0.0   7.0  13.0   2.4  24.1   4:00p    NE
22  24.6  28.9  12:30p  22.0   7:00p   0.0   6.3   6.4   3.9  25.7   2:30p   ESE
23  21.3  22.6   9:30a  20.4  12:00m   0.0   3.0  20.8   3.4  17.7   4:30a    SE
24  21.2  22.2   2:00p  20.2   6:00a   0.0   2.9  51.2   4.7  25.7   9:00a    SE
25  24.3  28.7   1:00p  21.7  12:30a   0.0   6.0  23.4   3.7  27.4  11:00a   ESE
26  24.5  28.3  12:00p  21.3  11:30p   0.0   6.2   0.4   3.4  25.7  10:00a   ESE
27  24.6  29.2   1:00p  20.8   6:00a   0.0   6.3   0.2   2.7  27.4   1:00p    NE
28  25.2  29.7  12:30p  21.3   6:00a   0.0   6.8   0.4   2.4  20.9  11:30a    NE
29  25.3  30.6  11:30a  20.3   3:00a   0.0   7.0   0.0   2.7  22.5  11:00a   NNE
-------------------------------------------------------------------------------------
    24.5  34.1     6    19.2    10     0.0 178.2 183.4   3.3  40.2    13     ESE

Max >=  32.0:  2
Max <=   0.0:  0
Min <=   0.0:  0
Min <= -18.0:  0
Max Rain: 51.21 ON 24/02/12
Days of Rain: 17 (> .2 mm) 10 (> 2 mm) 4 (> 20 mm)
Heat Base:  18.3  Cool Base:  18.3  Method: Integration