Select a Year or Month report

Report for 2012 Apr
                   MONTHLY CLIMATOLOGICAL SUMMARY for APR. 2012

NAME: Carina Central   CITY: Brisbane   STATE: Queensland 
ELEV:    24 m  LAT:  27 29' 00" S  LONG: 153 05' 00" E

                   TEMPERATURE (C), RAIN  (mm), WIND SPEED (km/hr)

                                      HEAT  COOL        AVG
    MEAN                              DEG   DEG         WIND                 DOM
DAY TEMP  HIGH   TIME   LOW    TIME   DAYS  DAYS  RAIN  SPEED HIGH   TIME    DIR
------------------------------------------------------------------------------------
 1  21.9  26.8  12:30p  17.4   6:30a   0.1   3.6   1.2   3.4  20.9  12:30p    SW
 2  22.7  29.2   2:30p  17.4   5:30a   0.0   4.4   0.0   2.7  20.9  11:00a    SW
 3  23.1  29.3   2:00p  17.9   6:30a   0.0   4.8   0.0   3.5  19.3   7:30a    SE
 4  22.4  28.0   1:00p  17.4   6:00a   0.1   4.2   0.0   3.4  24.1   3:00p   ESE
 5  22.1  27.6   1:30p  16.9   4:00a   0.1   3.9   0.0   3.2  25.7  11:30a   ESE
 6  21.4  26.4   1:00p  17.4   6:30a   0.0   3.2   0.0   2.7  24.1   3:00p   ESE
 7  21.3  28.3   2:30p  16.3   6:30a   0.3   3.4   0.0   2.1  17.7  12:30p    SW
 8  21.2  26.2   2:30p  16.7   6:30a   0.2   3.0   0.0   1.9  19.3   2:00p    NE
 9  22.3  28.9   2:00p  16.4   6:30a   0.3   4.2   0.2   2.4  17.7   9:00a   WSW
10  20.8  26.8  12:30p  16.2  12:00m   0.1   2.7   0.0   4.7  33.8   3:30p   ESE
11  18.5  23.4   2:30p  14.5   2:30a   1.2   1.4   0.0   5.6  29.0  12:30p    SE
12  18.8  24.1  12:30p  14.7   6:30a   1.0   1.5   0.0   5.5  40.2   4:00p    SE
13  19.0  25.0   1:00p  15.7   3:30a   0.7   1.4   4.0   4.3  29.0   1:00p   ESE
14  19.8  24.6   3:30p  16.6   3:00a   0.4   1.9   5.4   2.4  27.4  12:30p   ESE
15  19.9  23.3  11:00a  18.1   6:00a   0.0   1.6  12.0   2.3  17.7   9:00a    SE
16  20.6  24.6  12:00p  18.1   6:30a   0.0   2.3   1.0   1.3  19.3   1:00p    SW
17  20.0  25.4   3:00p  17.6   9:30p   0.1   1.7  10.0   2.1  20.9   3:00p   ESE
18  20.8  25.9   1:00p  17.1   6:30a   0.2   2.7   0.0   3.5  22.5   3:00p    SE
19  21.7  27.6   1:00p  17.7   6:00a   0.1   3.4   0.0   2.1  16.1   4:00p    SW
20  21.9  26.3   1:00p  18.8   2:30a   0.0   3.6   0.2   3.4  19.3   4:00p    SE
21  22.2  28.4   2:00p  17.7   6:00a   0.0   3.9   0.0   2.1  17.7   3:30p    SW
22  21.7  28.1   1:30p  17.6   6:30a   0.1   3.4   0.2   1.6  14.5   9:30a    SW
23  21.9  27.6   1:30p  17.7   3:30a   0.0   3.7   0.2   1.6  16.1  12:00p   NNE
24  22.4  25.6   1:00p  20.1  12:00m   0.0   4.1   0.0   2.1  16.1   1:00p    SW
25  19.8  23.1   4:00p  14.1  12:00m   0.3   1.8   0.0   2.9  20.9   7:00p   WSW
26  16.8  23.3   2:00p  10.3   6:30a   2.5   1.0   0.0   2.4  19.3   4:00a    SW
27  17.2  20.0   2:30p  15.0   7:30a   1.4   0.3   6.8   3.5  19.3  11:00a    SE
28  17.6  18.7   1:00p  16.7   7:00a   0.8   0.0 113.6   3.9  20.9   1:30p    SE
29  18.9  23.2  11:30a  16.6   1:30a   0.6   1.2   1.0   3.1  19.3   3:30p    SW
30  19.2  23.4   1:30p  16.0  12:00m   0.6   1.5   0.0   5.3  30.6   3:30p    SE
-------------------------------------------------------------------------------------
    20.6  29.3     3    10.3    26    11.2  79.8 155.8   3.0  40.2    12      SW

Max >=  32.0:  0
Max <=   0.0:  0
Min <=   0.0:  0
Min <= -18.0:  0
Max Rain: 113.59 ON 28/04/12
Days of Rain: 13 (> .2 mm) 6 (> 2 mm) 1 (> 20 mm)
Heat Base:  18.3  Cool Base:  18.3  Method: Integration