Select a Year or Month report

Report for 2012 May
                   MONTHLY CLIMATOLOGICAL SUMMARY for MAY. 2012

NAME: Carina Central   CITY: Brisbane   STATE: Queensland 
ELEV:    24 m  LAT:  27 29' 00" S  LONG: 153 05' 00" E

                   TEMPERATURE (C), RAIN  (mm), WIND SPEED (km/hr)

                                      HEAT  COOL        AVG
    MEAN                              DEG   DEG         WIND                 DOM
DAY TEMP  HIGH   TIME   LOW    TIME   DAYS  DAYS  RAIN  SPEED HIGH   TIME    DIR
------------------------------------------------------------------------------------
 1  18.3  22.5  11:00a  14.4   6:30a   1.1   1.0   2.0   3.5  24.1  11:30a   ESE
 2  19.6  24.0   1:30p  16.7   6:30a   0.4   1.7   0.8   3.1  19.3  12:00p    SE
 3  19.8  24.6  12:00p  15.7   6:30a   0.4   1.9  26.8   1.8  12.9   7:30a    SW
 4  19.1  23.8  12:00p  16.2  12:00m   0.6   1.4   0.4   2.1  17.7  12:30p   ESE
 5  18.1  24.5   3:30p  11.7  12:00m   1.8   1.6   0.0   2.6  19.3   2:00p    SW
 6  15.9  24.2   3:30p  10.5   6:30a   3.5   1.2   0.0   1.4  16.1   9:00a    SW
 7  16.9  23.9   3:00p  11.5   3:00a   2.7   1.3   0.0   1.4  14.5   9:00a    SW
 8  17.7  25.4   3:30p  11.0   6:00a   2.2   1.5   0.0   1.6  16.1   9:30a   WSW
 9  18.0  25.4   2:30p  13.4   6:30a   2.0   1.6   0.0   1.8  14.5   8:30a    SW
10  18.1  25.5   2:00p  13.5   4:00a   1.8   1.6   0.0   1.6  14.5   8:30a    SW
11  18.1  24.9   1:30p  13.3   6:30a   1.8   1.6   0.2   1.8  16.1   9:00a    SW
12  18.4  26.7   3:30p  13.1   5:00a   1.9   2.1   0.2   1.4  12.9  12:00p   NNE
13  18.5  25.0   2:30p  12.2   6:30a   1.8   2.0   0.2   5.0  43.5   4:00p   WSW
14  14.7  20.4   3:30p  10.7   6:30a   3.9   0.3   0.0   3.1  24.1  10:00a    SW
15  15.2  22.5   3:30p   8.6   6:00a   3.8   0.7   0.0   3.2  24.1   9:00a    SW
16  16.4  23.2   3:00p  10.7   6:30a   2.9   1.0   0.0   2.3  16.1   9:00a    SW
17  16.5  22.4   1:00p  10.9   6:30a   2.6   0.8   0.0   2.4  20.9   4:30p   ESE
18  16.7  22.9   2:00p  12.2   6:30a   2.5   0.9   0.0   2.3  17.7  11:30a   ESE
19  16.3  23.9   2:30p  11.5   7:00a   3.0   1.1   0.0   1.8  17.7   3:30p    SW
20  16.3  23.3   1:30p  12.2   7:00a   3.0   1.0   0.0   1.6  17.7   1:30p    SW
21  16.5  21.7  12:00p  11.2   4:00a   2.6   0.8   0.2   1.8  17.7   1:00p   ESE
22  17.6  24.3   2:00p  13.7   7:00a   2.1   1.4   0.0   1.8  16.1   9:00a    SW
23  17.3  23.6   3:00p  13.2   3:00a   2.2   1.2   0.2   1.8  14.5  12:30p    SW
24  18.3  23.8  11:00a  13.4   6:00a   1.4   1.4   2.2   1.1  25.7  11:00a    NE
25  16.7  19.2  12:30a  11.8  12:00m   1.7   0.1  13.8   1.8  24.1  12:00p     W
26  13.8  18.9   3:00p  10.2  12:00m   4.5   0.0   0.0   5.5  27.4   8:00a     W
27  13.9  20.9   2:30p   9.3   7:00a   4.7   0.3   0.0   3.5  20.9   8:30a    SW
28  15.5  21.4   2:30p  10.0   4:30a   3.3   0.5   0.0   4.3  25.7  12:30p    SW
29  16.9  21.9   2:30p  13.3   6:30a   2.0   0.6   0.0   6.4  35.4   3:00p    SE
30  16.8  21.8  11:30a  12.7   6:30a   2.2   0.7   0.4   4.3  37.0  11:00a     S
31  16.4  20.3  11:30a  14.5   1:00a   2.1   0.2  20.0   5.8  30.6   2:00p    SE
-------------------------------------------------------------------------------------
    17.0  26.7    12     8.6    15    72.5  33.7  67.4   2.7  43.5    13      SW

Max >=  32.0:  0
Max <=   0.0:  0
Min <=   0.0:  0
Min <= -18.0:  0
Max Rain: 26.80 ON 03/05/12
Days of Rain: 13 (> .2 mm) 5 (> 2 mm) 1 (> 20 mm)
Heat Base:  18.3  Cool Base:  18.3  Method: Integration