Select a Year or Month report

Report for 2012 Jun
                   MONTHLY CLIMATOLOGICAL SUMMARY for JUN. 2012

NAME: Carina Central   CITY: Brisbane   STATE: Queensland 
ELEV:    24 m  LAT:  27 29' 00" S  LONG: 153 05' 00" E

                   TEMPERATURE (C), RAIN  (mm), WIND SPEED (km/hr)

                                      HEAT  COOL        AVG
    MEAN                              DEG   DEG         WIND                 DOM
DAY TEMP  HIGH   TIME   LOW    TIME   DAYS  DAYS  RAIN  SPEED HIGH   TIME    DIR
------------------------------------------------------------------------------------
 1  16.4  20.5   2:30p  13.3   5:30a   2.1   0.2  16.8   2.7  20.9   4:30p    SE
 2  17.3  21.7   2:00p  15.1   4:30a   1.4   0.4  26.2   2.6  20.9   4:30p    SE
 3  17.7  22.2   3:30p  15.8  10:00p   1.1   0.5  23.4   1.9  14.5   1:30a    SW
 4  17.3  21.3   1:30p  13.8   6:30a   1.7   0.7   0.2   5.6  33.8   1:30p     W
 5  13.8  17.0   1:00p  11.4  12:00m   4.5   0.0   0.0   7.6  43.5  12:00p     W
 6  14.9  20.6   2:30p  10.1   6:00a   3.7   0.3   0.0   6.3  27.4   9:00a    SW
 7  15.3  20.4   1:30p  11.7   5:00a   3.3   0.2   0.0   4.7  22.5  10:00a   SSW
 8  15.0  19.8   1:00p  10.7   7:00a   3.4   0.1   0.0   3.4  22.5   1:00p    SE
 9  15.4  19.6   1:00p  12.0   7:00a   3.0   0.1   0.2   4.0  25.7  12:00p    SE
10  14.2  16.7   2:30p  12.5   6:30a   4.1   0.0   8.6   4.7  22.5   3:30p   SSE
11  14.3  16.2  12:00p  13.2   4:00a   4.0   0.0   5.8   8.5  29.0  12:00p    SW
12  17.1  20.8  12:00p  13.6   1:00a   1.7   0.4   0.0   8.9  33.8   8:00a    SW
13  16.4  21.4   1:30p  12.6   7:00a   2.5   0.6   0.0   4.5  22.5   9:30a    SW
14  15.8  21.4   1:30p  11.8  11:30p   3.0   0.6   0.0   3.1  19.3  11:00a    SW
15  15.1  22.5   2:00p  10.9   4:30a   3.9   0.6   0.0   1.4  12.9   9:30a    SW
16  16.2  22.7   1:00p  10.3   7:00a   2.9   0.8   0.2   2.1  24.1   3:30p   NNE
17  16.4  22.6   3:00p   9.6  11:00p   2.6   0.7   0.0   3.1  24.1  10:30a   WSW
18  13.7  20.6   3:30p   8.4  12:00m   4.8   0.2   0.0   3.1  19.3   8:30a    SW
19  13.4  20.8   2:30p   7.9   1:30a   5.2   0.3   0.0   1.9  19.3  10:00a    SW
20  13.8  21.3   3:00p   8.9   6:00a   4.9   0.4   0.0   1.6  17.7  11:00a   SSW
21  14.5  22.2   3:00p   8.1   7:00a   4.4   0.6   0.2   1.3  19.3   3:30p   NNE
22  17.2  23.6   1:30p  10.7   7:00a   2.3   1.2   0.0   2.1  20.9  11:30a   NNE
23  15.4  18.5   3:30p  13.2   6:00a   2.9   0.0   0.0   3.1  20.9   9:00a   WSW
24  15.2  19.2   2:00p  11.4   7:30a   3.2   0.1   0.0   3.7  20.9   1:00p   ESE
25  14.8  17.8   3:30p  13.2   5:00a   3.5   0.0   0.0   2.1  12.9  10:00a    SW
26  13.4  16.0  10:00a  11.8  12:00m   4.8   0.0  17.6   3.1  19.3  12:00p    SE
27  13.1  14.9   5:00p  11.5   4:00a   5.3   0.0  26.6   5.5  30.6   8:30p    SE
28  15.6  18.3   1:30p  13.2   3:00a   2.7   0.0  14.4   6.9  32.2   3:30p    SE
29  17.5  22.2   3:30p  13.9  12:00m   1.7   0.9   7.2   5.0  24.1  10:00a   SSW
30  15.6  22.2   2:30p  10.7  12:00m   3.6   0.8   0.2   1.6  22.5   9:00a    SW
-------------------------------------------------------------------------------------
    15.4  23.6    22     7.9    19    98.1  10.7 147.6   3.9  43.5     5      SW

Max >=  32.0:  0
Max <=   0.0:  0
Min <=   0.0:  0
Min <= -18.0:  0
Max Rain: 26.59 ON 27/06/12
Days of Rain: 14 (> .2 mm) 9 (> 2 mm) 3 (> 20 mm)
Heat Base:  18.3  Cool Base:  18.3  Method: Integration