Select a Year or Month report

Report for 2012 Jul
                   MONTHLY CLIMATOLOGICAL SUMMARY for JUL. 2012

NAME: Carina Central   CITY: Brisbane   STATE: Queensland 
ELEV:    24 m  LAT:  27 29' 00" S  LONG: 153 05' 00" E

                   TEMPERATURE (C), RAIN  (mm), WIND SPEED (km/hr)

                                      HEAT  COOL        AVG
    MEAN                              DEG   DEG         WIND                 DOM
DAY TEMP  HIGH   TIME   LOW    TIME   DAYS  DAYS  RAIN  SPEED HIGH   TIME    DIR
------------------------------------------------------------------------------------
 1  15.4  22.7   3:30p   9.4   7:00a   3.7   0.8   0.2   1.9  19.3  10:30p    SW
 2  12.4  18.9   3:00p   4.9   7:00a   5.9   0.0   0.0   3.2  24.1   1:00p     W
 3  11.3  18.3   3:00p   6.4  11:00p   6.9   0.0   0.0   2.6  16.1   9:30a   WSW
 4  11.5  18.7   3:30p   6.8   5:00a   6.8   0.0   0.0   2.4  19.3   9:00a    SW
 5  13.3  20.5   3:00p   7.7   2:00a   5.2   0.3   0.0   3.4  24.1  10:00a    SW
 6  14.0  19.4   1:30p   9.7   4:30a   4.4   0.1   0.0   5.5  33.8   2:00p    SE
 7  14.4  20.2  12:30p  10.6  12:00m   4.0   0.2   0.0   4.0  24.1  12:30p   ESE
 8  14.5  20.4   2:00p  10.0   1:00a   4.1   0.3   0.0   2.9  20.9   2:00p   ESE
 9  14.7  20.2   2:30p  11.1   2:00a   3.8   0.2   0.4   2.3  20.9   3:00p   ESE
10  15.9  18.2  12:30p  12.8   2:00a   2.4   0.0   2.8   1.0  27.4  10:30a    NE
11  16.8  20.9   1:30p  14.6   6:30a   1.8   0.3   4.0   0.8  16.1   3:00p    NE
12  18.3  22.4   1:00p  15.3   2:30a   0.9   0.9  18.6   1.6  22.5   1:30p   NNE
13  19.8  22.2  12:30p  18.8  12:00m   0.0   1.6   7.8   1.6  14.5   2:00p   NNE
14  19.4  24.1   1:00p  15.9  12:00m   0.3   1.4   4.0   2.1  20.9   3:00p    SW
15  15.9  20.3   4:00p  11.7  12:00m   2.6   0.2   0.0   3.5  29.0   3:00p   WSW
16  14.4  20.7   2:00p   8.4   7:00a   4.1   0.3   0.0   4.5  22.5   3:00p    SW
17  15.6  20.7   2:00p  11.4   7:00a   3.1   0.3   3.0   2.1  17.7   3:00p   ESE
18  15.9  20.6   2:00p  13.0   4:00a   2.7   0.3   9.2   1.4  11.3   2:00p    SW
19  16.2  20.7   3:00p  12.9  11:00p   2.5   0.4   0.6   3.7  25.7   1:00p    SW
20  14.7  20.7   3:00p   9.9   7:00a   3.9   0.3   0.0   4.3  29.0  11:00a    SW
21  16.0  20.6   3:00p  11.8   7:00a   2.6   0.3   0.0   4.5  22.5  11:00a    SW
22  15.4  19.6   1:00p  12.1   7:00a   3.0   0.1   0.0   6.0  29.0  11:00a   SSW
23  14.7  20.2   3:00p   9.5   7:00a   3.8   0.2   0.0   4.5  22.5  12:00p   SSW
24  15.1  21.1   1:00p  10.2   7:00a   3.6   0.3   0.0   4.0  24.1   4:00p    SE
25  15.1  20.2   1:00p  10.8   4:00a   3.4   0.2   0.0   3.2  24.1  12:00p    SW
26  15.2  20.7   2:00p  11.7  11:00p   3.4   0.3   0.0   1.6  16.1   8:00a    NE
27  15.7  21.4   2:00p  10.1   7:00a   3.1   0.5   0.0   3.9  27.4   7:00p    SW
28  13.6  18.8   4:00p   8.3   7:00a   4.7   0.0   0.0   5.5  32.2   1:00p   WSW
29  12.6  19.3   4:00p   6.5   6:00a   5.8   0.1   0.0   2.4  19.3  10:00a    SW
30  14.0  20.9   4:00p   7.7   5:00a   4.7   0.4   0.0   2.9  20.9  10:00a    SW
31  13.2  20.1   3:00p   6.6   7:00a   5.2   0.1   0.0   1.9  22.5  10:00a    NE
-------------------------------------------------------------------------------------
    15.0  24.1    14     4.9     2   112.6  10.5  50.6   3.1  33.8     6      SW

Max >=  32.0:  0
Max <=   0.0:  0
Min <=   0.0:  0
Min <= -18.0:  0
Max Rain: 18.59 ON 12/07/12
Days of Rain: 10 (> .2 mm) 7 (> 2 mm) 0 (> 20 mm)
Heat Base:  18.3  Cool Base:  18.3  Method: Integration