Select a Year or Month report

Report for 2012 Sep
                   MONTHLY CLIMATOLOGICAL SUMMARY for SEP. 2012

NAME: Carina Central   CITY: Brisbane   STATE: Queensland 
ELEV:    24 m  LAT:  27 29' 00" S  LONG: 153 05' 00" E

                   TEMPERATURE (C), RAIN  (mm), WIND SPEED (km/hr)

                                      HEAT  COOL        AVG
    MEAN                              DEG   DEG         WIND                 DOM
DAY TEMP  HIGH   TIME   LOW    TIME   DAYS  DAYS  RAIN  SPEED HIGH   TIME    DIR
------------------------------------------------------------------------------------
 1  14.3  21.2   3:00p   9.5   7:00a   4.3   0.3   0.0   3.2  24.1  12:00p    SW
 2  13.8  21.4   2:00p   7.4   7:00a   5.0   0.4   0.0   2.7  19.3   9:00a    NE
 3  15.3  23.3   2:00p   9.0   7:00a   4.0   1.0   0.0   2.1  16.1   9:00a    SW
 4  16.2  23.7   3:00p   9.3   3:00a   3.3   1.2   0.0   2.4  19.3   3:00p    SW
 5  17.1  23.6   1:00p  10.3   3:00a   2.5   1.3   0.0   3.7  24.1  12:00p   NNE
 6  19.3  26.0   1:00p  12.6   6:00a   1.3   2.3   0.0   4.2  33.8   4:00p   NNE
 7  20.7  26.9   1:00p  15.3   5:00a   0.5   2.9   0.0   2.9  19.3   2:00p   NNE
 8  19.4  26.9   4:00p  11.1   6:00a   1.0   2.2   0.0   4.5  27.4  10:00a    SW
 9  18.2  24.2  12:00p  12.0   6:00a   1.5   1.4   0.0   3.9  24.1   3:00p   ESE
10  18.5  22.9   1:00p  13.9  12:00m   1.0   1.2   0.0   2.7  22.5  11:00a   ESE
11  17.8  24.6  12:00p  12.2   4:00a   2.2   1.7   0.0   1.9  19.3   5:00p    NE
12  18.3  25.4   1:00p  11.8   6:00a   2.0   2.0   0.0   1.8  19.3   5:00p    NE
13  19.2  24.8   3:00p  13.2   3:00a   1.3   2.3   0.0   4.5  37.0   3:00p   NNE
14  17.0  22.2   2:00p  12.7   7:00a   2.0   0.7   0.0   5.3  29.0   8:00a   ESE
15  16.4  23.0   1:00p  10.6   7:00a   2.9   0.9   0.0   3.2  22.5   2:00p   ESE
16  16.6  23.1   2:00p  10.7   4:00a   2.9   1.1   0.0   2.1  19.3  12:00p    NE
17  18.2  23.9   1:00p  13.2   5:00a   1.6   1.5   0.0   2.9  22.5   3:00p    NE
18  16.9  20.8   1:00p  13.1  12:00m   1.8   0.4   1.2   2.4  24.1   2:00p   ESE
19  19.1  26.8   1:00p  12.7   1:00a   1.4   2.2   1.6   3.2  25.7   3:00a   NNE
20  19.9  26.6   2:00p  13.3   6:00a   1.0   2.6   0.0   2.1  19.3   2:00p    NE
21  19.1  25.4   1:00p  15.0   3:00a   0.8   1.7   0.2   1.4  22.5   5:00p   ESE
22  20.9  28.7  11:00a  13.8   6:00a   0.8   3.4   0.2   2.6  24.1   2:00p   ENE
23  22.1  29.3   1:00p  17.0   5:00a   0.1   3.2   0.0   3.5  17.7  10:00a    SW
24  21.9  27.3  12:30p  14.2   4:30a   0.1   3.2   0.0   1.9  21.8   9:30a   ESE	
25  17.5  24.3   1:30p  10.8   7:00a   0.1   3.2   0.0   2.4  24.9  11:30a   ESE
26  18.5  26.3   2:00p  11.9   5:45a   0.1   3.2   0.0   2.1  22.3   4:15p   NNE
27  20.5  27.9   1:45p  13.8   4:45a   0.1   3.2   0.0   2.3  28.2   9:45a   NE 
28  19.7  20.4   7:00p  18.6  12:00m   0.0   0.3   0.0   5.0  27.4  10:00p   NNE
29  21.4  27.7   3:30p  15.1   5:30a   0.5   3.6   0.2   3.7  24.1   7:30p     N
30  19.2  23.3   3:30p  15.9  12:00m   0.3   1.3   2.4   1.4  14.5  10:30a   ESE
-------------------------------------------------------------------------------------
    18.3  29.3    23     7.4     2    46.0  43.0   5.8   3.1  37.0    13      SW

Max >=  32.0:  0
Max <=   0.0:  0
Min <=   0.0:  0
Min <= -18.0:  0
Max Rain: 2.39 ON 30/09/12
Days of Rain: 6 (> .2 mm) 1 (> 2 mm) 0 (> 20 mm)
Heat Base:  18.3  Cool Base:  18.3  Method: Integration