Select a Year or Month report

Report for 2012 Oct
                   MONTHLY CLIMATOLOGICAL SUMMARY for OCT. 2012

NAME: Carina Central   CITY: Brisbane   STATE: Queensland 
ELEV:    24 m  LAT:  27 29' 00" S  LONG: 153 05' 00" E

                   TEMPERATURE (C), RAIN  (mm), WIND SPEED (km/hr)

                                      HEAT  COOL        AVG
    MEAN                              DEG   DEG         WIND                 DOM
DAY TEMP  HIGH   TIME   LOW    TIME   DAYS  DAYS  RAIN  SPEED HIGH   TIME    DIR
------------------------------------------------------------------------------------
 1  17.1  20.2   2:30p  14.2   6:00a   1.5   0.3   2.2   3.2  29.0   1:30p    SE
 2  18.3  23.2   1:00p  13.9   6:00a   1.2   1.3   0.0   5.6  32.2  10:30a   ESE
 3  18.4  24.8   1:00p  13.4  12:00m   1.6   1.7   0.0   4.0  22.5  11:30a    NE
 4  19.3  27.1   1:00p  12.2   5:30a   1.5   2.5   0.0   3.4  24.1   5:00p   NNE
 5  20.4  28.5  12:30p  12.6   5:30a   1.2   3.4   0.0   2.6  27.4   5:00p   NNE
 6  22.0  30.3  12:30p  14.1   4:30a   0.8   4.5   0.0   2.6  20.9   4:30p   NNE
 7  22.3  31.0   2:00p  14.5   5:30a   0.6   4.5   0.0   5.0  38.6   9:00p    NE
 8  20.1  23.8   1:30p  18.0   6:00a   0.0   1.8   0.0   3.4  19.3  12:30a   ESE
 9  22.3  30.6   3:30p  16.2   5:30a   0.2   4.2   0.0   3.2  24.1   4:00p   ESE
10  22.4  27.8  12:30p  16.9   6:00a   0.1   4.2   0.0   5.0  37.0   5:00p   NNE
11  18.9  23.5  12:00p  14.3  12:00m   0.9   1.6  12.8   4.0  33.8  12:00p     W
12  15.3  19.0   4:00p  12.0   2:00a   3.1   0.0   0.0   9.0  54.7  12:30p   WSW
13  16.9  24.6   1:30p   9.2   4:30a   2.8   1.5   0.0   3.1  30.6   1:00p    SW
14  18.4  26.4   2:00p  10.3   4:30a   2.0   2.1   0.0   3.7  24.1   9:00p    SW
15  18.6  24.6   1:00p  13.1   5:30a   1.6   1.9   0.0   2.6  24.1   2:00p    NE
16  19.5  25.3   1:30p  13.3   5:30a   1.3   2.5   0.0   3.4  24.1  12:30p   NNE
17  20.7  27.8  12:00p  12.7   4:30a   1.2   3.7   0.0   3.2  24.1   2:00p   NNE
18  21.9  28.3  11:30a  16.6   2:00a   0.2   3.8   0.4   3.9  27.4   1:30p    NE
19  22.2  26.4   2:00p  17.4   5:30a   0.0   3.9   0.2   4.3  27.4   4:30p   NNE
20  22.9  29.3   1:30p  16.6   6:00a   0.2   4.8   0.0   3.4  27.4   2:30p     N
21  23.6  31.3  12:00p  16.4   4:00a   0.2   5.5   0.2   2.6  20.9  12:30p    NE
22  24.4  31.5  12:00p  17.8  12:00m   0.0   6.1   0.0   5.0  41.8   9:00p    SE
23  19.1  23.1  11:30a  15.0   5:30a   0.7   1.4   0.0   8.0  32.2   8:30a    SE
24  19.0  23.8  12:00p  14.4   5:30a   1.0   1.7   0.0   7.1  38.6   4:00p   ESE
25  19.6  25.7  12:00p  13.4   5:00a   1.1   2.4   0.0   3.5  22.5   1:30p    SW
26  21.8  30.3   1:00p  13.6   4:30a   1.0   4.5   0.0   3.1  25.7   3:30p   NNE
27  21.7  28.0  12:30p  17.9   8:00p   0.0   3.4   5.0   5.1  38.6   2:00p   ESE
28  19.7  21.7  10:30a  17.7   2:30a   0.0   1.4   0.4   6.8  33.8   8:30a   ESE
29  19.0  24.2   2:00p  15.4  12:00m   0.7   1.4   0.0   4.0  24.1   2:00p   ESE
30  19.4  24.3   1:00p  15.2   5:00a   0.8   1.9   0.0   2.4  19.3   3:00p    NE
31  20.6  27.5  12:00p  15.8   4:00a   0.5   2.8   0.2   2.6  19.3   6:30a    NE
-------------------------------------------------------------------------------------
    20.2  31.5    22     9.2    13    28.1  86.9  21.4   4.2  54.7    12     ESE

Max >=  32.0:  0
Max <=   0.0:  0
Min <=   0.0:  0
Min <= -18.0:  0
Max Rain: 12.80 ON 11/10/12
Days of Rain: 8 (> .2 mm) 3 (> 2 mm) 0 (> 20 mm)
Heat Base:  18.3  Cool Base:  18.3  Method: Integration