Select a Year or Month report

Report for 2012 Nov
                   MONTHLY CLIMATOLOGICAL SUMMARY for NOV. 2012

NAME: Carina Central   CITY: Brisbane   STATE: Queensland 
ELEV:    24 m  LAT:  27 29' 00" S  LONG: 153 05' 00" E

                   TEMPERATURE (C), RAIN  (mm), WIND SPEED (km/hr)

                                      HEAT  COOL        AVG
    MEAN                              DEG   DEG         WIND                 DOM
DAY TEMP  HIGH   TIME   LOW    TIME   DAYS  DAYS  RAIN  SPEED HIGH   TIME    DIR
------------------------------------------------------------------------------------
 1  22.1  28.6   1:00p  15.2   5:00a   0.5   4.3   0.0   4.0  29.0   3:30p   NNE
 2  22.2  27.6  11:30a  18.2   4:30a   0.0   3.9   0.0   6.3  40.2   5:30p   ESE
 3  21.3  26.4   1:30p  19.0  11:00p   0.0   3.0   0.0   4.0  27.4   2:30p   ESE
 4  20.8  25.8   1:00p  17.3   5:30a   0.1   2.6   1.0   2.3  19.3  10:00a    NE
 5  20.7  26.2  10:30a  15.7   5:30a   0.6   3.0   0.0   2.6  27.4   1:30p    NE
 6  20.9  26.7   1:00p  15.6   5:00a   0.5   3.2   0.0   2.9  25.7  12:00p    NE
 7  21.8  27.3   1:00p  16.1   5:30a   0.4   3.9   0.0   2.9  20.9  10:30a    NE
 8  23.2  26.7  12:30p  19.5   5:30a   0.0   4.9   0.8   4.8  27.4  12:30p   NNE
 9  23.6  28.4  11:30a  20.4  12:00m   0.0   5.3   7.4   4.2  29.0   3:00p   NNE
10  19.5  21.7   9:30a  17.6  12:00m   0.0   1.2  27.2   1.9  17.7  12:00m    SW
11  20.1  24.6   3:30p  16.5   3:30a   0.4   2.2   5.0   9.5  41.8  10:00a    SE
12  19.4  24.7   2:30p  14.6  12:00m   0.9   2.0   0.0   4.3  24.1   2:30p   ESE
13  20.4  26.5   3:00p  13.2   5:00a   1.1   3.3   0.0   3.1  24.1  12:00p    NE
14  21.4  27.0   2:30p  14.6   5:00a   0.6   3.8   0.0   3.9  27.4   6:00p     N
15  22.7  27.9  11:30a  16.2   5:00a   0.2   4.6   0.0   4.5  30.6   4:00p   NNE
16  24.2  29.8  12:00p  17.3   5:30a   0.1   6.0   0.0   4.5  30.6   3:00p   NNE
17  22.9  27.6   3:30p  17.8  12:00p   0.0   4.7  62.2   3.4  41.8  11:30a    SE
18  20.0  24.7   3:30p  17.7  11:00p   0.1   1.8  16.2   1.8  20.9   6:30p   ESE
19  24.1  34.1   3:30p  17.4   1:00a   0.1   5.9   0.2   5.3  30.6   2:00p   ESE
20  22.3  27.2  12:00p  18.0   3:00a   0.0   4.0   0.0   3.5  20.9   2:30p    SE
21  21.9  27.6   1:00p  17.6   4:30a   0.1   3.7   0.0   3.4  22.5   1:00p   ENE
22  23.2  29.0   2:30p  17.3   5:30a   0.1   5.0   0.0   2.9  19.3  12:30p    NE
23  23.8  27.8  10:30a  20.6  10:30p   0.0   5.6   0.0   2.6  22.5   5:30p    NE
24  23.2  27.3   1:30p  19.1   4:30a   0.0   4.9   0.0   3.4  24.1   3:00p    NE
25  23.8  27.8  12:00p  19.1   5:30a   0.0   5.4   0.0   3.4  24.1   2:30p    NE
26  24.2  28.9   2:30p  21.3   2:00a   0.0   5.9   0.0   3.1  24.1   2:30p    NE
27  24.3  29.3   1:00p  19.3   5:00a   0.0   6.0   0.0   4.0  22.5   3:30p   NNE
28  24.6  30.3  12:30p  19.8   5:30a   0.0   6.3   3.6   2.4  20.9   4:00p    NE
29  24.6  29.6   2:00p  20.1   5:00a   0.0   6.3   0.2   2.4  20.9   3:30p   NNE
30  25.2  30.8   1:00p  19.1   4:30a   0.0   6.9   0.0   3.4  24.1   4:00p    NE
-------------------------------------------------------------------------------------
    22.4  34.1    19    13.2    13     5.8 129.4 123.8   3.7  41.8    11      NE

Max >=  32.0:  1
Max <=   0.0:  0
Min <=   0.0:  0
Min <= -18.0:  0
Max Rain: 62.20 ON 17/11/12
Days of Rain: 10 (> .2 mm) 6 (> 2 mm) 2 (> 20 mm)
Heat Base:  18.3  Cool Base:  18.3  Method: Integration