Select a Year or Month report

Report for 2012 Dec
                   MONTHLY CLIMATOLOGICAL SUMMARY for DEC. 2012

NAME: Carina Central   CITY: Brisbane   STATE: Queensland 
ELEV:    24 m  LAT:  27 29' 00" S  LONG: 153 05' 00" E

                   TEMPERATURE (C), RAIN  (mm), WIND SPEED (km/hr)

                                      HEAT  COOL        AVG
    MEAN                              DEG   DEG         WIND                 DOM
DAY TEMP  HIGH   TIME   LOW    TIME   DAYS  DAYS  RAIN  SPEED HIGH   TIME    DIR
------------------------------------------------------------------------------------
 1  25.3  30.2   2:00p  19.8   3:00a   0.0   7.0   0.0   4.8  27.4   1:30p   NNE
 2  25.1  29.8   3:00p  19.5   4:30a   0.0   6.7   0.0   5.0  25.7  11:00a     N
 3  25.8  31.1   1:30p  20.8   5:30a   0.0   7.5   0.0   4.2  27.4   6:30p    NE
 4  29.2  36.6   5:00p  21.7   5:30a   0.0  10.9   0.0   4.3  35.4   4:30p     W
 5  27.3  33.9   3:00p  18.4   5:00a   0.0   9.0   0.0   5.0  33.8   3:30p     W
 6  24.6  29.4  12:30p  18.9   5:00a   0.0   6.3   0.0   4.0  27.4   1:00p    NE
 7  23.4  27.8   3:30p  20.6   5:00a   0.0   5.1  35.6   2.9  25.7   4:00p    NE
 8  24.9  29.1   1:30p  22.6  11:00p   0.0   6.6   0.0   4.0  25.7   2:00p    NE
 9  24.7  28.8   1:00p  21.1   5:00a   0.0   6.4   0.0   2.9  20.9   1:00p    NE
10  22.2  24.8   8:30a  19.6  11:30p   0.0   3.9  11.6   1.3  20.9   5:00p   ESE
11  22.1  26.6   1:00p  18.5   5:00a   0.0   3.7   1.0   5.6  35.4   2:00p   ESE
12  22.0  26.5   1:00p  18.2   4:00a   0.0   3.7   0.0   7.1  40.2   3:00p   ESE
13  22.3  27.2   2:00p  17.7   4:00a   0.1   4.0   0.0   6.4  33.8  12:00p   ESE
14  22.4  27.4   2:30p  17.3   5:00a   0.1   4.2   0.0   4.2  32.2   2:00p   ESE
15  23.3  28.8   2:00p  16.8   4:30a   0.1   5.2   0.0   2.9  19.3   1:00p    NE
16  25.6  31.4   2:30p  21.6   4:00a   0.0   7.3   0.0   3.1  22.5   5:00p   NNE
17  26.7  32.2   1:30p  20.8   5:00a   0.0   8.4   0.0   3.4  25.7   3:30p    NE
18  27.2  32.9   1:00p  24.7   5:00a   0.0   8.9   1.4   3.9  24.1   2:30p    NE
19  26.3  30.2  11:00a  24.0   4:30a   0.0   8.0   0.0   4.0  24.1   4:30p    NE
20  26.3  31.8  11:30a  22.9   4:30a   0.0   8.0   0.0   3.1  20.9   1:00p   NNE
21  25.7  30.8  12:30p  23.7  12:00m   0.0   7.4   1.6   1.8  25.7   3:30p   ESE
22  25.4  28.9   2:00p  22.7   5:30a   0.0   7.1   0.0   2.3  24.1   3:30p   ESE
23  25.8  30.6  12:30p  21.9   5:00a   0.0   7.5   2.6   3.2  29.0   2:00p    NE
24  24.2  27.8   1:00p  20.7   5:00a   0.0   5.9   0.0   2.4  22.5  12:30p    NE
25  25.2  31.6  12:30p  18.9   4:30a   0.0   6.9   0.0   3.5  25.7   4:00p   NNE
26  23.1  27.9   5:00p  19.4   6:30a   0.0   4.7  19.8   2.9  19.3   6:30p   ESE
27  24.3  29.4   1:00p  19.5   5:00a   0.0   6.0   0.0   3.9  30.6   3:00p   ESE
28  24.4  30.9   1:30p  20.8   6:30p   0.0   6.1   5.8   2.4  30.6   3:30p    NE
29  24.8  30.7  12:00p  19.9   6:00a   0.0   6.5   0.2   4.7  32.2   3:00p   ESE
30  24.8  29.2  12:00p  20.7   5:00a   0.0   6.5   0.0   7.1  41.8   4:00p   ESE
31  24.0  28.7   2:30p  20.3   4:30a   0.0   5.7   0.0   4.2  30.6  12:30p   ESE
-------------------------------------------------------------------------------------
    24.8  36.6     4    16.8    15     0.2 201.1  79.6   3.9  41.8    30      NE

Max >=  32.0:  4
Max <=   0.0:  0
Min <=   0.0:  0
Min <= -18.0:  0
Max Rain: 35.61 ON 07/12/12
Days of Rain: 9 (> .2 mm) 5 (> 2 mm) 1 (> 20 mm)
Heat Base:  18.3  Cool Base:  18.3  Method: Integration