Select a Year or Month report

Report for 2013
                            ANNUAL CLIMATOLOGICAL SUMMARY

NAME: Carina Central  CITY: Brisbane   STATE: Queensland  
ELEV:    16 m  LAT:  27° 29' 00" S  LONG: 153° 05' 00" E

               TEMPERATURE (°C), HEAT BASE 18.3, COOL BASE 18.3
                          DEP.  HEAT  COOL                                          
        MEAN  MEAN        FROM  DEG   DEG                        MAX  MAX  MIN  MIN 
 YR MO  MAX   MIN   MEAN  NORM  DAYS  DAYS  HI  DATE  LOW  DATE  >=32 <=0  <=0  <=-18 
------------------------------------------------------------------------------------
 13  1  30.1  22.0  25.6  -0.8     0   226  34.4  29  19.0   17    8    0    0    0
 13  2  27.8  20.1  23.5  -2.7     0   145  32.0  23  18.4   16    1    0    0    0
 13  3  27.7  19.3  22.9  -2.2     0   143  31.8  17  16.9   19    0    0    0    0
 13  4  26.0  16.2  20.3  -2.1    15    75  29.4  18  11.4   21    0    0    0    0
 13  5  22.5  12.8  17.3  -1.7    61    29  27.6   4   7.4   19    0    0    0    0
 13  6  20.4  11.6  15.6  -0.5    94    12  24.1   2   5.5   25    0    0    0    0
 13  7  21.0  12.0  15.8   0.5    91    15  24.2   6   8.4   24    0    0    0    0
 13  8  24.1  10.2  16.6  -0.4    94    42  27.4  28   4.3   23    0    0    0    0
 13  9  26.6  14.3  20.1  -0.4    30    83  31.0  24  10.2    7    0    0    0    0
 13 10  27.9  16.1  21.8  -0.8    12   120  34.2   7  12.5    4    1    0    0    0
 13 11  27.9  17.3  22.3  -1.8     7   127  31.9  29  14.0   19    0    0    0    0
 13 12  29.0  18.8  23.8  -1.8     3   175  34.3  29  15.0    3    3    0    0    0
------------------------------------------------------------------------------------
        25.9  15.9  20.5  -1.2   408  1193  34.4 JAN   4.3  AUG   13    0    0    0

                                PRECIPITATION (mm)

               DEP.   MAX        DAYS OF RAIN 
               FROM   OBS.          OVER
 YR MO  TOTAL  NORM   DAY  DATE  .2   2   20
---------------------------------------------
 13  1 278.4  118.8 148.0   27   12    8    4
 13  2 290.1  131.8 119.8   25   20   12    4
 13  3 235.0   94.3 132.6    2   19   11    3
 13  4 125.5   33.0  48.2   13   18    9    2
 13  5  53.7  -20.0  23.2   30   15    6    1
 13  6  76.4    8.6  37.6   10   13    7    1
 13  7  61.5    5.0  14.6    2   19    6    0
 13  8   0.6  -45.3   0.2    3    3    0    0
 13  9  23.4  -22.3  20.0   16    8    2    0
 13 10  29.2  -46.2  14.0   18    7    2    0
 13 11 130.6   33.6  41.6   14   12    9    2
 13 12  16.8 -116.5   8.6    5    6    2    0
---------------------------------------------
      1321.1 174.7 148.0  JAN  152   74   17

                                WIND SPEED (km/hr)
                          DOM
 YR MO   AVG.  HI   DATE  DIR
---------------------------------
 13  1   4.5  67.6   27    NE
 13  2   4.3  43.5   22   SSW
 13  3   3.6  56.3   24   SSW
 13  4   2.4  37.0    5    SW
 13  5   2.9  45.1   24    SW
 13  6   2.7  33.8   15    SW
 13  7   2.3  37.0    2    SW
 13  8   2.4  41.8    8    SW
 13  9   3.0  35.4   29    NE
 13 10   4.2  43.5    7     N
 13 11   3.8  59.5   18   NNE
 13 12   3.8  33.8    1   NNE
---------------------------------
         3.3  67.6  JAN   SW