Select a Year or Month report

Report for 2013 Jan
                   MONTHLY CLIMATOLOGICAL SUMMARY for JAN. 2013

NAME: Carina Central   CITY: Brisbane   STATE: Queensland 
ELEV:    24 m  LAT:  27 29' 00" S  LONG: 153 05' 00" E

                   TEMPERATURE (C), RAIN  (mm), WIND SPEED (km/hr)

                                      HEAT  COOL        AVG
    MEAN                              DEG   DEG         WIND                 DOM
DAY TEMP  HIGH   TIME   LOW    TIME   DAYS  DAYS  RAIN  SPEED HIGH   TIME    DIR
------------------------------------------------------------------------------------
 1  24.7  29.8   3:00p  19.9   5:00a   0.0   6.4   0.0   2.7  20.9   2:00p    NE
 2  27.0  33.9   2:00p  20.6   5:30a   0.0   8.7   0.0   3.2  25.7  11:30p    NE
 3  25.6  29.7   1:00p  23.1   5:30a   0.0   7.3   0.0   7.7  37.0   5:30p   ESE
 4  24.9  28.9   1:30p  21.4   5:00a   0.0   6.7   0.0   4.8  33.8   3:00p   ESE
 5  24.7  28.4  12:00p  21.6   5:00a   0.0   6.3   0.0   3.1  24.1   1:00p    SE
 6  24.2  28.9   2:30p  20.9   4:30a   0.0   5.9   1.4   3.1  27.4   1:30p   ESE
 7  24.8  29.6   1:30p  20.3   5:30a   0.0   6.6   0.0   4.3  35.4  12:30p   ESE
 8  25.4  30.7   1:00p  20.1   5:30a   0.0   7.1   0.0   4.2  27.4   6:00p   NNE
 9  26.8  32.3  11:00a  20.8   5:30a   0.0   8.5   0.0   5.5  32.2  12:30p   NNE
10  27.7  31.6  12:00p  23.6   5:30a   0.0   9.4   0.0   4.2  27.4   2:30p    NE
11  28.2  33.0   1:00p  25.4   3:30a   0.0   9.9   0.0   6.0  25.7  12:00p   NNE
12  28.6  33.8  12:00p  26.0   5:30a   0.0  10.3   0.0   5.3  27.4   9:00p   NNE
13  27.9  32.7   2:30p  24.4   5:30a   0.0   9.6   0.0   5.1  27.4   5:00p   NNE
14  25.4  31.1  10:30a  22.2  10:00p   0.0   7.1   0.0   6.4  45.1   5:00p    SE
15  23.9  28.3  12:30p  21.2   2:30a   0.0   5.6   0.0   5.5  32.2  11:00a   ESE
16  24.7  29.9   1:00p  20.2   5:30a   0.0   6.4   0.0   2.9  24.1   6:30p    NE
17  24.6  29.8   2:30p  19.0   5:30a   0.0   6.3   0.0   2.9  22.5   2:00p    NE
18  26.1  31.8  12:30p  20.6   5:30a   0.0   7.8   0.0   4.2  29.0   8:00p   NNE
19  27.3  34.1  12:30p  22.6   5:00a   0.0   9.0   1.0   3.4  24.1  12:30p    NE
20  26.8  31.5   1:30p  23.2   5:30a   0.0   8.5   0.0   3.5  27.4   3:30p    NE
21  24.2  28.1  11:00a  21.8   5:00a   0.0   5.9   2.6   2.1  17.7   5:00p    SE
22  24.7  29.1  12:00p  21.1   2:00a   0.0   6.4   0.8   2.3  19.3  10:30a    NE
23  25.6  31.4  11:00a  21.5   3:00a   0.0   7.3   0.0   2.9  25.7   1:30p    NE
24  23.8  26.6  12:30p  22.4   5:30p   0.0   5.5   2.8   1.8  22.5   4:00p    SE
25  23.5  26.0  11:00a  22.3   5:30a   0.0   5.2  52.0   3.4  32.2  10:30a   ENE
26  24.3  25.4  11:00a  22.8  12:30a   0.0   6.0  40.0   6.3  33.8   2:00p    NE
27  23.3  24.2  11:30p  22.5   1:00p   0.0   5.0 148.0  11.7  67.6   1:00p    NE
28  24.7  27.9   2:00p  22.9   6:30a   0.0   6.4  20.4  11.3  61.2   9:00a   ESE
29  27.4  34.4   3:00p  21.9   5:00a   0.0   9.1   0.2   2.9  22.5  11:00a     E
30  26.9  32.3  12:00p  23.1  10:30p   0.0   8.6   5.6   5.0  41.8   3:00p   SSW
31  25.0  28.2   3:00p  22.8   5:30a   0.0   6.7   3.6   1.8  16.1   4:30p   ESE
-------------------------------------------------------------------------------------
    25.6  34.4    29    19.0    17     0.0 225.6 278.4   4.5  67.6    27      NE

Max >=  32.0:  8
Max <=   0.0:  0
Min <=   0.0:  0
Min <= -18.0:  0
Max Rain: 148.01 ON 27/01/13
Days of Rain: 12 (> .2 mm) 8 (> 2 mm) 4 (> 20 mm)
Heat Base:  18.3  Cool Base:  18.3  Method: Integration