Select a Year or Month report

Report for 2013 Feb
                   MONTHLY CLIMATOLOGICAL SUMMARY for FEB. 2013

NAME: Carina Central   CITY: Brisbane   STATE: Queensland 
ELEV:    24 m  LAT:  27 29' 00" S  LONG: 153 05' 00" E

                   TEMPERATURE (C), RAIN  (mm), WIND SPEED (km/hr)

                                      HEAT  COOL        AVG
    MEAN                              DEG   DEG         WIND                 DOM
DAY TEMP  HIGH   TIME   LOW    TIME   DAYS  DAYS  RAIN  SPEED HIGH   TIME    DIR
------------------------------------------------------------------------------------
 1  25.6  30.2   1:30p  20.8  12:00m   0.0   7.3   3.8   3.4  41.8  11:00p     E
 2  25.3  30.7   1:00p  20.4   6:00a   0.0   7.0   0.6   5.6  32.2  12:00p   WNW
 3  23.4  28.6  12:30p  18.6   6:30a   0.0   5.2   0.0   3.4  27.4   5:00p   SSW
 4  23.4  28.0   2:00p  18.8   1:30a   0.0   5.1   0.0   5.8  32.2   5:30p   SSW
 5  22.3  27.0  12:00p  18.9  12:00m   0.0   4.0  12.4   6.3  33.8   1:00p   SSW
 6  22.8  27.9  12:00p  18.6   4:30a   0.0   4.5   0.4   5.3  35.4   2:30p   SSW
 7  22.3  26.6   1:00p  18.8   5:30a   0.0   4.0   1.0   3.9  27.4   1:30p   WSW
 8  22.8  27.7   1:00p  19.1   5:30a   0.0   4.6  13.4   2.9  25.7   1:30p   SSW
 9  24.2  28.9   2:00p  20.1   5:00a   0.0   5.9   0.0   2.9  25.7   9:00a   ESE
10  24.2  29.3  12:00p  19.7   5:30a   0.0   5.9   0.0   2.3  22.5   2:30p   ESE
11  24.8  29.2   2:30p  21.4  12:00m   0.0   6.5   0.0   3.5  24.1   2:00p   SSW
12  24.1  28.9   1:00p  19.9   6:00a   0.0   5.8   0.0   3.1  25.7   2:30p     S
13  22.4  26.1   4:00p  19.0   5:00a   0.0   4.1   1.6   5.8  33.8   2:00p   SSW
14  24.0  28.9   1:00p  19.6   6:00a   0.0   5.7   0.0   4.0  29.0  11:30a     S
15  22.3  27.7  11:00a  19.2   7:30p   0.0   4.0   6.6   4.0  25.7  11:00a   SSW
16  21.8  27.1   1:30p  18.4   4:00a   0.0   3.5   4.6   4.0  24.1   2:00p   SSW
17  21.7  26.3  11:30a  19.9   4:30a   0.0   3.4   0.6   5.5  32.2  11:00a   WSW
18  21.4  23.7  10:30a  20.1   2:30a   0.0   3.1  39.6   2.6  30.6   1:00p   SSW
19  21.3  23.1  10:00a  20.2   9:00p   0.0   3.0  21.4   7.1  38.6   3:30p   WSW
20  23.6  28.3   2:00p  20.2   4:30a   0.0   5.3   0.8   6.6  32.2   2:00p   WSW
21  23.3  26.8   1:30p  20.9  12:30a   0.0   5.0   1.4   7.4  32.2   9:00a   WSW
22  24.6  28.8   2:00p  20.8   5:00a   0.0   6.3   0.2   7.9  43.5   1:00p   WNW
23  26.6  32.0  12:30p  21.9   6:00a   0.0   8.3   0.0   5.3  33.8   1:00a     E
24  25.4  29.2  12:30p  23.1   7:00a   0.0   7.1  10.0   2.4  22.5  11:00a   ESE
25  22.7  24.6  12:30p  21.9   8:30p   0.0   4.4 119.8   2.7  25.7   8:00a   ESE
26  23.1  25.3  11:00a  20.7   3:30a   0.0   4.7  41.4   2.3  29.0   9:30a   ESE
27  23.9  28.1  10:30a  21.3   2:00a   0.0   5.6   6.8   2.9  29.0  10:30a   ESE
28  24.5  28.3   1:30p  21.3   6:00a   0.0   6.2   3.6   2.1  24.1   2:00a   ESE
-------------------------------------------------------------------------------------
    23.5  32.0    23    18.4    16     0.0 145.3 290.1   4.3  43.5    22     SSW

Max >=  32.0:  1
Max <=   0.0:  0
Min <=   0.0:  0
Min <= -18.0:  0
Max Rain: 119.81 ON 25/02/13
Days of Rain: 20 (> .2 mm) 12 (> 2 mm) 4 (> 20 mm)
Heat Base:  18.3  Cool Base:  18.3  Method: Integration