Select a Year or Month report

Report for 2013 Mar
                   MONTHLY CLIMATOLOGICAL SUMMARY for MAR. 2013

NAME: Carina Central   CITY: Brisbane   STATE: Queensland 
ELEV:    24 m  LAT:  27 29' 00" S  LONG: 153 05' 00" E

                   TEMPERATURE (C), RAIN  (mm), WIND SPEED (km/hr)

                                      HEAT  COOL        AVG
    MEAN                              DEG   DEG         WIND                 DOM
DAY TEMP  HIGH   TIME   LOW    TIME   DAYS  DAYS  RAIN  SPEED HIGH   TIME    DIR
------------------------------------------------------------------------------------
 1  23.2  26.1  12:30p  21.4   6:00a   0.0   4.9   3.8   0.6  16.1   6:30p     E
 2  20.9  23.4   9:30a  19.8   4:00a   0.0   2.6 132.6   3.2  22.5   9:30a   SSW
 3  21.8  23.9   3:00p  20.2   2:30a   0.0   3.5  19.6   2.6  32.2  10:00p   SSW
 4  23.3  27.4  12:30p  20.8   5:30a   0.0   5.0   2.0   4.7  37.0   5:00p   SSW
 5  22.9  27.1   1:30p  20.8   5:00a   0.0   4.6   6.2   5.8  37.0  12:30p   SSW
 6  21.9  26.6  11:30a  19.7   6:00a   0.0   3.7   9.8   4.5  35.4   4:00a   SSW
 7  22.3  27.4   1:30p  18.9   6:00a   0.0   4.0   2.4   4.8  29.0   1:00a   SSW
 8  22.6  27.8  12:00p  19.3   2:00a   0.0   4.3   1.2   4.3  29.0  11:30a   SSW
 9  22.5  26.1   2:30p  19.5   4:30a   0.0   4.2   3.0   5.1  35.4  10:00a   SSW
10  22.7  27.8   2:30p  19.1   6:00a   0.0   4.4   1.2   4.3  29.0   3:00p   SSW
11  23.2  26.9   2:00p  19.7   5:30a   0.0   4.8   0.4   6.3  35.4   1:30p   SSW
12  22.7  27.1  12:00p  19.4   4:30a   0.0   4.4   0.0   6.6  33.8  10:30a   SSW
13  22.7  28.2   1:30p  19.3   4:00a   0.0   4.4   0.0   6.3  29.0  10:00a   WSW
14  22.8  28.3   2:00p  17.2   5:30a   0.1   4.6   0.0   4.3  24.1  11:00a     W
15  23.4  29.6   3:00p  17.8   4:30a   0.0   5.1   0.0   2.6  25.7   5:30p   SSW
16  24.4  30.2  12:30p  19.7   5:30a   0.0   6.1   0.0   2.3  17.7   5:30p     E
17  25.1  31.8   2:00p  19.4   5:30a   0.0   6.8   0.0   4.5  40.2   5:30p   SSW
18  22.4  26.0   1:00p  19.2  12:00m   0.0   4.1   0.0   6.8  32.2  11:30a   SSW
19  21.9  26.0  10:30a  16.9   6:30a   0.1   3.8   0.0   4.5  32.2   3:30p   SSW
20  21.3  26.8  12:00p  18.9   6:30p   0.0   3.0   5.8   4.7  27.4  10:00a   SSW
21  22.3  26.6  10:00a  18.8   3:00a   0.0   4.0   0.2   2.3  22.5  10:30a   ESE
22  23.7  28.1  10:30a  20.6   6:30a   0.0   5.4   0.2   1.8  17.7   3:00p   ESE
23  24.9  30.3   1:00p  21.0   6:00a   0.0   6.7   0.0   2.3  19.3   6:00p     E
24  24.6  30.6   1:30p  18.8   6:30p   0.0   6.3  21.0   2.7  56.3   6:30p     E
25  24.2  30.8   1:00p  19.2   5:30a   0.0   5.9   0.2   1.8  17.7   5:00p   ESE
26  23.4  28.2   2:30p  19.2   5:30a   0.0   5.2   0.0   1.8  24.1  11:30a   ESE
27  23.4  27.8   1:30p  20.4   5:30a   0.0   5.2   1.8   2.6  22.5  11:30a   ESE
28  22.4  27.3   1:30p  19.2  12:00m   0.0   4.1   0.8   1.3  17.7  11:00a   ESE
29  23.4  29.2   3:00p  18.3   6:00a   0.0   5.1   0.0   2.7  19.3   2:30p   WNW
30  22.4  26.1  11:30a  18.0  12:00m   0.0   4.1   0.0   2.6  20.9   9:30a   SSW
31  21.3  27.7  11:30a  17.5   1:00a   0.1   3.1  22.8   1.3  22.5   6:00p     E
-------------------------------------------------------------------------------------
    22.9  31.8    17    16.9    19     0.4 143.5 235.0   3.6  56.3    24     SSW

Max >=  32.0:  0
Max <=   0.0:  0
Min <=   0.0:  0
Min <= -18.0:  0
Max Rain: 132.59 ON 02/03/13
Days of Rain: 19 (> .2 mm) 11 (> 2 mm) 3 (> 20 mm)
Heat Base:  18.3  Cool Base:  18.3  Method: Integration