Select a Year or Month report

Report for 2013 Apr
                   MONTHLY CLIMATOLOGICAL SUMMARY for APR. 2013

NAME: Carina Central   CITY: Brisbane   STATE: Queensland 
ELEV:    24 m  LAT:  27 29' 00" S  LONG: 153 05' 00" E

                   TEMPERATURE (C), RAIN  (mm), WIND SPEED (km/hr)

                                      HEAT  COOL        AVG
    MEAN                              DEG   DEG         WIND                 DOM
DAY TEMP  HIGH   TIME   LOW    TIME   DAYS  DAYS  RAIN  SPEED HIGH   TIME    DIR
------------------------------------------------------------------------------------
 1  21.5  25.6  12:00p  17.5   6:00a   0.1   3.2   0.2   1.9  19.3  11:30a   SSW
 2  21.8  27.3  12:30p  17.8   5:30a   0.0   3.6   0.0   1.9  19.3   9:00a   WNW
 3  21.9  26.9  11:30a  18.4  12:30a   0.0   3.6   6.8   1.4  16.1   3:30p   SSW
 4  21.2  25.5  12:30p  17.8   6:30a   0.0   3.0   1.8   6.1  33.8   2:30p   SSW
 5  20.8  25.3   2:30p  17.7   6:00a   0.1   2.5  11.2   6.6  37.0   2:00p   WSW
 6  19.7  24.1   1:30p  16.6   6:00a   0.3   1.7   4.0   3.5  20.9  12:30p   WSW
 7  19.3  23.8  12:30p  17.2   5:30a   0.2   1.3   6.2   1.8  20.9   9:30a   WSW
 8  19.6  24.6   4:00p  16.0   5:00a   0.4   1.8   3.6   2.1  30.6  12:30p   ESE
 9  20.1  25.7   2:00p  16.1   4:30a   0.5   2.3   0.2   3.4  22.5   2:30p    SE
10  19.4  23.6   1:30p  16.7   5:00a   0.4   1.4   3.8   3.1  29.0   7:30p   ESE
11  20.6  24.9  12:30p  17.0   2:00a   0.3   2.5   1.4   5.0  27.4  11:00a   ESE
12  19.9  23.3   2:30p  18.2   4:30a   0.0   1.6  20.8   3.7  29.0   3:30p   ESE
13  19.4  21.0   2:00p  18.4   3:30a   0.0   1.1  48.2   3.9  30.6   4:00p    SE
14  20.9  26.8   2:00p  16.6   6:00a   0.3   2.9   0.0   2.1  17.7   9:30a    SW
15  21.1  27.3   2:00p  16.8   5:00a   0.3   3.1   0.0   1.3  17.7   3:00p   NNE
16  20.4  28.8   1:00p  17.0   6:30a   0.1   2.3  14.8   1.6  32.2   3:30p    SW
17  20.8  26.6  12:30p  15.9   6:30a   0.4   2.9   1.6   1.4  14.5   1:00p    NE
18  22.1  29.4   4:00p  17.3  12:00m   0.1   3.8   0.2   1.3  17.7  12:30p     W
19  20.1  27.4   4:00p  13.0   6:00a   1.1   2.9   0.2   2.4  30.6   1:00p     W
20  18.3  25.1   3:30p  11.6  11:30p   1.8   1.8   0.0   2.9  29.0   1:30p   WSW
21  17.9  25.1   2:30p  11.4   1:00a   2.1   1.7   0.0   1.6  19.3  10:00a    NE
22  20.1  26.2   2:00p  14.4   6:30a   1.0   2.8   0.0   2.1  17.7  11:30a   NNE
23  21.8  29.0   2:30p  15.8   4:30a   0.5   3.9   0.2   1.0  16.1  12:30p   WSW
24  20.7  26.5   2:30p  16.4  12:00m   0.2   2.7   0.0   1.8  19.3  12:00p    SW
25  20.6  26.8   1:30p  15.7   3:30a   0.6   2.8   0.0   1.4  12.9   8:30a    SW
26  20.3  26.2  12:30p  15.7   6:00a   0.5   2.4   0.0   1.8  24.1  12:30p    NE
27  19.4  25.7  11:00a  14.8   6:00a   1.0   2.2   0.0   1.1  16.1   1:00p    SW
28  19.6  27.1   1:00p  14.6   3:00a   1.2   2.4   0.0   1.6  14.5   8:30a    SW
29  20.3  26.8   1:00p  15.8  12:30a   0.7   2.7   0.0   1.8  16.1   9:00a    NE
30  20.3  26.6  12:30p  16.2   4:00a   0.4   2.4   0.2   1.3  19.3   1:00p    NE
-------------------------------------------------------------------------------------
    20.3  29.4    18    11.4    21    14.6  75.5 125.5   2.4  37.0     5      SW

Max >=  32.0:  0
Max <=   0.0:  0
Min <=   0.0:  0
Min <= -18.0:  0
Max Rain: 48.21 ON 13/04/13
Days of Rain: 18 (> .2 mm) 9 (> 2 mm) 2 (> 20 mm)
Heat Base:  18.3  Cool Base:  18.3  Method: Integration