Select a Year or Month report

Report for 2013 Jun
                   MONTHLY CLIMATOLOGICAL SUMMARY for JUN. 2013

NAME: Carina Central   CITY: Brisbane   STATE: Queensland 
ELEV:    24 m  LAT:  27 29' 00" S  LONG: 153 05' 00" E

                   TEMPERATURE (C), RAIN  (mm), WIND SPEED (km/hr)

                                      HEAT  COOL        AVG
    MEAN                              DEG   DEG         WIND                 DOM
DAY TEMP  HIGH   TIME   LOW    TIME   DAYS  DAYS  RAIN  SPEED HIGH   TIME    DIR
------------------------------------------------------------------------------------
 1  17.5  22.2   2:00p  13.1   6:00a   1.6   0.8   0.2   0.8   9.7   8:30a    SW
 2  17.4  24.1   1:00p  12.3  12:00m   1.9   1.0   1.2   2.3  24.1   3:00p     W
 3  15.7  21.2   2:30p  10.9  10:00p   3.2   0.6   0.0   4.0  27.4  11:00a    SW
 4  15.8  22.4   2:30p  10.2   1:30a   3.2   0.7   0.0   2.4  19.3  10:30a    SW
 5  16.6  20.7   3:00p  12.2   6:00a   2.1   0.4   0.0   1.6  14.5  10:30a    SW
 6  17.8  22.4   3:30p  14.3   2:30a   1.5   1.0   0.0   0.6   9.7   6:30a    NE
 7  17.7  23.9   3:00p  13.8  11:00p   1.7   1.1   0.0   1.3  12.9   9:30a    SW
 8  16.8  21.8  12:00p  13.1   5:30a   2.0   0.5   6.8   3.7  29.0   2:00p    SE
 9  18.3  21.7   2:00p  16.6   8:00a   0.6   0.6   1.0   5.6  29.0   1:30p    SE
10  17.0  18.3  12:30p  15.6   7:30a   1.3   0.0  37.6   2.6  14.5   2:30a    SE
11  18.3  23.8   3:00p  15.5   7:00a   1.0   1.0   3.6   0.6   9.7   2:30p    NE
12  18.7  21.8   2:00p  15.9   6:00a   0.6   1.0   2.0   1.8  20.9   7:00p     N
13  18.6  22.8  10:30a  15.6  11:00p   0.9   1.2   0.4   1.0  14.5   1:00p    SW
14  16.2  20.4   2:00p  10.5  11:30p   2.4   0.3   0.0   3.4  30.6  11:00a     W
15  14.3  19.1   2:30p   8.4   2:00a   4.1   0.0   0.0   4.8  33.8   9:30a     W
16  14.1  21.0   3:00p   9.3  12:00m   4.5   0.3   0.0   1.9  16.1   4:00a    SW
17  13.5  19.4   3:00p   6.8   6:30a   4.9   0.1   0.0   3.2  30.6   2:00p     W
18  12.9  19.4   3:00p   7.7   7:00a   5.5   0.1   0.0   3.4  24.1   1:30p     W
19  13.2  18.6   2:30p   8.3   7:00a   5.1   0.0   0.0   3.9  24.1  10:30a    SW
20  14.8  19.2   3:00p  11.4   5:30a   3.5   0.0   0.0   2.6  16.1  11:30a   SSE
21  12.5  13.9  12:30a  11.2  12:00m   5.8   0.0  10.4   1.4  11.3   2:00a    SW
22  13.1  19.5   2:30p   9.2   7:00a   5.3   0.1   0.2   2.7  17.7   4:00a    SW
23  14.3  21.0   2:30p   9.0   6:30a   4.3   0.3   0.0   2.4  19.3   9:00a    SW
24  14.3  20.1   2:30p   9.7  12:00m   4.2   0.2   0.0   2.4  20.9   2:00p     W
25  12.4  18.4   3:00p   5.5   7:00a   5.9   0.0   0.0   3.9  29.0   1:00p   WSW
26  13.1  19.2   4:00p   7.5   7:00a   5.3   0.0   0.0   3.9  22.5  10:00a    SW
27  15.3  19.3  11:30a  11.8   4:00a   3.0   0.0   1.6   2.6  17.7  11:30a    SE
28  16.4  20.2   1:30p  14.4   7:00a   2.1   0.2   0.0   3.2  20.9   3:30p    SE
29  16.1  19.8   1:00p  14.1   5:00a   2.3   0.2   2.6   2.6  20.9   1:00a    SW
30  14.1  15.5  11:30a  12.7   9:30p   4.2   0.0   8.8   3.9  22.5  11:00a   SSE
-------------------------------------------------------------------------------------
    15.6  24.1     2     5.5    25    93.7  11.8  76.4   2.7  33.8    15      SW

Max >=  32.0:  0
Max <=   0.0:  0
Min <=   0.0:  0
Min <= -18.0:  0
Max Rain: 37.59 ON 10/06/13
Days of Rain: 13 (> .2 mm) 7 (> 2 mm) 1 (> 20 mm)
Heat Base:  18.3  Cool Base:  18.3  Method: Integration