Select a Year or Month report

Report for 2013 Aug
                   MONTHLY CLIMATOLOGICAL SUMMARY for AUG. 2013

NAME: Carina Central   CITY: Brisbane   STATE: Queensland 
ELEV:    24 m  LAT:  27 29' 00" S  LONG: 153 05' 00" E

                   TEMPERATURE (C), RAIN  (mm), WIND SPEED (km/hr)

                                      HEAT  COOL        AVG
    MEAN                              DEG   DEG         WIND                 DOM
DAY TEMP  HIGH   TIME   LOW    TIME   DAYS  DAYS  RAIN  SPEED HIGH   TIME    DIR
------------------------------------------------------------------------------------
 1  16.2  21.5   2:00p  12.2   3:00a   2.7   0.6   0.0   2.4  22.5  10:30a    SE
 2  16.2  22.9   2:30p  11.3   6:30a   3.0   0.9   0.0   1.6  14.5   9:00a    SW
 3  16.3  23.1   2:30p  10.5   6:30a   3.1   1.1   0.2   2.6  27.4  12:30p     W
 4  14.8  22.7   3:30p   6.8   6:00a   4.4   0.9   0.0   2.1  25.7   2:00p     W
 5  15.1  23.5   3:30p   9.1   2:00a   4.1   0.9   0.0   1.9  19.3  10:30a    SW
 6  15.3  24.7   4:30p   7.4   5:30a   4.3   1.3   0.0   1.6  22.5   1:30p   WSW
 7  16.7  25.2   4:30p   8.7   7:00a   3.2   1.6   0.0   1.0  12.9   1:30p    SW
 8  15.6  22.2  11:30a   8.7   5:30a   3.5   0.9   0.0   4.8  41.8   3:00p   WSW
 9  14.7  22.6   3:30p   9.7   6:30a   4.2   0.6   0.0   3.7  29.0  10:30a    SW
10  15.5  25.8   3:00p   7.0   5:00a   4.2   1.4   0.0   1.6  17.7  10:30a    SW
11  16.8  26.1   2:30p   9.9   5:00a   3.3   1.7   0.0   1.1  14.5  10:00a    NE
12  18.0  26.4   1:00p  10.1   7:00a   2.4   2.1   0.0   1.8  25.7   4:00p   NNE
13  18.6  26.6   2:00p  12.1   6:30a   2.0   2.2   0.0   1.8  22.5  10:30a    SW
14  18.7  24.9  12:30p  12.6   6:30a   1.5   1.9   0.2   2.3  24.1   5:30p   NNE
15  18.9  24.9   1:30p  12.7  12:00m   1.2   1.9   0.0   4.0  32.2   2:00p     W
16  14.9  21.4  12:30p  10.2   7:00a   3.9   0.5   0.0   2.3  17.7   2:30p    SW
17  17.5  23.6   1:30p  11.3  12:30a   2.2   1.4   0.0   2.7  29.0   3:30p     N
18  17.7  25.6   3:00p  12.2  12:00m   2.1   1.5   0.0   2.3  20.9  10:00a    SW
19  17.8  25.6   3:00p  12.1  12:30a   2.3   1.9   0.0   2.3  24.1   1:30p     W
20  15.0  20.8   2:00p   9.7   6:30a   3.8   0.5   0.0   4.8  33.8   2:00p    SW
21  12.9  20.4   2:30p   7.2   7:00a   5.6   0.2   0.0   3.5  24.1   8:30a    SW
22  13.9  21.6   4:00p   5.8   4:00a   4.9   0.4   0.0   2.4  20.9  10:30a    SW
23  14.9  23.2   4:00p   4.3   3:30a   4.5   1.1   0.0   3.4  33.8  12:00p     W
24  16.6  24.9   2:00p  10.4   5:00a   3.1   1.4   0.0   2.4  22.5   9:30a    NE
25  16.5  23.4  12:00p  10.8   5:00a   3.0   1.2   0.0   1.9  17.7   9:00a    NE
26  17.6  24.1   2:30p  12.5   6:30a   2.1   1.4   0.0   2.3  17.7   2:00p    SW
27  18.1  25.9   1:30p  11.2   6:00a   2.2   1.9   0.2   2.4  20.9   2:30p   NNE
28  18.4  27.4   2:00p  10.9   6:00a   2.1   2.2   0.0   1.6  16.1   4:30p    NE
29  17.8  24.3  12:30p  12.2   6:30a   2.1   1.6   0.0   1.6  19.3   2:00p    NE
30  18.6  25.0  12:30p  12.4   6:00a   1.7   2.0   0.0   2.7  25.7   5:00p   NNE
31  19.8  26.2   1:00p  13.7   6:00a   1.1   2.6   0.0   2.1  19.3   1:00p   NNE
-------------------------------------------------------------------------------------
    16.6  27.4    28     4.3    23    93.8  42.1   0.6   2.4  41.8     8      SW

Max >=  32.0:  0
Max <=   0.0:  0
Min <=   0.0:  0
Min <= -18.0:  0
Max Rain: 0.20 ON 03/08/13
Days of Rain: 3 (> .2 mm) 0 (> 2 mm) 0 (> 20 mm)
Heat Base:  18.3  Cool Base:  18.3  Method: Integration