Select a Year or Month report

Report for 2013 Sep
                   MONTHLY CLIMATOLOGICAL SUMMARY for SEP. 2013

NAME: Carina Central   CITY: Brisbane   STATE: Queensland 
ELEV:    24 m  LAT:  27 29' 00" S  LONG: 153 05' 00" E

                   TEMPERATURE (C), RAIN  (mm), WIND SPEED (km/hr)

                                      HEAT  COOL        AVG
    MEAN                              DEG   DEG         WIND                 DOM
DAY TEMP  HIGH   TIME   LOW    TIME   DAYS  DAYS  RAIN  SPEED HIGH   TIME    DIR
------------------------------------------------------------------------------------
 1  20.2  25.3  12:00p  16.0   6:00a   0.4   2.2   0.0   3.4  25.7   9:30a   ESE
 2  19.0  24.2  12:00p  14.6   4:30a   0.9   1.6   0.0   4.7  29.0   3:30p   ESE
 3  18.2  22.5   2:00p  15.1   6:30a   1.1   1.0   0.0   5.5  33.8   3:30p   ESE
 4  17.6  22.6  12:30p  12.7   5:30a   1.8   1.1   0.0   4.5  32.2   1:30p   ESE
 5  16.8  23.4  12:00p  11.7   5:00a   2.8   1.3   0.0   1.6  24.1   1:00p   ESE
 6  16.8  24.6  12:30p  10.6   5:30a   2.9   1.5   0.0   2.3  19.3   3:30p    NE
 7  17.8  24.6  12:30p  10.2   3:30a   2.3   1.8   0.0   2.7  25.7   5:00p   NNE
 8  18.4  25.4  11:30a  11.0   5:30a   2.0   2.1   0.0   2.3  22.5   3:00p   NNE
 9  18.6  24.6  12:30p  10.8   6:00a   1.8   2.0   0.0   2.4  24.1   2:30p   NNE
10  19.8  26.4  11:30a  14.9   3:30a   0.7   2.2   0.0   3.1  25.7   2:30p     N
11  20.7  30.7   1:00p  12.9   6:00a   1.3   3.7   0.0   1.8  19.3   4:00p   NNE
12  20.8  30.4  12:00p  15.4   5:00a   0.6   3.2   0.2   2.3  22.5   2:30p    NE
13  20.2  25.4  11:30a  15.8   1:00a   0.4   2.4   0.2   3.2  27.4  10:00a   ESE
14  21.6  25.5   1:00p  17.9  12:00m   0.0   3.3   0.0   5.0  33.8   1:30p   NNE
15  20.2  26.9  12:30p  14.5   4:30a   0.9   2.7   0.2   2.3  22.5   1:00p    NE
16  19.2  21.4   2:30p  17.2  10:30p   0.2   1.0  20.0   2.7  30.6  10:00p    NE
17  21.2  29.2   4:00p  16.7   6:30a   0.4   3.3   2.0   2.9  30.6  11:30a    NW
18  20.4  29.3   3:00p  12.2   5:00a   1.4   3.6   0.0   2.6  29.0  12:00p     W
19  21.2  28.8   1:30p  12.4   6:30a   1.3   4.1   0.2   2.9  25.7   2:00p   NNE
20  21.9  27.6   3:30p  14.7  12:00m   0.3   3.9   0.0   4.7  32.2   1:00p     W
21  18.1  24.4   1:00p  11.3   4:00a   2.1   1.9   0.0   1.9  19.3   1:30p    NE
22  19.6  24.8   1:30p  14.2   4:00a   1.1   2.3   0.0   3.2  22.5   4:00p   NNE
23  20.4  27.6   2:00p  13.4   6:00a   1.0   3.1   0.0   1.9  17.7   3:00p   NNE
24  22.2  31.0   1:30p  14.7   2:30a   0.8   4.7   0.2   3.4  30.6   4:30p     N
25  22.9  30.9   1:00p  15.5   6:00a   0.4   5.1   0.0   1.9  22.5   3:30p    NE
26  23.0  29.1   2:00p  18.0   1:00a   0.0   4.7   0.0   3.1  25.7   4:00p   NNE
27  22.2  26.5  11:00a  18.9  10:00p   0.0   3.9   0.0   5.8  32.2   8:30a   ESE
28  20.2  28.2   4:30p  16.2  12:00m   0.3   2.2   0.4   1.6  19.3   5:30a    SW
29  21.1  29.3  11:00a  14.4   5:30a   0.8   3.6   0.0   2.6  35.4   2:30p   ESE
30  21.4  26.2   1:30p  15.9   6:00a   0.5   3.5   0.0   3.2  25.7   4:00p    NE
-------------------------------------------------------------------------------------
    20.1  31.0    24    10.2     7    30.3  83.0  23.4   3.0  35.4    29      NE

Max >=  32.0:  0
Max <=   0.0:  0
Min <=   0.0:  0
Min <= -18.0:  0
Max Rain: 19.99 ON 16/09/13
Days of Rain: 8 (> .2 mm) 2 (> 2 mm) 0 (> 20 mm)
Heat Base:  18.3  Cool Base:  18.3  Method: Integration