Select a Year or Month report

Report for 2013 Nov
                   MONTHLY CLIMATOLOGICAL SUMMARY for NOV. 2013

NAME: Carina Central   CITY: Brisbane   STATE: Queensland 
ELEV:    24 m  LAT:  27 29' 00" S  LONG: 153 05' 00" E

                   TEMPERATURE (C), RAIN  (mm), WIND SPEED (km/hr)

                                      HEAT  COOL        AVG
    MEAN                              DEG   DEG         WIND                 DOM
DAY TEMP  HIGH   TIME   LOW    TIME   DAYS  DAYS  RAIN  SPEED HIGH   TIME    DIR
------------------------------------------------------------------------------------
 1  20.8  26.3   1:30p  15.9  12:00m   0.4   3.0   0.0   2.6  22.5  11:30a   ENE
 2  21.3  27.5  12:00p  14.6   5:30a   0.7   3.7   0.0   3.7  24.1   1:30p   NNE
 3  23.1  30.5  11:00a  15.4   5:00a   0.4   5.2   0.0   3.9  27.4   3:30p   NNE
 4  21.7  25.5  11:30a  18.7  12:00m   0.0   3.4   0.0   6.6  35.4   7:30p   ESE
 5  19.9  24.1   1:30p  16.8   5:30a   0.2   1.8   0.0   5.6  30.6   4:00p    SE
 6  20.3  25.3   1:00p  15.6   4:00a   0.5   2.6   0.0   3.1  22.5  12:00p   ENE
 7  21.0  27.1   1:00p  14.8   5:30a   0.7   3.5   0.0   3.1  22.5   5:00p   NNE
 8  21.8  28.6   1:30p  14.1   4:00a   0.8   4.3   0.0   4.2  29.0   4:00p   NNE
 9  22.8  28.1  10:00a  16.2   5:30a   0.2   4.7   0.0   5.1  33.8   4:00p   NNE
10  23.7  29.8  11:00a  19.7   3:30a   0.0   5.4   4.6   3.4  29.0   5:30p   NNE
11  23.3  27.7  12:00p  20.2   4:00a   0.0   5.0   2.0   4.5  37.0   4:00p   NNE
12  23.7  28.7  12:30p  18.9  12:00m   0.0   5.4   1.4   5.5  30.6   5:00p   NNE
13  24.0  29.4   1:00p  19.0  12:30a   0.0   5.7   8.2   4.2  25.7   2:30p   NNE
14  21.5  27.6   3:30p  17.4   6:00p   0.1   3.3  41.6   2.7  35.4   5:30p   NNE
15  22.8  28.7   1:30p  16.7   4:30a   0.2   4.7   0.2   3.5  25.7   4:30p   NNE
16  22.7  26.9  11:30a  19.2  11:00p   0.0   4.4   0.0   3.7  29.0   4:00p   ENE
17  20.7  25.8   1:00p  17.9   5:00a   0.0   2.4   7.4   1.8  17.7  12:30p   ENE
18  19.4  27.2   2:30p  14.7  12:00m   1.1   2.2  14.0   2.6  59.5   5:00p   WSW
19  21.2  30.2   2:00p  14.0   4:30a   0.9   3.8   0.2   2.6  30.6  10:30a   WSW
20  22.8  28.4  12:30p  16.8   5:00a   0.2   4.6   0.0   2.7  25.7   4:00p   ESE
21  23.1  28.7  11:30a  17.4   5:00a   0.0   4.8   0.0   2.1  20.9  12:30p   ENE
22  23.4  28.1  12:30p  18.6   4:00a   0.0   5.1   0.0   3.1  20.9  12:00p   ENE
23  24.1  29.2   1:00p  19.4  10:00p   0.0   5.8   8.6   4.5  35.4   8:30p   NNE
24  24.1  30.5  12:30p  19.8   5:00a   0.0   5.8   8.2   2.1  22.5   4:00p   NNE
25  24.1  29.3  11:00a  20.2   5:30a   0.0   5.7   0.0   3.2  27.4   2:30p    SE
26  22.5  27.2  11:00a  19.0  12:00m   0.0   4.2   0.0   6.3  35.4   4:00p    SE
27  21.7  27.4  11:30a  16.4   4:30a   0.2   3.5   0.0   3.2  22.5  12:00p    SE
28  22.9  28.4   1:30p  16.6   2:30a   0.3   4.9   0.0   4.3  25.7   5:30p   NNE
29  25.2  31.9  12:00p  18.0   5:30a   0.0   6.9   0.0   4.8  33.8   4:00p   NNE
30  19.6  22.9  12:30a  17.5  12:00m   0.1   1.4  34.2   5.1  35.4   4:30p    SE
-------------------------------------------------------------------------------------
    22.3  31.9    29    14.0    19     7.0 127.1 130.6   3.8  59.5    18     NNE

Max >=  32.0:  0
Max <=   0.0:  0
Min <=   0.0:  0
Min <= -18.0:  0
Max Rain: 41.61 ON 14/11/13
Days of Rain: 12 (> .2 mm) 9 (> 2 mm) 2 (> 20 mm)
Heat Base:  18.3  Cool Base:  18.3  Method: Integration