Select a Year or Month report

Report for 2013 Dec
                   MONTHLY CLIMATOLOGICAL SUMMARY for DEC. 2013

NAME: Carina Central   CITY: Brisbane   STATE: Queensland 
ELEV:    24 m  LAT:  27 29' 00" S  LONG: 153 05' 00" E

                   TEMPERATURE (C), RAIN  (mm), WIND SPEED (km/hr)

                                      HEAT  COOL        AVG
    MEAN                              DEG   DEG         WIND                 DOM
DAY TEMP  HIGH   TIME   LOW    TIME   DAYS  DAYS  RAIN  SPEED HIGH   TIME    DIR
------------------------------------------------------------------------------------
 1  20.3  25.1   1:00p  15.4   5:00a   0.5   2.5   0.0   6.4  33.8   5:30p    SE
 2  20.9  25.8   1:00p  15.8   5:00a   0.4   3.1   0.0   4.5  25.7   9:30a    SE
 3  21.2  27.8  12:30p  15.0   4:30a   0.5   3.3   0.0   2.9  24.1   1:30p    SE
 4  22.7  28.1   2:00p  15.3   4:30a   0.3   4.7   0.0   4.2  25.7  10:30p   NNE
 5  25.4  32.7   2:30p  19.6   4:00a   0.0   7.1   8.6   4.2  29.0   4:30p   NNE
 6  21.8  28.6   2:00p  16.1  10:30p   0.2   3.7   0.0   4.0  22.5   8:00a    SW
 7  21.4  26.8  12:00p  15.2   5:00a   0.6   3.6   0.0   3.1  19.3   1:30p   ENE
 8  22.2  27.8   1:30p  16.4   5:00a   0.3   4.2   0.0   2.9  20.9   5:00p   NNE
 9  22.7  27.4   3:00p  16.3   4:30a   0.3   4.7   0.0   4.7  29.0   4:30p   NNE
10  24.4  28.7  12:30p  19.3   5:30a   0.0   6.1   0.0   5.0  29.0   4:00p   NNE
11  25.0  29.9  11:00a  21.7  12:00m   0.0   6.7   5.2   3.1  24.1   2:30p   NNE
12  22.8  27.0  12:30p  19.9  12:00m   0.0   4.5   1.4   0.8  12.9  11:30a   WNW
13  23.8  30.4  11:30a  18.7   5:30a   0.0   5.5   0.0   2.3  24.1   1:30p   ENE
14  24.2  29.6  12:30p  19.2   5:00a   0.0   5.9   0.2   3.2  25.7   9:00p   ENE
15  24.7  30.4  12:30p  20.4   5:00a   0.0   6.4   0.0   2.3  22.5   4:30p   ENE
16  24.7  29.3   1:00p  21.1   5:00a   0.0   6.4   0.0   3.7  25.7  11:00a   ENE
17  23.2  27.0   3:30p  20.1  12:00m   0.0   4.9   0.0   4.3  29.0  11:30a    SE
18  22.8  28.0   1:00p  18.0   5:00a   0.0   4.5   0.2   4.2  32.2   2:30p    SE
19  22.5  27.6   1:00p  17.0   4:30a   0.1   4.3   0.0   3.4  25.7  11:00a   ESE
20  23.3  28.7   1:00p  17.7   2:00a   0.0   5.1   0.0   3.2  22.5  11:00a   ENE
21  24.6  30.3   1:30p  18.3   4:00a   0.0   6.2   0.0   3.9  25.7   6:00p   NNE
22  24.7  30.0  12:30p  18.7   5:30a   0.0   6.4   0.0   3.7  20.9   9:00a   NNE
23  24.9  29.2   2:00p  18.8   5:30a   0.0   6.6   0.0   5.3  27.4  12:00p   NNE
24  25.8  31.9  12:00p  19.3   5:00a   0.0   7.5   0.0   3.7  25.7   1:00a   NNE
25  25.6  29.8  11:00a  21.9   5:30a   0.0   7.3   0.0   3.2  24.1  12:30p   ENE
26  26.0  32.2  12:00p  19.8   5:00a   0.0   7.7   0.0   4.0  22.5   3:30p   NNE
27  25.0  29.6   2:00p  21.8   5:00a   0.0   6.7   0.0   4.0  32.2   2:00p   ESE
28  25.0  28.6   3:00p  20.9   4:30a   0.0   6.7   0.0   3.2  22.5   3:30p   ENE
29  27.5  34.3  11:30a  22.3   5:00a   0.0   9.2   1.2   4.7  33.8   8:30p   NNE
30  25.0  30.0   1:30p  21.7   5:30a   0.0   6.7   0.0   5.8  29.0   5:00p    SE
31  24.6  27.4   1:30p  22.7   4:00a   0.0   6.3   0.0   3.5  19.3   4:00p    SE
-------------------------------------------------------------------------------------
    23.8  34.3    29    15.0     3     3.2 174.6  16.8   3.8  33.8     1     NNE

Max >=  32.0:  3
Max <=   0.0:  0
Min <=   0.0:  0
Min <= -18.0:  0
Max Rain: 8.61 ON 05/12/13
Days of Rain: 6 (> .2 mm) 2 (> 2 mm) 0 (> 20 mm)
Heat Base:  18.3  Cool Base:  18.3  Method: Integration