Select a Year or Month report

Report for 2014
                            ANNUAL CLIMATOLOGICAL SUMMARY

NAME: CarinaCentral  CITY: Brisbane   STATE: Queensland  
ELEV:    24 m  LAT:  27 29' 04" S  LONG: 153 05' 43" E

               TEMPERATURE (C), HEAT BASE 18.3, COOL BASE 18.3
                          DEP.  HEAT  COOL                                          
        MEAN  MEAN        FROM  DEG   DEG                        MAX  MAX  MIN  MIN 
 YR MO  MAX   MIN   MEAN  NORM  DAYS  DAYS  HI  DATE  LOW  DATE  >=32 <=0  <=0  <=-18 
------------------------------------------------------------------------------------
 14  1  29.6  21.0  24.9  -1.5     0   205  37.2   4  18.8   10    6    0    0    0
 14  2  29.2  20.8  24.6  -1.6     0   177  33.4  21  18.1   12    3    0    0    0
 14  3  28.1  19.6  23.5  -1.6     0   161  32.9  29  17.2    6    1    0    0    0
 14  4  27.5  17.2  21.7  -0.7     9   112  31.3   6  13.9   30    0    0    0    0
 14  5  23.9  14.3  18.6  -0.4    39    47  27.7  25   8.6    5    0    0    0    0
 14  6  22.3  12.2  16.6   0.5    73    24  25.5  21   4.9   27    0    0    0    0
 14  7  21.4   8.1  14.2  -1.1   141    14  24.8  29   3.6   12    0    0    0    0
 14  8  21.5  11.4  16.0  -1.0    90    20  28.1   1   8.6   30    0    0    0    0
 14  9  24.2  12.2  18.1  -2.4    54    48  28.9  17   6.1    4    0    0    0    0
 14 10  26.7  15.5  21.2  -1.4    17   106  32.4  28   8.9   15    1    0    0    0
 14 11  28.6  20.0  24.2   0.1     1   178  34.3  16  16.2    5    1    0    0    0
 14 12  29.7  20.4  24.6  -1.0     0   197  35.3  17  16.6   15    6    0    0    0
------------------------------------------------------------------------------------
        26.0  16.0  20.7  -1.0   425  1290  37.2 JAN   3.6  JUL   18    0    0    0

                                PRECIPITATION (mm)

               DEP.   MAX        DAYS OF RAIN 
               FROM   OBS.          OVER
 YR MO  TOTAL  NORM   DAY  DATE  .2   2   20
---------------------------------------------
 14  1 138.8  -19.2  86.2   23   12    5    2
 14  2  19.8 -136.1  13.0   18    7    1    0
 14  3 160.4   23.0  54.6   27   22   10    2
 14  4  20.6  -69.4   7.4   13    8    4    0
 14  5  22.4  -49.9  13.8    2   14    2    0
 14  6  15.2  -51.6   4.0   19   11    3    0
 14  7  17.2  -36.3   7.6   22    7    3    0
 14  8  85.2   39.7  28.2   16   12    6    1
 14  9  24.4  -19.7  10.6   25   11    3    0
 14 10   7.8  -67.3   4.6   27    3    2    0
 14 11  96.8   -0.9  58.4   19    9    7    1
 14 12 193.4   59.5  41.8    8   15   11    4
---------------------------------------------
       802.0-328.2  86.2  JAN  131   57   10

                                WIND SPEED (km/hr)
                          DOM
 YR MO   AVG.  HI   DATE  DIR
---------------------------------
 14  1   5.1  45.1    6   ESE
 14  2   5.1  46.7   23   ESE
 14  3   4.1  41.8    3   ESE
 14  4   3.0  38.6   28    SE
 14  5   3.1  41.8    4   ESE
 14  6   3.2  46.7   29   WSW
 14  7   2.9  51.5   18   WSW
 14  8   4.7  49.9   18   WSW
 14  9   3.8  40.2    3   NNE
 14 10   4.6  53.1   27    NE
 14 11   5.2  40.2    1    NE
 14 12   3.7  54.7    9    NE
---------------------------------
         4.0  54.7  DEC  ESE