Select a Year or Month report

Report for 2014 Jan
                   MONTHLY CLIMATOLOGICAL SUMMARY for JAN. 2014

NAME: Carina Central   CITY: Brisbane   STATE: Queensland 
ELEV:    24 m  LAT:  27 29' 00" S  LONG: 153 05' 00" E

                   TEMPERATURE (C), RAIN  (mm), WIND SPEED (km/hr)

                                      HEAT  COOL        AVG
    MEAN                              DEG   DEG         WIND                 DOM
DAY TEMP  HIGH   TIME   LOW    TIME   DAYS  DAYS  RAIN  SPEED HIGH   TIME    DIR
------------------------------------------------------------------------------------
 1  25.1  29.8   1:30p  21.3   5:30a   0.0   6.7   0.0   3.9  22.5  10:00a    SE
 2  25.4  30.8   1:00p  19.7   5:30a   0.0   7.1   3.8   3.9  24.1   5:30p   NNE
 3  27.8  33.6  10:30a  22.0   5:30a   0.0   9.5   0.2   3.9  32.2   5:00p   NNE
 4  29.3  37.2   1:00p  23.3   5:30a   0.0  11.0   0.0   5.0  30.6   7:00p   NNE
 5  27.1  32.3   2:00p  24.1   3:30a   0.0   8.8   0.0   4.0  24.1  12:30a    SE
 6  26.7  34.4  12:30p  22.0   7:00p   0.0   8.4  39.0   2.9  45.1   4:30p   NNE
 7  25.0  29.3  11:30a  22.2   5:30a   0.0   6.7   0.0   7.2  41.8   4:00p    SE
 8  24.3  28.8  12:30p  21.4  11:00p   0.0   6.0   0.0   5.1  29.0   3:30p    SE
 9  22.9  27.6   3:00p  19.7   6:30a   0.0   4.6   0.4   4.5  25.7   2:00p    SE
10  22.6  26.4   4:00p  18.8   5:30a   0.0   4.3   2.6   3.7  24.1  12:30p    SE
11  24.2  29.3   2:30p  20.1   1:30a   0.0   5.9   0.0   2.4  25.7   3:00p   ENE
12  24.1  29.4   1:30p  18.9   4:30a   0.0   5.8   0.0   2.6  27.4   4:30p   ENE
13  24.1  28.8   3:00p  19.6   5:30a   0.0   5.8   0.0   4.0  29.0   2:00p    SE
14  24.7  29.5   1:00p  20.4   5:30a   0.0   6.4   0.0   3.5  29.0  12:30p   ESE
15  24.6  28.8  11:30a  20.0   3:30a   0.0   6.3   0.0   5.5  29.0   9:30a   ESE
16  25.0  29.2   1:00p  20.6   5:00a   0.0   6.7   0.0   5.6  32.2  11:00a   ESE
17  25.0  29.2   1:30p  21.1   4:30a   0.0   6.7   0.0   5.3  33.8   1:30p   ESE
18  24.7  29.4   1:30p  20.0   5:30a   0.0   6.4   0.0   5.1  30.6   2:00p   ESE
19  24.9  30.3  12:00p  19.9   5:30a   0.0   6.6   0.0   3.4  25.7   3:30p    NE
20  26.4  32.5   1:30p  19.4   5:30a   0.0   8.1   0.0   4.3  24.1   6:00p   NNE
21  27.7  31.6  11:00a  23.1   5:30a   0.0   9.4   0.0   5.8  37.0   4:30p   NNE
22  27.8  34.8  11:00a  24.0   9:00p   0.0   9.5   3.2   5.1  30.6   1:30p   ESE
23  23.9  29.8  11:00a  20.4   6:00p   0.0   5.6  86.2   5.0  29.0   5:00p    SE
24  23.9  28.2   3:00p  20.6   2:00a   0.0   5.7   1.0   3.4  27.4  10:30a   ENE
25  24.7  27.7   3:00p  22.8  12:00m   0.0   6.4   1.4   6.1  40.2   6:00p   ESE
26  23.7  26.8   3:00p  21.3   5:00a   0.0   5.4   0.0  10.3  43.5  12:00p    SE
27  23.3  27.3  12:30p  19.4   3:00a   0.0   5.0   0.0   9.3  37.0  11:30a   ESE
28  23.1  25.7   1:00p  20.4  12:00m   0.0   4.8   0.4   7.2  38.6   3:00p   ESE
29  22.9  26.7  12:00p  19.6   5:30a   0.0   4.6   0.4   6.6  33.8  10:00a   ESE
30  24.1  27.5  11:30a  21.7   5:00a   0.0   5.8   0.0   7.1  35.4   1:00p   ESE
31  23.8  26.2  12:30p  22.2   7:30p   0.0   5.5   0.2   6.3  30.6   8:30a   ESE
-------------------------------------------------------------------------------------
    24.9  37.2     4    18.8    10     0.0 205.4 138.8   5.1  45.1     6     ESE

Max >=  32.0:  6
Max <=   0.0:  0
Min <=   0.0:  0
Min <= -18.0:  0
Max Rain: 86.21 ON 23/01/14
Days of Rain: 12 (> .2 mm) 5 (> 2 mm) 2 (> 20 mm)
Heat Base:  18.3  Cool Base:  18.3  Method: Integration