Select a Year or Month report

Report for 2014 Mar
                   MONTHLY CLIMATOLOGICAL SUMMARY for MAR. 2014

NAME: Carina Central   CITY: Brisbane   STATE: Queensland 
ELEV:    24 m  LAT:  27 29' 00" S  LONG: 153 05' 00" E

                   TEMPERATURE (C), RAIN  (mm), WIND SPEED (km/hr)

                                      HEAT  COOL        AVG
    MEAN                              DEG   DEG         WIND                 DOM
DAY TEMP  HIGH   TIME   LOW    TIME   DAYS  DAYS  RAIN  SPEED HIGH   TIME    DIR
------------------------------------------------------------------------------------
 1  23.9  28.6  12:00p  19.7   6:30a   0.0   5.6   1.2   4.7  25.7  12:00p   ESE
 2  24.3  28.8  11:00a  19.6   6:00a   0.0   6.0   0.0   4.3  29.0   4:00p   ESE
 3  22.6  26.1   2:30p  19.9  12:00m   0.0   4.3   5.4   5.8  41.8  12:00p   ESE
 4  22.6  27.6   2:00p  19.2   4:30a   0.0   4.3   3.4   6.1  33.8  12:30p   ESE
 5  21.7  27.1   3:30p  18.6   5:30a   0.0   3.3   4.0   3.1  22.5  11:30a   ENE
 6  22.7  28.7   1:30p  17.2   6:00a   0.1   4.5   0.0   3.1  22.5   5:00p   ENE
 7  22.4  27.6   2:00p  18.4   5:00a   0.0   4.1   0.0   3.9  25.7   3:00p   ESE
 8  23.1  27.3   2:30p  19.1   2:00a   0.0   4.8   0.2   6.4  35.4   2:30p   ESE
 9  22.7  27.4   1:00p  19.1   6:30a   0.0   4.4   0.8   5.5  32.2   2:00p   ESE
10  23.1  27.2   1:30p  19.5   6:30a   0.0   4.8   1.6   7.9  38.6  11:30a   ESE
11  22.7  27.3   1:00p  19.3   4:30a   0.0   4.4   4.6   6.1  32.2  12:30p   ESE
12  22.8  27.8   3:00p  19.1   6:30a   0.0   4.5   0.2   3.9  27.4  12:00p   ESE
13  22.9  28.3   1:30p  17.7   5:00a   0.1   4.7   0.0   4.7  30.6   3:30p   ESE
14  22.5  27.4   2:30p  18.5   5:00a   0.0   4.2   2.2   3.2  25.7  11:30a   ESE
15  23.4  28.9   1:00p  18.5   6:30a   0.0   5.1   0.0   3.1  20.9   1:00p   NNE
16  25.1  31.2  11:30a  17.5   6:00a   0.0   6.8   4.2   3.7  30.6   5:30p   NNE
17  25.7  30.9  11:00a  20.7   6:30a   0.0   7.4   0.2   4.5  30.6   4:30p   ESE
18  26.4  30.6  12:00p  23.4   6:00a   0.0   8.1   0.0   3.9  22.5   4:00p   ENE
19  25.7  29.4   1:00p  22.7   5:30a   0.0   7.4   0.0   4.7  24.1  12:30p   ESE
20  23.9  28.3  11:30a  20.3   6:00a   0.0   5.6   1.2   5.3  32.2   3:00p   ESE
21  23.3  28.3   2:00p  19.2   4:30a   0.0   5.0   0.2   3.1  24.1  10:00a   ENE
22  23.1  28.4   1:00p  19.6   5:30a   0.0   4.8   1.4   3.2  20.9  11:00a   ENE
23  23.7  30.1   1:00p  18.7   5:00a   0.0   5.4   0.0   2.6  19.3   1:30p   ENE
24  24.1  29.1  11:00a  19.8   6:00a   0.0   5.8   0.0   2.6  24.1   3:30p   ENE
25  22.5  26.2  10:30a  19.2   6:00a   0.0   4.2  19.8   1.9  24.1  12:30p   ENE
26  23.5  26.7   1:00p  21.4  12:30a   0.0   5.2  10.2   5.6  32.2   2:00p   ENE
27  22.2  23.4  10:00a  21.1   4:30a   0.0   3.9  54.6   4.3  32.2   6:00p   ENE
28  23.6  27.6   1:30p  20.3   8:30a   0.0   5.2  43.0   3.2  25.7  12:30a   NNE
29  26.1  32.9   2:30p  21.4   5:00a   0.0   7.8   0.2   2.1  17.7   2:30p   NNE
30  23.1  25.0   9:30a  20.7  12:00m   0.0   4.8   1.6   1.6  19.3   5:00p    SE
31  23.5  28.1   1:30p  19.6   6:30a   0.0   5.2   0.2   4.2  27.4  11:00a   ESE
-------------------------------------------------------------------------------------
    23.5  32.9    29    17.2     6     0.2 161.5 160.4   4.1  41.8     3     ESE

Max >=  32.0:  1
Max <=   0.0:  0
Min <=   0.0:  0
Min <= -18.0:  0
Max Rain: 54.61 ON 27/03/14
Days of Rain: 22 (> .2 mm) 10 (> 2 mm) 2 (> 20 mm)
Heat Base:  18.3  Cool Base:  18.3  Method: Integration