Select a Year or Month report

Report for 2014 May
                   MONTHLY CLIMATOLOGICAL SUMMARY for MAY. 2014

NAME: CarinaCentral   CITY: Brisbane   STATE: Queensland 
ELEV:    24 m  LAT:  27 30' 00" S  LONG: 153 06' 00" E

                   TEMPERATURE (C), RAIN  (mm), WIND SPEED (km/hr)

                                      HEAT  COOL        AVG
    MEAN                              DEG   DEG         WIND                 DOM
DAY TEMP  HIGH   TIME   LOW    TIME   DAYS  DAYS  RAIN  SPEED HIGH   TIME    DIR
------------------------------------------------------------------------------------
 1  20.7  26.0   1:30p  17.6  12:00m   0.1   2.4   0.4   1.8  16.1   3:30p   WSW
 2  19.3  23.1   1:30p  17.2   5:00a   0.2   1.2  13.8   1.1  19.3  12:30p   WNW
 3  16.7  20.0   1:00p  13.1   7:00a   1.8   0.2   0.0   5.5  40.2   1:30p     W
 4  15.0  19.5   2:30p  11.6  12:00m   3.4   0.1   0.0   7.1  41.8  11:00a     W
 5  15.6  21.7   2:30p   8.6   5:00a   3.4   0.6   0.0   2.3  24.1  12:30p     W
 6  15.7  21.4   1:30p  10.4   3:30a   3.3   0.6   0.0   2.6  20.9   9:00a   WSW
 7  18.1  22.9  12:30p  14.9   7:00a   1.3   1.1   0.0   3.7  20.9   2:30p    SW
 8  18.6  22.9  12:00p  15.1   6:30a   0.9   1.1   0.0   6.3  32.2  11:30a    SE
 9  18.8  23.7   1:00p  14.2   5:00a   1.0   1.5   0.0   5.5  29.0   1:30p   ESE
10  17.8  22.5  12:30p  13.9  12:00m   1.3   0.8   0.0   2.9  24.1   1:30p   ENE
11  18.0  25.6   1:30p  13.6   4:30a   2.0   1.7   0.2   1.4  14.5   3:30p   WSW
12  18.4  23.8   1:00p  14.2   5:30a   1.4   1.5   0.0   3.9  25.7   5:00p   WSW
13  19.0  24.0   1:30p  14.2   6:00a   1.1   1.8   0.2   6.1  30.6  11:30a    SE
14  17.9  21.8  11:30a  14.5   7:00a   1.2   0.8   1.8   6.1  29.0  11:30a    SE
15  18.8  24.2   1:00p  14.8   4:00a   1.2   1.7   0.0   4.5  33.8   2:00p   ESE
16  17.6  21.8  10:30a  14.8   7:00a   1.3   0.6   3.2   3.2  27.4   4:00p    SE
17  18.3  23.8   1:00p  13.7   3:00a   1.4   1.4   0.8   3.7  29.0  12:00p   ESE
18  18.9  24.2  12:30p  14.8   6:00a   1.0   1.6   0.2   3.2  24.1  12:30p   ESE
19  18.3  23.7   1:00p  14.4   3:30a   1.3   1.4   0.0   1.9  17.7   2:00p   WSW
20  18.8  23.9   1:00p  14.6   7:00a   0.9   1.5   0.0   1.8  12.9   8:30a   WSW
21  19.0  24.3   1:00p  14.1   6:30a   0.8   1.5   0.0   3.9  32.2   4:00p   ESE
22  20.0  25.3   1:00p  17.2   6:00a   0.2   2.0   0.2   1.8  24.1   1:30p   ENE
23  20.1  24.8   1:01p  16.4   7:00a   0.3   2.1   0.0   1.4  22.5   2:00p   ENE
24  19.9  26.1   4:00p  15.3  10:00p   0.6   2.2   0.0   2.1  25.7  11:00a    SW
25  18.8  27.7   2:30p  12.5   5:30a   1.8   2.3   0.2   1.1  12.9  10:00a     N
26  18.5  27.2   1:00p  12.9   6:30a   2.1   2.3   0.0   1.1  12.9   8:30a     N
27  19.3  26.1   2:30p  13.3   1:00a   1.2   2.3   0.0   1.8  19.3   3:30p   NNE
28  20.4  26.6   1:00p  14.7   5:30a   0.8   2.9   0.2   1.3  16.1  11:30a   NNE
29  20.3  27.2   2:00p  14.8   5:00a   0.7   2.8   0.2   2.4  17.7   3:00p   ESE
30  20.2  23.9   1:30p  17.5  12:00m   0.1   1.9   0.2   2.9  20.9   2:00p   ESE
31  18.4  22.9   1:00p  15.5   7:00a   0.9   1.0   0.8   2.4  19.3   1:30p   ESE
-------------------------------------------------------------------------------------
    18.6  27.7    25     8.6     5    39.0  47.0  22.4   3.1  41.8     4     ESE

Max >=  32.0:  0
Max <=   0.0:  0
Min <=   0.0:  0
Min <= -18.0:  0
Max Rain: 13.79 ON 02-05-14
Days of Rain: 14 (> .2 mm) 2 (> 2 mm) 0 (> 20 mm)
Heat Base:  18.3  Cool Base:  18.3  Method: Integration