Select a Year or Month report

Report for 2014 Sep
                   MONTHLY CLIMATOLOGICAL SUMMARY for SEP. 2014

NAME: CarinaCentral   CITY: Brisbane   STATE: Queensland 
ELEV:    24 m  LAT:  27 30' 00" S  LONG: 153 06' 00" E

                   TEMPERATURE (C), RAIN  (mm), WIND SPEED (km/hr)

                                      HEAT  COOL        AVG
    MEAN                              DEG   DEG         WIND                 DOM
DAY TEMP  HIGH   TIME   LOW    TIME   DAYS  DAYS  RAIN  SPEED HIGH   TIME    DIR
------------------------------------------------------------------------------------
 1  18.3  24.1  11:30a  12.7   7:00a   1.6   1.6   0.0   2.6  19.3   3:30p   NNE
 2  18.9  28.5   3:30p  11.6   6:30a   2.0   2.6   0.0   4.2  35.4   4:00p   WSW
 3  16.2  21.9   4:00p   8.9   6:00a   2.8   0.7   0.0   6.8  40.2   1:30p   WSW
 4  14.9  22.9   3:30p   6.1   6:30a   4.2   0.8   0.0   3.1  22.5  12:00p    SW
 5  15.6  22.6  12:00p   7.6   5:30a   3.6   0.8   0.0   3.1  24.1   4:00p    SW
 6  16.4  21.9   1:30p  11.1   5:00a   2.5   0.6   0.0   5.6  30.6   4:30p    SE
 7  16.4  21.3  12:30p  12.4   6:00a   2.4   0.5   2.4   6.6  32.2  11:30a   ESE
 8  16.8  22.1   1:00p  13.2   4:30a   2.2   0.7   1.0   4.5  30.6   2:30p   ESE
 9  17.4  22.8   1:30p  11.3   5:30a   2.1   1.2   0.0   2.9  25.7  10:00a   ENE
10  19.0  26.2   1:00p  12.4   5:00a   1.6   2.3   0.0   2.7  24.1  11:00a   NNE
11  18.6  26.2  12:00p  11.5   6:30a   2.0   2.3   0.2   2.3  19.3   1:30p   ENE
12  18.2  23.6   2:30p  13.0   6:00a   1.6   1.6   0.2   2.7  24.1   1:00p   ESE
13  18.9  23.2   1:00p  14.5  12:00m   1.0   1.6   0.0   2.7  19.3  10:00a   ENE
14  17.6  24.2  12:30p  12.4   5:30a   2.1   1.4   0.0   2.4  19.3  12:30p   ENE
15  18.7  25.9  12:30p  11.6   5:30a   1.8   2.1   0.0   2.9  22.5   3:00p   NNE
16  19.6  25.7  12:00p  12.8   4:30a   1.3   2.6   1.2   3.4  35.4   3:30p   NNE
17  20.0  28.9   3:30p  11.3   6:00a   1.5   3.2   0.0   3.1  32.2  12:00p   NNE
18  19.1  26.4   3:00p  12.5  12:00m   1.3   2.0   0.0   4.0  27.4  11:00a     W
19  17.8  24.3   1:00p   9.8   6:00a   2.2   1.8   0.0   3.2  24.1   4:30p   NNE
20  17.7  22.0   1:30p  13.1   3:00a   1.5   0.8   0.0   4.7  29.0   1:30p   ESE
21  17.4  22.8   1:00p  11.7   4:00a   2.0   1.1   0.6   6.9  33.8   1:30p   ESE
22  17.4  22.3   2:00p  13.7   5:00a   1.8   0.9   1.6   6.6  32.2  11:30a   ESE
23  18.5  22.9   1:30p  15.2   5:30a   1.1   1.3   0.2   5.0  29.0  12:30p   ESE
24  18.9  23.5   2:00p  14.2   5:30a   1.0   1.6   0.0   3.4  24.1   1:30p   ENE
25  19.3  25.4  12:30p  13.8   6:00a   1.0   2.1  10.6   2.4  30.6   3:00p   NNE
26  19.3  25.2   1:00p  14.4   4:00a   0.9   1.9   0.2   4.3  25.7   8:30a   ESE
27  19.4  26.1   1:00p  14.2   6:30a   0.9   2.0   6.2   3.2  24.1   3:30p     E
28  18.1  23.7   1:30p  13.4  12:00m   1.5   1.3   0.0   2.9  19.3   9:30a     E
29  18.8  24.7   2:30p  12.3   3:30a   1.6   2.1   0.0   2.9  22.5  12:30p   NNE
30  20.1  25.6  12:00p  12.4   4:30a   1.2   3.0   0.0   3.5  24.1   4:00p   NNE
-------------------------------------------------------------------------------------
    18.1  28.9    17     6.1     4    54.2  48.4  24.4   3.8  40.2     3     NNE

Max >=  32.0:  0
Max <=   0.0:  0
Min <=   0.0:  0
Min <= -18.0:  0
Max Rain: 10.59 ON 25-09-14
Days of Rain: 11 (> .2 mm) 3 (> 2 mm) 0 (> 20 mm)
Heat Base:  18.3  Cool Base:  18.3  Method: Integration