Select a Year or Month report

Report for 2014 Oct
                   MONTHLY CLIMATOLOGICAL SUMMARY for OCT. 2014

NAME: CarinaCentral   CITY: Brisbane   STATE: Queensland 
ELEV:    24 m  LAT:  27 30' 00" S  LONG: 153 06' 00" E

                   TEMPERATURE (C), RAIN  (mm), WIND SPEED (km/hr)

                                      HEAT  COOL        AVG
    MEAN                              DEG   DEG         WIND                 DOM
DAY TEMP  HIGH   TIME   LOW    TIME   DAYS  DAYS  RAIN  SPEED HIGH   TIME    DIR
------------------------------------------------------------------------------------
 1  21.7  29.5  11:00a  14.4   5:30a   0.6   3.9   0.0   5.5  38.6   8:00p    SE
 2  18.8  22.7   2:00p  14.1  12:00m   0.7   1.2   0.0   5.1  29.0   1:00a    SE
 3  19.5  25.0  11:00a  12.8   5:30a   1.3   2.5   0.0   3.5  20.9  12:00p    NE
 4  21.1  25.1   1:00p  16.3  11:30p   0.1   2.9   0.0   4.0  22.5  12:00p    NE
 5  20.3  27.1  12:00p  13.9   2:30a   1.0   3.0   0.0   3.2  25.7   1:30p    NE
 6  20.5  26.6   2:00p  13.2   5:00a   1.0   3.2   0.0   3.2  20.9  11:30a    NE
 7  20.6  26.3  12:30p  13.1   4:00a   1.0   3.3   0.0   3.9  25.7   4:30p    NE
 8  22.2  31.2  11:30a  16.4   6:00a   0.3   4.1   0.0   6.3  33.8   2:30p    SE
 9  20.8  24.1  12:30p  18.7   8:30p   0.0   2.5   0.0   8.0  33.8   3:00p   ESE
10  20.2  24.5   1:30p  15.4   5:00a   0.3   2.2   0.0   3.1  22.5   4:30p     E
11  20.6  26.7   1:00p  17.1   4:30a   0.2   2.5   0.0   2.3  24.1   4:00p    NE
12  20.6  25.6  12:00p  16.4  12:00m   0.2   2.5   0.0   2.9  24.1   1:00p    NE
13  21.2  25.8  12:00p  14.3   5:00a   0.6   3.5   0.4   5.8  38.6   2:00p    NE
14  21.3  26.7  11:00a  14.8  12:00m   0.3   3.3   2.8   5.3  33.8   2:30p   WSW
15  18.1  25.4   4:00p   8.9   4:30a   2.2   2.0   0.0   4.7  30.6  11:00a   WNW
16  20.0  25.2   2:00p  12.8   3:00a   1.0   2.7   0.0   3.4  20.9   4:00p     E
17  21.5  28.6  12:30p  15.6   5:30a   0.5   3.7   0.0   4.3  32.2  12:00p     E
18  20.2  25.3   1:30p  15.7   5:30a   0.4   2.3   0.0   7.9  35.4   4:00p    SE
19  19.7  24.7  12:30p  14.5   5:30a   0.8   2.2   0.0   4.5  29.0   2:30p   ESE
20  20.0  25.6   2:00p  13.4   5:00a   1.0   2.7   0.0   2.7  20.9   2:00p     E
21  20.3  25.2   1:00p  16.9   2:00a   0.2   2.3   0.0   8.5  41.8   4:30p    SE
22  19.1  24.2   2:00p  13.9  12:00m   0.9   1.7   0.0   5.6  30.6   2:30p   ESE
23  20.1  26.6  12:00p  12.6   5:30a   1.2   3.0   0.0   3.1  22.5   3:00p    NE
24  21.5  26.7  12:00p  16.6   3:30a   0.2   3.4   0.0   3.9  27.4   1:00p    NE
25  22.1  26.9  11:00a  14.8   5:30a   0.5   4.3   0.0   4.8  30.6   4:00p    NE
26  23.2  28.0  11:00a  16.5   5:30a   0.1   5.0   0.0   4.8  33.8   4:30p    NE
27  25.2  30.8   1:30p  20.4   3:00a   0.0   6.9   4.6   4.2  53.1   5:30p    NE
28  25.4  32.4   9:00a  20.2  12:00m   0.0   7.1   0.0   4.8  38.6  11:00a     E
29  23.2  29.2  11:00a  17.3   4:00a   0.0   4.9   0.0   6.0  40.2   4:30p   ESE
30  23.0  27.7  11:00a  16.4   5:00a   0.1   4.8   0.0   3.7  24.1   4:00p     E
31  24.9  29.1  12:00p  21.8  12:30a   0.0   6.6   0.0   5.0  32.2   3:00p    NE
-------------------------------------------------------------------------------------
    21.2  32.4    28     8.9    15    16.8 106.1   7.8   4.6  53.1    27      NE

Max >=  32.0:  1
Max <=   0.0:  0
Min <=   0.0:  0
Min <= -18.0:  0
Max Rain: 4.60 ON 27-10-14
Days of Rain: 3 (> .2 mm) 2 (> 2 mm) 0 (> 20 mm)
Heat Base:  18.3  Cool Base:  18.3  Method: Integration