Select a Year or Month report

Report for 2014 Nov
                   MONTHLY CLIMATOLOGICAL SUMMARY for NOV. 2014

NAME: CarinaCentral   CITY: Brisbane   STATE: Queensland 
ELEV:    24 m  LAT:  27 29' 04" S  LONG: 153 05' 43" E

                   TEMPERATURE (C), RAIN  (mm), WIND SPEED (km/hr)

                                      HEAT  COOL        AVG
    MEAN                              DEG   DEG         WIND                 DOM
DAY TEMP  HIGH   TIME   LOW    TIME   DAYS  DAYS  RAIN  SPEED HIGH   TIME    DIR
------------------------------------------------------------------------------------
 1  24.6  29.8  11:30a  20.2   5:30a   0.0   6.3   0.0   5.8  40.2   5:30p    NE
 2  24.2  29.2  12:00p  20.9   5:30a   0.0   5.9   0.0   7.7  40.2   2:00p   ESE
 3  21.5  23.4   9:00a  19.8   5:00a   0.0   3.2   0.0   7.6  32.2   3:00p   ESE
 4  21.0  24.7  12:30p  16.2   5:30a   0.2   2.9   0.0   3.7  22.5  10:00a     E
 5  21.6  25.5   1:30p  16.2   5:00a   0.2   3.5   0.0   4.0  25.7   3:00p     E
 6  22.4  27.6  12:30p  17.9   5:30a   0.0   4.2   5.6   5.5  33.8   4:30p    NE
 7  23.6  28.4   1:30p  18.8   5:30a   0.0   5.3   0.0   4.2  25.7   5:30p     E
 8  23.1  27.7  12:00p  18.2  12:00m   0.0   4.8   0.0   6.1  27.4   1:30p   ESE
 9  22.7  27.6  12:30p  16.9   5:00a   0.1   4.5   0.0   3.2  22.5  12:00p     E
10  23.6  28.3  12:00p  18.9   4:30a   0.0   5.3   0.0   4.0  25.7   2:00p    NE
11  23.7  28.8  11:00a  17.9   3:30a   0.0   5.4   0.0   3.5  22.5  12:30p     E
12  23.4  27.4  12:30p  20.3  12:00m   0.0   5.1   0.4   5.5  32.2   5:00p   ESE
13  23.1  28.2   1:00p  20.1   6:30a   0.0   4.8   2.4   4.8  22.5  12:30p     E
14  25.0  29.3  10:30a  18.9   5:30a   0.0   6.7   0.0   5.6  33.8   3:30p    NE
15  26.4  31.6  10:00a  19.3   5:30a   0.0   8.2   0.0   5.0  33.8   3:00p    NE
16  28.6  34.3   2:00p  22.6   5:00a   0.0  10.2   0.0   2.6  19.3  12:00p    NE
17  25.1  28.7   1:00p  22.7   5:00a   0.0   6.7   0.0   7.1  33.8   9:00a   ESE
18  24.3  27.3   3:30p  22.3   5:00a   0.0   6.0   3.6   3.4  20.9   5:30p     E
19  24.2  29.4  12:30p  20.1   5:00p   0.0   5.9  58.4   4.0  38.6   5:00p     E
20  24.2  28.1   1:00p  18.8   5:00a   0.0   5.9   0.0   4.8  29.0   6:00p    NE
21  26.2  30.1   1:00p  22.4   5:00a   0.0   7.9   0.0   6.4  30.6   3:00p    NE
22  26.7  30.7  10:00a  23.9   5:30a   0.0   8.4   0.0   6.9  30.6   4:00p    NE
23  26.4  30.0   1:00p  23.7   5:00a   0.0   8.1   0.0   6.9  27.4   2:00p    NE
24  25.8  29.6   1:30p  22.2   5:30a   0.0   7.5   0.0   7.4  32.2   5:00p    NE
25  26.0  30.4   2:00p  21.1   5:00a   0.0   7.7   0.0   4.8  27.4   6:00p    NE
26  25.3  29.0   1:00p  23.0   2:30a   0.0   7.0   3.0   3.4  20.9   1:00p     E
27  25.7  31.7  12:00p  22.1   5:30p   0.0   7.4  15.6   3.9  27.4   5:00p    SE
28  22.6  25.9   1:00p  19.4  12:00m   0.0   4.2   7.2   8.5  33.8  11:30a    SE
29  22.4  26.6   1:30p  18.5  12:00m   0.0   4.1   0.6   5.1  29.0   2:00p   ESE
30  22.7  27.4   2:30p  16.3   3:30a   0.2   4.6   0.0   3.5  22.5   4:00p     E
-------------------------------------------------------------------------------------
    24.2  34.3    16    16.2     5     0.8 177.9  96.8   5.2  40.2     1      NE

Max >=  32.0:  1
Max <=   0.0:  0
Min <=   0.0:  0
Min <= -18.0:  0
Max Rain: 58.39 ON 19-11-14
Days of Rain: 9 (> .2 mm) 7 (> 2 mm) 1 (> 20 mm)
Heat Base:  18.3  Cool Base:  18.3  Method: Integration