Select a Year or Month report

Report for 2014 Dec
                   MONTHLY CLIMATOLOGICAL SUMMARY for DEC. 2014

NAME: CarinaCentral   CITY: Brisbane   STATE: Queensland 
ELEV:    24 m  LAT:  27 29' 04" S  LONG: 153 05' 43" E

                   TEMPERATURE (C), RAIN  (mm), WIND SPEED (km/hr)

                                      HEAT  COOL        AVG
    MEAN                              DEG   DEG         WIND                 DOM
DAY TEMP  HIGH   TIME   LOW    TIME   DAYS  DAYS  RAIN  SPEED HIGH   TIME    DIR
------------------------------------------------------------------------------------
 1  23.5  28.1  12:30p  18.4   5:00a   0.0   5.2   0.0   3.9  25.7   3:00p    NE
 2  24.1  28.8   1:00p  20.9   6:00a   0.0   5.8   0.2   3.2  22.5   3:00p    NE
 3  24.8  29.3   1:30p  19.7   5:00a   0.0   6.6   0.0   4.2  25.7   2:00p    NE
 4  25.6  30.3  11:30a  22.0   5:00a   0.0   7.3   0.0   4.5  25.7  10:00a    NE
 5  25.2  30.1  11:30a  22.2   2:30a   0.0   6.9   6.6   3.7  22.5   2:00p    NE
 6  23.8  28.4   3:00p  21.6   9:30a   0.0   5.5  14.8   2.4  25.7   3:30p    NE
 7  25.7  30.7  12:30p  21.5   5:30a   0.0   7.4   1.0   4.0  27.4   4:30p     N
 8  25.2  30.7  12:30p  21.4   5:30p   0.0   6.9  41.8   3.4  32.2   3:00p     N
 9  25.3  32.9   1:30p  19.5   7:00p   0.0   7.0  30.0   3.1  54.7   7:00p     N
10  25.6  29.8   3:00p  20.9   2:30a   0.0   7.3   0.0   2.4  20.9   3:00p    NE
11  24.9  31.8  12:00p  20.8   9:00p   0.0   6.6  24.6   2.7  25.7   2:30p   NNW
12  21.3  24.4   5:00p  19.7   1:30p   0.0   3.0   5.0   4.2  29.0   7:30a    SE
13  21.0  23.9   2:30p  18.1   4:00a   0.0   2.7   0.0   8.4  33.8   1:30p    SE
14  21.9  25.7  12:30p  18.4   5:00a   0.0   3.7   0.0   7.4  29.0  10:00a   ESE
15  22.7  28.1  12:00p  16.6   5:00a   0.2   4.6   0.0   3.9  25.7   4:00p   ENE
16  24.2  29.4   1:30p  17.0   5:00a   0.1   5.9   0.0   3.2  25.7   6:00p   NNE
17  28.3  35.3  11:30a  22.4   5:00a   0.0  10.0   1.2   2.9  24.1   4:30p   NNE
18  26.2  32.2   1:30p  21.4   7:30p   0.0   7.9  16.8   3.9  41.8   6:30p   NNE
19  25.8  34.3   3:30p  20.2   4:30a   0.0   7.6   5.2   3.9  22.5   7:30p     W
20  24.7  28.5   1:00p  21.3   5:00a   0.0   6.4   0.0   6.1  32.2   4:00p   ESE
21  24.2  28.2  12:30p  20.2   5:00a   0.0   5.9   0.0   3.9  22.5   3:30p   ENE
22  23.9  27.8   1:30p  18.9   5:00a   0.0   5.6   0.0   4.5  29.0   3:00p   ESE
23  23.7  28.4   2:00p  18.7   4:00a   0.0   5.4   0.0   3.1  24.1   2:30p   ENE
24  25.3  30.4  12:00p  20.1   3:30a   0.0   7.0   0.0   2.9  22.5   3:30p    NE
25  25.7  30.5   1:00p  20.6   5:00a   0.0   7.4   0.0   3.2  19.3   3:00p   NNE
26  26.8  31.7   2:00p  24.2   3:30a   0.0   8.5   0.0   3.4  24.1   4:00p   NNE
27  21.3  25.2  12:30a  19.4  10:00p   0.0   3.0  25.2   3.7  29.0   3:30a    SW
28  21.8  26.1   3:30p  19.2   1:00a   0.0   3.6  16.4   1.4  12.9   1:30a    SW
29  25.2  30.5  12:30p  22.0   1:30a   0.0   6.9   4.4   2.1  20.9  11:30a   NNE
30  27.8  34.9   1:00p  21.6   5:00a   0.0   9.5   0.2   2.4  22.5   7:30p   NNE
31  28.4  34.1  11:00a  23.1   5:00a   0.0  10.1   0.0   3.7  25.7   1:30p   ENE
-------------------------------------------------------------------------------------
    24.6  35.3    17    16.6    15     0.3 196.9 193.4   3.7  54.7     9      NE

Max >=  32.0:  6
Max <=   0.0:  0
Min <=   0.0:  0
Min <= -18.0:  0
Max Rain: 41.81 ON 08-12-14
Days of Rain: 15 (> .2 mm) 11 (> 2 mm) 4 (> 20 mm)
Heat Base:  18.3  Cool Base:  18.3  Method: Integration