Select a Year or Month report

Report for 2015 Feb
                   MONTHLY CLIMATOLOGICAL SUMMARY for FEB. 2015

NAME: CarinaCentral   CITY: Brisbane   STATE: Queensland 
ELEV:    24 m  LAT:  27 29' 04" S  LONG: 153 05' 43" E

                   TEMPERATURE (C), RAIN  (mm), WIND SPEED (km/hr)

                                      HEAT  COOL        AVG
    MEAN                              DEG   DEG         WIND                 DOM
DAY TEMP  HIGH   TIME   LOW    TIME   DAYS  DAYS  RAIN  SPEED HIGH   TIME    DIR
------------------------------------------------------------------------------------
 1  26.2  34.3   3:00p  19.5   5:30a   0.0   7.9   0.2   3.2  22.5   2:00p   ENE
 2  24.6  28.5   1:00p  20.3  11:30p   0.0   6.3   1.2   7.7  40.2   4:30p    SE
 3  23.8  28.7   3:00p  20.5  12:30a   0.0   5.5   1.0   8.0  38.6   3:00p    SE
 4  23.3  27.6   1:00p  19.3   5:00a   0.0   5.0   0.0   7.7  41.8   5:00p   ESE
 5  23.6  28.2  12:30p  20.3   6:30a   0.0   5.3   0.0   7.7  40.2   4:30p   ESE
 6  23.6  27.6   2:00p  19.9   6:00a   0.0   5.3   2.8   9.3  38.6  11:00a    SE
 7  23.6  28.2   1:30p  19.1   5:30a   0.0   5.3   0.2   5.5  24.1   3:30p   ESE
 8  24.6  29.9   1:00p  20.4   5:00a   0.0   6.3   0.0   2.7  19.3   2:30p   ENE
 9  24.3  29.6   3:00p  19.7   6:00a   0.0   6.0   1.4   6.0  30.6   4:00p   ESE
10  23.3  28.3   2:30p  20.1   4:30a   0.0   5.0  10.6   6.8  35.4   1:30p   ESE
11  23.3  28.1   1:00p  19.9  12:30a   0.0   5.0  18.8   6.0  29.0   1:00p    SE
12  23.9  28.3   3:00p  20.3   5:00a   0.0   5.6   1.2   5.1  29.0   5:30p   ESE
13  23.7  28.8   2:00p  20.3   5:00a   0.0   5.4   0.4   6.6  43.5   2:30p   ESE
14  23.8  28.3   2:30p  18.7   6:00a   0.0   5.5   0.0   5.6  33.8   6:00p   ESE
15  23.7  28.3   1:00p  20.2   4:30a   0.0   5.4   1.4   3.4  22.5   3:30p   ESE
16  24.3  29.1  12:00p  19.7   4:30a   0.0   6.0   0.0   4.8  27.4   3:30p   ESE
17  23.7  27.8   2:30p  19.8   5:30a   0.0   5.4   1.6   7.1  33.8   5:30p   ESE
18  23.5  28.3  12:00p  20.3   3:30a   0.0   5.2   7.8   7.1  38.6   9:00a    SE
19  23.7  25.9  10:00a  22.6  12:30a   0.0   5.4  12.2   7.6  40.2  10:00a   ESE
20  21.6  22.8  12:30a  20.8   6:30p   0.0   3.2 134.2   5.0  35.4   6:30a    SE
21  22.4  23.6  11:30p  21.1  12:30a   0.0   4.1  97.6   5.0  27.4  12:00p    SE
22  25.1  30.2   2:00p  22.1   5:30a   0.0   6.8   2.8   7.7  33.8   3:30p   SSE
23  25.1  29.1   1:00p  22.3   6:00a   0.0   6.8   2.4   8.9  33.8   3:30p    SE
24  24.9  29.7   2:00p  21.8   3:30a   0.0   6.6   0.4   7.2  30.6  12:00p    SE
25  24.7  29.0   1:30p  21.6   5:30a   0.0   6.4   1.4   6.1  29.0   5:00p   ESE
26  24.5  29.4   2:30p  19.9   6:00a   0.0   6.2   0.0   2.7  20.9   5:30p   ENE
27  25.2  30.3   1:00p  21.4   7:30a   0.0   6.9   1.0   2.4  19.3   5:30p   ENE
28  25.6  29.7  11:30a  22.3   6:00a   0.0   7.3   0.0   2.6  20.9   1:30p   ENE
-------------------------------------------------------------------------------------
    24.1  34.3     1    18.7    14     0.0 161.2 300.5   5.9  43.5    13     ESE

Max >=  32.0:  1
Max <=   0.0:  0
Min <=   0.0:  0
Min <= -18.0:  0
Max Rain: 134.19 ON 20-02-15
Days of Rain: 21 (> .2 mm) 9 (> 2 mm) 2 (> 20 mm)
Heat Base:  18.3  Cool Base:  18.3  Method: Integration