Select a Year or Month report

Report for 2015 Mar
                   MONTHLY CLIMATOLOGICAL SUMMARY for MAR. 2015

NAME: CarinaCentral   CITY: Brisbane   STATE: Queensland 
ELEV:    24 m  LAT:  27 29' 04" S  LONG: 153 05' 43" E

                   TEMPERATURE (C), RAIN  (mm), WIND SPEED (km/hr)

                                      HEAT  COOL        AVG
    MEAN                              DEG   DEG         WIND                 DOM
DAY TEMP  HIGH   TIME   LOW    TIME   DAYS  DAYS  RAIN  SPEED HIGH   TIME    DIR
------------------------------------------------------------------------------------
 1  25.7  30.6  11:30a  21.4   3:30a   0.0   7.4   0.0   2.4  20.9   2:00p   ENE
 2  25.9  30.8   1:30p  22.8   4:30a   0.0   7.6   0.0   6.0  35.4   4:30p    SE
 3  24.9  30.0   2:00p  20.6   6:00a   0.0   6.7   0.0   3.4  20.9  10:00a     E
 4  25.2  30.5   1:00p  19.5   4:00a   0.0   6.8   0.0   2.1  17.7   4:30p   ENE
 5  27.7  34.3   1:30p  20.9   6:00a   0.0   9.4   0.0   3.9  45.1  12:00m    NE
 6  25.1  28.5   2:00p  22.9  12:00m   0.0   6.8   0.0   4.8  33.8   1:00a    SE
 7  25.0  30.3   1:00p  20.0   6:00a   0.0   6.7   0.0   2.7  19.3   3:00p   ENE
 8  25.6  30.4  11:30a  20.9   6:00a   0.0   7.3   0.0   2.7  24.1   1:00p   ENE
 9  26.2  31.4  11:30a  22.1   6:00a   0.0   7.9   0.0   2.6  20.9   2:30p   ENE
10  26.0  30.5  12:30p  23.0   6:00a   0.0   7.7   0.0   4.3  25.7   1:30p   ESE
11  24.9  29.6   1:30p  21.4   5:30a   0.0   6.7   0.0   4.3  30.6   2:30p   ESE
12  24.6  29.1   1:30p  21.4   2:30a   0.0   6.3   0.0   4.2  25.7   3:00p   ESE
13  23.4  28.0   3:00p  19.1   5:30a   0.0   5.2   3.8   5.8  32.2   1:00p    SE
14  23.2  28.1   1:30p  19.5   5:30a   0.0   4.9   0.0   6.4  33.8  12:30p    SE
15  23.5  31.3   3:30p  17.8   6:00a   0.0   5.2   0.0   4.7  30.6   3:30p    SW
16  23.1  27.8   2:00p  18.5   6:00a   0.0   4.7   0.0   5.8  27.4   4:30p   ESE
17  23.9  28.8  11:30a  20.7   6:00a   0.0   5.6   0.0   2.6  17.7  12:30p   ENE
18  23.0  28.5   3:00p  18.4   6:00a   0.0   4.7   6.8   1.8  38.6   9:30a     W
19  26.6  32.4   1:00p  20.3   6:30a   0.0   8.3   0.0   2.4  19.3   2:00p   NNE
20  26.7  31.3   1:00p  22.9   4:00a   0.0   8.3   0.0   3.1  19.3   4:30p   NNE
21  24.6  29.8   1:30p  21.2  10:30p   0.0   6.3  36.4   2.4  35.4   2:30p   NNE
22  21.9  25.9  10:30a  20.2   8:30p   0.0   3.6 163.8   1.3  17.7   4:30p   SSE
23  22.7  27.6   3:30p  19.5   4:30a   0.0   4.4   1.2   2.3  24.1  12:30p   ENE
24  24.6  30.2   1:00p  19.4   5:30a   0.0   6.3   0.0   2.6  17.7   3:30p   NNE
25  25.8  31.0   1:00p  22.2   5:00a   0.0   7.6  31.6   2.9  22.5   5:00p   NNE
26  26.0  30.6  12:00p  22.4  12:30a   0.0   7.7  11.6   2.6  20.9  12:30p   NNE
27  25.2  30.1  12:30p  22.2   6:00a   0.0   6.9   0.0   3.4  24.1   4:30p   ESE
28  24.0  27.6   3:00p  20.9  11:00p   0.0   5.7   0.0   3.4  22.5   9:30a   ESE
29  23.4  27.8   1:00p  20.0   3:30a   0.0   5.1   0.0   2.4  19.3  12:30p   ENE
30  23.1  27.2   1:00p  20.1  12:30a   0.0   4.8   0.0   1.8  20.9  12:00p   ENE
31  21.6  24.7   2:30p  19.9   6:00a   0.0   3.3   1.4   3.2  29.0   8:30p   SSE
-------------------------------------------------------------------------------------
    24.6  34.3     5    17.8    15     0.0 196.0 256.6   3.4  45.1     5     ENE

Max >=  32.0:  2
Max <=   0.0:  0
Min <=   0.0:  0
Min <= -18.0:  0
Max Rain: 163.80 ON 22-03-15
Days of Rain: 8 (> .2 mm) 6 (> 2 mm) 3 (> 20 mm)
Heat Base:  18.3  Cool Base:  18.3  Method: Integration