Select a Year or Month report

Report for 2015 Apr
                   MONTHLY CLIMATOLOGICAL SUMMARY for APR. 2015

NAME: CarinaCentral   CITY: Brisbane   STATE: Queensland 
ELEV:    24 m  LAT:  27 29' 04" S  LONG: 153 05' 43" E

                   TEMPERATURE (C), RAIN  (mm), WIND SPEED (km/hr)

                                      HEAT  COOL        AVG
    MEAN                              DEG   DEG         WIND                 DOM
DAY TEMP  HIGH   TIME   LOW    TIME   DAYS  DAYS  RAIN  SPEED HIGH   TIME    DIR
------------------------------------------------------------------------------------
 1  20.7  23.9   3:30p  18.6   7:30a   0.0   2.4  93.6   4.7  25.7   4:30p   SSE
 2  21.7  26.1  12:30p  18.8   6:00a   0.0   3.4  30.8   3.2  29.0   1:00p   ESE
 3  23.3  27.8   2:30p  20.6   2:00a   0.0   5.0  15.0   3.2  27.4  12:30p   ENE
 4  23.9  28.2  12:00p  20.8   6:00a   0.0   5.6   1.6   1.8  19.3   2:00p   ENE
 5  23.8  27.9   2:30p  18.7  12:00m   0.0   5.6   0.2   2.9  29.0   1:30p     W
 6  23.3  30.2   1:30p  16.0   6:30a   0.3   5.2   0.0   2.3  17.7   2:30p   NNE
 7  24.8  28.8  10:30a  20.6  12:00m   0.0   6.5   0.0   2.1  24.1  11:00a   NNE
 8  20.3  26.1   4:30p  13.1   6:30a   0.6   2.6   0.0   4.5  32.2  12:30p   WSW
 9  19.8  26.6   1:30p  13.7   6:30a   0.9   2.4   0.0   3.2  17.7   7:30a   WSW
10  20.7  25.8   2:30p  16.6   4:30a   0.4   2.8   0.0   4.3  24.1   3:30p   SSE
11  21.4  25.5   1:30p  18.3  12:00m   0.0   3.2   0.0   5.1  24.1  11:30a   ESE
12  21.1  27.4   1:30p  16.4   6:30a   0.3   3.1   0.0   2.3  16.1   8:00a    SW
13  21.6  25.8   2:30p  17.8  12:00m   0.0   3.3   0.0   4.7  25.7   3:30p   ESE
14  20.6  26.1   2:00p  16.2   2:30a   0.4   2.7   0.0   2.6  20.9  12:00p     E
15  20.7  25.6  11:30a  16.9   6:30a   0.2   2.5   0.6   1.6  16.1  12:00p   ENE
16  20.9  27.1   1:00p  16.1   5:00a   0.4   3.1   0.0   1.8  19.3   3:00p   ENE
17  21.6  27.1  12:30p  16.3   6:30a   0.2   3.5   3.2   2.3  17.7  12:00p   ENE
18  22.4  26.4  11:30a  18.1   6:30a   0.0   4.2   0.8   2.6  19.3   4:00p   ENE
19  22.9  28.3   3:00p  18.8   6:30a   0.0   4.7   9.4   1.1  14.5   3:00p     W
20  19.3  20.9  11:00a  15.9  12:00m   0.4   1.3   7.8   2.9  30.6   9:30p   WSW
21  16.3  20.4   2:00p  12.1  12:00m   2.2   0.3   0.0   6.3  32.2  10:00a   WSW
22  17.1  23.6   3:30p  11.7   2:30a   2.2   1.0   0.0   3.2  27.4   9:30a     W
23  18.3  25.7   3:00p  12.6   6:30a   1.8   1.8   0.0   1.8  19.3   8:30a    SW
24  20.2  27.3   3:30p  15.1   5:30a   0.8   2.7   0.0   1.8  19.3  10:30a    SW
25  21.3  28.7   2:00p  14.6   5:00a   0.7   3.7   0.0   1.6  17.7   1:00p    SW
26  19.1  22.3   2:00p  14.8  12:00m   0.5   1.3   0.0   7.2  45.1   1:00p     W
27  17.7  25.1   3:00p  11.3   6:30a   2.0   1.4   0.0   2.3  19.3   8:30a    SW
28  19.2  24.2   1:00p  14.0   6:30a   0.9   1.8   0.0   5.1  24.1   1:30p    SE
29  18.2  22.4  11:30a  14.2   3:30a   1.3   1.1   2.2   4.7  33.8  11:30a    SE
30  16.6  17.4   1:00p  15.9   7:30p   1.8   0.0  52.6   3.2  22.5   2:30a   SSE
-------------------------------------------------------------------------------------
    20.6  30.2     6    11.3    27    18.3  88.0 217.8   3.2  45.1    26       W

Max >=  32.0:  0
Max <=   0.0:  0
Min <=   0.0:  0
Min <= -18.0:  0
Max Rain: 93.60 ON 01-04-15
Days of Rain: 12 (> .2 mm) 8 (> 2 mm) 3 (> 20 mm)
Heat Base:  18.3  Cool Base:  18.3  Method: Integration