Select a Year or Month report

Report for 2015 Nov
                   MONTHLY CLIMATOLOGICAL SUMMARY for NOV. 2015

NAME: CarinaCentral   CITY: Brisbane   STATE: Queensland 
ELEV:    24 m  LAT:  27 29' 04" S  LONG: 153 05' 43" E

                   TEMPERATURE (C), RAIN  (mm), WIND SPEED (km/hr)

                                      HEAT  COOL        AVG
    MEAN                              DEG   DEG         WIND                 DOM
DAY TEMP  HIGH   TIME   LOW    TIME   DAYS  DAYS  RAIN  SPEED HIGH   TIME    DIR
------------------------------------------------------------------------------------
 1  21.6  27.0   2:00p  16.2   3:30a   0.4   3.7   0.0   3.7  25.7   1:30p     N
 2  23.4  29.2  11:00a  17.7   5:30a   0.0   5.2   0.0   4.5  29.0   4:30p     N
 3  24.2  30.6  11:30a  17.7   4:30a   0.0   6.0  17.6   4.3  25.7   4:00p     N
 4  23.9  29.3  12:00p  19.4   4:30a   0.0   5.7   0.0   3.2  22.5   3:30p   NNE
 5  24.3  29.3  12:00p  20.2  12:00m   0.0   6.0  13.0   3.4  20.9  12:00p    NE
 6  23.7  29.2   1:30p  19.2   5:00a   0.0   5.4   2.2   3.9  25.7   4:30p   NNE
 7  25.7  33.3  12:30p  19.1   5:30a   0.0   7.4   0.0   3.9  27.4   5:30p   NNE
 8  22.2  25.3   2:30p  18.3   9:00p   0.0   3.9  10.8   5.1  27.4   8:00p    SE
 9  20.6  24.2   1:00p  17.9  12:00m   0.0   2.3   0.4   6.4  33.8  10:30a   ESE
10  20.9  26.1   2:30p  16.0   5:30a   0.4   3.0   0.0   2.6  19.3   3:30p   ENE
11  21.3  26.0   1:00p  17.0   5:00a   0.2   3.2   0.0   4.2  24.1  12:30p   ESE
12  21.7  26.2   2:30p  16.7   5:30a   0.2   3.6   0.2   4.0  24.1  12:00p   ENE
13  23.9  28.2   3:00p  19.3   4:00a   0.0   5.6   0.0   3.4  22.5   1:30p     N
14  22.2  26.4   1:00p  18.7   5:30a   0.0   3.9  12.6   1.9  19.3   9:00p     N
15  22.1  26.6   2:30p  18.7  12:00m   0.0   3.8   0.0   5.5  38.6   5:00p   ESE
16  21.2  26.1  12:30p  17.4   4:30a   0.1   3.0   0.0   6.3  33.8   5:00p   ESE
17  20.7  25.3   3:00p  16.1   5:00a   0.5   2.9   0.0   4.0  24.1  12:30p     E
18  22.1  28.7   1:00p  15.0   4:30a   0.5   4.3   0.0   2.7  20.9  11:30a   NNE
19  24.2  33.3  12:30p  15.6   5:00a   0.3   6.3   0.0   3.1  22.5   5:30p     N
20  24.9  31.3   9:30a  17.7   3:30a   0.0   6.7   0.0   3.5  24.1   3:30p   NNE
21  26.0  33.2  12:00p  18.2   4:30a   0.0   7.7   0.0   5.0  35.4  10:30p     N
22  23.3  25.4  12:00p  21.7   5:30a   0.0   5.0   0.0   5.0  25.7   1:00a   ESE
23  25.8  29.8  11:00a  21.5   5:00a   0.0   7.5   0.0   4.3  25.7   1:00p   NNE
24  25.3  29.8   2:30p  19.8   5:00a   0.0   7.0   0.0   3.7  22.5  12:30p   ENE
25  26.4  31.2   1:30p  23.2   4:30a   0.0   8.1   0.0   3.7  24.1   9:00p     N
26  26.6  30.9  11:00a  21.7   5:30a   0.0   8.3   0.0   4.8  33.8   4:30p     N
27  25.8  30.7   2:00p  22.9  12:00m   0.0   7.6   0.0   6.0  32.2   9:30a   ESE
28  25.7  30.6  12:30p  22.5   1:00a   0.0   7.4   0.0   4.0  20.9   2:30p   ENE
29  25.6  31.3   1:30p  20.1  11:30p   0.0   7.2  22.6   3.9  45.1   6:00p   NNE
30  26.2  31.6  11:00a  20.3  12:30a   0.0   7.9   0.0   3.5  27.4   3:00p   NNE
-------------------------------------------------------------------------------------
    23.7  33.3     7    15.0    18     2.7 165.4  79.4   4.1  45.1    29       N

Max >=  32.0:  3
Max <=   0.0:  0
Min <=   0.0:  0
Min <= -18.0:  0
Max Rain: 22.61 ON 29/11/15
Days of Rain: 8 (> .2 mm) 6 (> 2 mm) 1 (> 20 mm)
Heat Base:  18.3  Cool Base:  18.3  Method: Integration