Select a Year or Month report

Report for 2015 Dec
                   MONTHLY CLIMATOLOGICAL SUMMARY for DEC. 2015

NAME: CarinaCentral   CITY: Brisbane   STATE: Queensland 
ELEV:    24 m  LAT:  27 29' 04" S  LONG: 153 05' 43" E

                   TEMPERATURE (C), RAIN  (mm), WIND SPEED (km/hr)

                                      HEAT  COOL        AVG
    MEAN                              DEG   DEG         WIND                 DOM
DAY TEMP  HIGH   TIME   LOW    TIME   DAYS  DAYS  RAIN  SPEED HIGH   TIME    DIR
------------------------------------------------------------------------------------
 1  26.2  30.7  11:00a  21.3   5:00a   0.0   7.9   0.0   3.9  27.4   4:00p   NNE
 2  24.1  28.1  10:00a  20.9  11:00p   0.0   5.8   2.8   1.1  17.7  12:30p     W
 3  22.7  27.0   3:30p  20.1  12:00m   0.0   4.4   0.6   7.9  37.0  12:00p    SE
 4  20.9  24.2   1:00p  16.9   5:00a   0.1   2.8   0.0   6.9  32.2  12:00p    SE
 5  22.1  26.8  12:30p  16.4   5:00a   0.2   4.0   0.0   6.3  30.6   3:00p   ESE
 6  22.6  28.2   2:00p  16.6   4:00a   0.2   4.5   0.0   4.5  30.6   2:30p     E
 7  23.6  29.4  12:00p  17.1   3:00a   0.1   5.3   0.0   3.5  20.9   4:00p     E
 8  24.9  30.0   2:00p  18.3   5:00a   0.0   6.6   0.0   3.2  20.9  12:00p   ENE
 9  25.4  30.7   1:30p  19.6   5:00a   0.0   7.1   0.0   3.2  24.1   5:00p     N
10  25.8  32.2   1:30p  21.2  12:00m   0.0   7.5   0.2   3.2  35.4   6:00p   NNE
11  26.3  32.3  10:30a  19.6   4:30a   0.0   8.0   0.0   3.5  24.1   3:00p   NNE
12  21.4  25.1  12:30a  19.0  12:00m   0.0   3.1   7.4   2.1  19.3  12:30a   WSW
13  21.2  26.9   2:30p  18.1  12:00m   0.0   2.9   4.4   3.7  29.0  10:30a   ESE
14  23.4  29.0   1:30p  16.8   5:00a   0.1   5.2   0.0   2.6  20.9   2:30p    NE
15  24.4  30.2  12:30p  19.1   3:30a   0.0   6.1   0.0   2.4  22.5   1:00p   ENE
16  24.1  26.9   2:00p  21.2  11:30p   0.0   5.7   0.0   2.4  16.1  12:00p     E
17  23.6  28.4   2:00p  19.6   5:00a   0.0   5.3   5.2   5.3  30.6   6:00p     E
18  22.9  27.7   3:00p  18.3   5:00a   0.0   4.6   0.0   3.4  29.0   5:00p   ENE
19  23.2  28.6  11:00a  18.4   3:00a   0.0   4.9   0.0   3.2  25.7   2:30p   ENE
20  24.5  29.5  12:00p  18.6   5:00a   0.0   6.2   0.0   3.4  25.7   1:00p   ENE
21  26.1  30.8   1:30p  22.1   5:00a   0.0   7.8   0.0   3.7  22.5   1:30p   NNE
22  25.2  29.8  12:30p  20.4   4:30a   0.0   6.8   0.0   2.9  20.9   2:00p   ENE
23  25.5  31.2  12:30p  20.3   5:00a   0.0   7.2   0.0   3.4  24.1   6:00p   ENE
24  22.5  28.4   2:30p  20.0  12:00m   0.0   4.2  40.6   2.6  24.1   3:30p    SE
25  22.8  27.7   2:30p  18.9   4:30a   0.0   4.5   0.0   4.7  24.1   4:00p   ESE
26  25.3  31.6   2:30p  17.8   3:30a   0.0   7.1   0.0   3.4  22.5   5:30p     N
27  25.6  31.6   1:30p  22.4   7:00p   0.0   7.3  35.2   3.7  29.0   5:30p    NW
28  23.3  27.9   1:00p  19.9   6:00a   0.0   5.0   0.0   9.0  33.8  11:30a   ESE
29  21.8  25.2   4:00p  17.8   5:00a   0.0   3.6   0.0   7.4  35.4   1:00p    SE
30  23.4  28.4   2:30p  18.9   4:30a   0.0   5.1   0.0   7.2  30.6  10:00a   ESE
31  23.7  28.2  12:00p  19.5   4:00a   0.0   5.4   0.0   8.0  38.6   4:00p   ESE
-------------------------------------------------------------------------------------
    23.8  32.3    11    16.4     5     0.8 172.1  96.4   4.3  38.6    31     ESE

Max >=  32.0:  2
Max <=   0.0:  0
Min <=   0.0:  0
Min <= -18.0:  0
Max Rain: 40.59 ON 24/12/15
Days of Rain: 8 (> .2 mm) 6 (> 2 mm) 2 (> 20 mm)
Heat Base:  18.3  Cool Base:  18.3  Method: Integration