Select a Year or Month report

Report for 2016
                   Annual Climatological Summary for 2016

Name: Carina Weather   City: Carina, Brisbane   State: Queensland
Elevation: 18 m  Lat: S 27 29' 04"   Lon: E 153 05' 43"

                  Temperature (C), Heat Base: 18.3  Cool Base: 18.3
                          Dep.  Heat  Cool                       Max  Max  Min  Min
        Mean  Mean        From  Deg   Deg                        >=   <=   <=   <=
 YR MO  Max   Min   Mean  Norm  Days  Days  Hi  Date  Low  Date 27.0  0.0  0.0 -18.0
------------------------------------------------------------------------------------
 16  1  29.5  20.0  24.6  -0.5     0   195  34.4  29  17.7    2   27    0    0    0
 16  2  30.8  21.5  25.8   0.9     0   215  35.8   2  18.7   24   27    0    0    0
 16  3  29.1  20.2  24.1   0.3     0   177  32.4  19  17.9   23   29    0    0    0
 16  4  27.5  18.1  22.3   0.8     2   120  30.4   2  15.7   15   18    0    0    0
 16  5  26.2  14.0  19.4   1.1    40    74  30.8  28   7.9   30    8    0    0    0
 16  6  21.3  12.1  16.3   0.3    78    18  27.3   9   5.6   26    1    0    0    0
 16  7  22.4  11.1  16.1   1.0    95    27  29.3  23   6.1    3    3    0    0    0
 16  8  23.1  10.8  16.3   0.1    92    30  26.7  23   7.8   21    0    0    0    0
 16  9  25.4  13.9  19.3   0.7    32    62  28.6  25   9.9   28    5    0    0    0
 16 10  27.4  13.8  20.5  -0.5    32   100  31.0   8   9.7    1   20    0    0    0
 16 11  30.6  18.2  23.9   1.0     3   170  35.4  24  12.7    2   29    0    0    0
 16 12  30.5  20.3  25.2   0.7     0   215  35.9  21  16.8   13   29    0    0    0
------------------------------------------------------------------------------------
        27.0  16.2  21.1   0.5   378  1409  35.9 Dec   5.6  Jun  196    0    0    0

                                Precipitation (mm)

              Dep.   Max        Days of Rain
              From   Obs.           >=
 YR MO Total  Norm   Day Date  0.2  2.0 20.0
---------------------------------------------
 16  1 116.4 -41.6  64.8   5     9    7    2
 16  2  44.2-111.7  26.0   3     9    6    1
 16  3 134.0  -3.4  31.2   1    21   12    3
 16  4  16.8 -73.2   5.2  14     8    4    0
 16  5  30.4 -41.9  17.6   3     3    3    0
 16  6 159.0  92.2  71.0  19    12    7    2
 16  7  27.6 -25.9  11.2   5     6    3    0
 16  8  33.0 -12.5  12.2  24    12    4    0
 16  9  62.4  18.3  19.6  10    13    7    0
 16 10  34.6 -40.5  13.0   3     6    4    0
 16 11  36.8 -60.9  20.4  12     9    4    1
 16 12  86.2 -47.7  27.4   3    12    6    2
---------------------------------------------
       781.4-348.8  71.0  Jun  120   67   11

                                Wind Speed (km/h)
                          Dom
 YR MO   Avg.  Hi   Date  Dir
------------------------------
 16  1   4.0  41.8   15     E
 16  2   5.9  41.8    9   ESE
 16  3   3.8  37.0   12   ESE
 16  4   3.6  46.7   24   ESE
 16  5   2.1  42.0   27     W
 16  6   1.7  35.0    5   WNW
 16  7   1.1  34.0    6    NW
 16  8   1.2  40.0    3     N
 16  9   1.4  34.0    3    NW
 16 10   1.5  29.0   14     N
 16 11   1.3  29.0   14   ENE
 16 12   2.9  31.0   18    SE
------------------------------
         2.5  46.7  Apr     E