Select a Year or Month report

Report for 2016 Jan
                   MONTHLY CLIMATOLOGICAL SUMMARY for JAN. 2016

NAME: CarinaCentral   CITY: Brisbane   STATE: Queensland 
ELEV:    24 m  LAT:  27 29' 04" S  LONG: 153 05' 43" E

                   TEMPERATURE (C), RAIN  (mm), WIND SPEED (km/hr)

                                      HEAT  COOL        AVG
    MEAN                              DEG   DEG         WIND                 DOM
DAY TEMP  HIGH   TIME   LOW    TIME   DAYS  DAYS  RAIN  SPEED HIGH   TIME    DIR
------------------------------------------------------------------------------------
 1  23.3  28.8   2:00p  19.0   4:00a   0.0   5.1   0.0   6.1  30.6   4:30p   ESE
 2  23.4  29.2  11:00a  17.7   5:00a   0.0   5.1   0.0   3.9  25.7   4:00p   ENE
 3  22.7  26.8   1:00p  19.7  12:00m   0.0   4.4   5.6   4.5  20.9   1:00p   ESE
 4  21.9  26.9   2:30p  17.9   5:00a   0.0   3.6  35.2   2.7  19.3   3:00a   SSW
 5  20.9  21.6   1:00p  20.1   8:00a   0.0   2.7  64.8   1.8  16.1   9:30a     E
 6  25.7  31.8   4:00p  20.4   5:30a   0.0   7.4   0.0   4.5  29.0   5:30p    SW
 7  25.6  31.1  11:00a  21.1   5:30a   0.0   7.3   0.0   3.5  25.7  12:00m     E
 8  24.3  29.8  12:30p  20.8  12:00m   0.0   6.0   0.0   4.5  22.5   6:00p   ESE
 9  24.1  29.3   1:30p  18.4   5:30a   0.0   5.8   0.0   3.1  20.9   4:30p   ENE
10  24.7  30.7  11:30a  20.4   5:30a   0.0   6.4   0.0   2.9  20.9   4:30p     E
11  24.9  30.3  12:30p  19.0   5:30a   0.0   6.7   0.0   2.3  24.1  12:00p   ENE
12  26.1  31.7   1:30p  20.3   5:30a   0.0   7.8   0.0   3.4  20.9   5:30p   NNE
13  25.7  30.5  11:00a  20.1   5:30a   0.0   7.4   0.0   2.4  19.3  12:30p   ENE
14  25.5  30.7  12:30p  19.2   4:30a   0.0   7.2   0.0   3.1  24.1  11:00a   ENE
15  25.3  31.4  12:00p  19.9   5:00a   0.0   7.0   0.0   6.9  41.8   8:30p    SE
16  21.8  24.7   3:00p  18.7   7:30a   0.0   3.5   0.4   8.9  40.2   3:00p    SE
17  22.8  27.2   2:00p  17.8   5:00a   0.0   4.5   0.0   8.7  35.4  11:00a   ESE
18  23.3  28.4   2:00p  19.2  11:30p   0.0   5.0   0.0   5.0  27.4  12:00p   ESE
19  24.2  29.5   1:00p  18.4   1:00a   0.0   5.9   0.0   2.6  20.9   1:30p   ENE
20  24.9  30.3   1:00p  18.3   5:00a   0.0   6.6   0.0   2.9  22.5   3:00p   NNE
21  25.4  30.5   2:30p  18.1   5:00a   0.0   7.1   0.0   4.3  22.5   1:00p     N
22  26.3  31.6  11:30a  20.4   5:30a   0.0   8.0   0.0   4.7  29.0   5:30p    NW
23  26.0  29.6   2:00p  22.2  12:00m   0.0   7.7   0.2   2.9  19.3   8:00a    NW
24  25.2  30.9   1:00p  20.4   4:30a   0.0   6.9   0.0   4.5  25.7   1:30p   ESE
25  25.3  30.7  12:00p  21.6   3:00a   0.0   7.1   0.0   3.2  25.7   3:30p   ENE
26  24.5  28.3  11:30a  22.0   6:00a   0.0   6.2   2.6   4.0  22.5   2:00p   ESE
27  24.3  28.7   1:30p  19.5   5:30a   0.0   6.0   0.0   3.4  19.3   1:00p   ENE
28  24.9  27.7   5:30p  22.4   5:00a   0.0   6.6   2.2   2.4  25.7   6:00p   NNE
29  27.1  34.4   1:00p  22.5   4:00a   0.0   8.7   2.8   3.1  22.5   2:30p    NW
30  25.9  30.3  11:00a  22.7   5:30a   0.0   7.6   2.6   3.4  24.1  10:00p   NNW
31  27.3  32.2   1:30p  23.0   6:00a   0.0   9.0   0.0   4.3  30.6   3:30p     N
-------------------------------------------------------------------------------------
    24.6  34.4    29    17.7     2     0.1 196.2 116.4   4.0  41.8    15     ESE

Max >=  32.0:  2
Max <=   0.0:  0
Min <=   0.0:  0
Min <= -18.0:  0
Max Rain: 64.80 ON 05/01/16
Days of Rain: 9 (> .2 mm) 7 (> 2 mm) 2 (> 20 mm)
Heat Base:  18.3  Cool Base:  18.3  Method: Integration