Select a Year or Month report

Report for 2016 Feb
                   MONTHLY CLIMATOLOGICAL SUMMARY for FEB. 2016

NAME: CarinaCentral   CITY: Brisbane   STATE: Queensland 
ELEV:    24 m  LAT:  27 29' 04" S  LONG: 153 05' 43" E

                   TEMPERATURE (C), RAIN  (mm), WIND SPEED (km/hr)

                                      HEAT  COOL        AVG
    MEAN                              DEG   DEG         WIND                 DOM
DAY TEMP  HIGH   TIME   LOW    TIME   DAYS  DAYS  RAIN  SPEED HIGH   TIME    DIR
------------------------------------------------------------------------------------
 1  28.1  34.3   1:30p  24.4   5:30a   0.0   9.8   0.0   4.8  27.4   4:00p   NNW
 2  29.8  35.8   2:00p  23.3   5:30a   0.0  11.5   0.0   2.6  30.6  12:00m     W
 3  27.2  33.7   2:00p  23.8   5:00a   0.0   8.9  26.0   3.1  32.2  12:30a    NW
 4  24.5  26.9  10:00a  21.2  11:00p   0.0   6.2   3.0   5.0  32.2   3:00p    SE
 5  23.9  26.6   3:00p  21.3  12:30a   0.0   5.7   3.2   6.3  30.6   2:00p    SE
 6  24.2  28.8   1:30p  21.6   3:30a   0.0   5.9   4.8   8.9  37.0   1:00p    SE
 7  24.1  27.8   2:30p  21.0   6:00a   0.0   5.8   0.2   6.9  30.6   3:30p    SE
 8  24.6  29.3  12:00p  19.5   6:00a   0.0   6.2   0.0   6.4  32.2   5:30p   ESE
 9  24.8  29.4   2:30p  19.8   5:30a   0.0   6.5   0.0   8.5  41.8   4:30p    SE
10  24.9  30.1  12:30p  22.0   4:00a   0.0   6.6   0.0   8.5  37.0   5:00p    SE
11  24.8  29.8   1:00p  19.3   5:30a   0.0   6.5   0.0   6.0  35.4   4:30p   ESE
12  24.8  29.2  12:00p  20.5   5:30a   0.0   6.5   0.0   8.7  40.2   5:00p   ESE
13  23.8  28.1   2:30p  20.6   3:30a   0.0   5.5   0.6   7.7  38.6   2:30p    SE
14  25.4  32.1   1:30p  19.7   6:00a   0.0   7.1   0.0   6.0  32.2   3:00p   ESE
15  26.1  32.4   1:00p  20.2   6:00a   0.0   7.7   0.0   5.1  29.0   5:00p   ESE
16  26.7  35.1   1:00p  21.0   5:30a   0.0   8.4   0.0   3.1  19.3  11:00a   ENE
17  27.1  32.6  12:30p  23.9   3:30a   0.0   8.8   0.0   3.2  25.7   3:30p    NE
18  27.8  31.9   1:30p  24.2   6:30a   0.0   9.5   0.0   4.5  25.7   3:00p   NNE
19  27.2  31.4   1:00p  22.5  12:00m   0.0   8.9   2.0   5.0  25.7   5:30p    NE
20  26.6  31.3   1:00p  22.4  12:30a   0.0   8.3   4.0   3.4  22.5   5:00p   ENE
21  25.8  30.3   1:00p  22.4   4:30a   0.0   7.5   0.0   8.0  35.4   3:00p   ESE
22  25.3  29.6   1:00p  21.7   5:30a   0.0   7.0   0.4   8.9  40.2   1:30p   ESE
23  24.9  29.8   1:30p  20.5   6:00a   0.0   6.6   0.0   7.7  33.8   1:30p   ESE
24  24.8  30.3   2:00p  18.7   6:00a   0.0   6.5   0.0   3.9  27.4  12:00p     E
25  24.8  30.7   2:00p  19.8   3:30a   0.0   6.4   0.0   2.4  22.5   2:00p   ENE
26  25.7  31.6   3:00p  19.9   5:30a   0.0   7.4   0.0   3.7  20.9   5:30p   ESE
27  27.3  33.2  12:30p  21.9   2:30a   0.0   9.0   0.0   7.9  32.2   3:00p    SE
28  26.5  31.4  12:30p  22.3   4:00a   0.0   8.2   0.0   7.6  33.8   4:30p   ESE
29  26.1  30.6  12:00p  22.9   6:00a   0.0   7.8   0.0   8.2  37.0   5:30p   ESE
-------------------------------------------------------------------------------------
    25.8  35.8     2    18.7    24     0.0 216.7  44.2   5.9  41.8     9      SE

Max >=  32.0:  8
Max <=   0.0:  0
Min <=   0.0:  0
Min <= -18.0:  0
Max Rain: 26.01 ON 03/02/16
Days of Rain: 9 (> .2 mm) 6 (> 2 mm) 1 (> 20 mm)
Heat Base:  18.3  Cool Base:  18.3  Method: Integration