Select a Year or Month report

Report for 2016 Jun
                   Monthly Climatological Summary for Jun 2016

Name: Carina Weather   City: Carina, Brisbane   State: Queensland
Elevation: 18 m  Lat: S 27 29' 04"   Lon: E 153 05' 43"

                  Temperature (C), Rain (mm), Wind Speed (km/h)

                                      Heat  Cool        Avg
    Mean                              Deg   Deg         Wind                 Dom
Day Temp  High   Time   Low    Time   Days  Days  Rain  Speed High   Time    Dir
----------------------------------------------------------------------------------
 1  17.9  21.9   13:26  14.6   06:39   1.2   0.8   0.0   1.1  13.0   12:40     E
 2  17.3  20.8   11:06  14.9   23:11   1.3   0.3   0.2   1.1  14.0   11:17     E
 3  17.6  21.1   11:07  14.9   07:02   1.1   0.4   9.8   0.3   8.0   10:13     E
 4  18.8  20.4   13:19  16.2   23:57   0.3   0.8  65.2   1.5  23.0   09:03   NNW
 5  15.9  19.6   12:53  14.1   06:48   2.4   0.1   0.0   5.9  35.0   13:50   WNW
 6  15.8  18.4   12:37  13.5   06:56   2.5   0.0   0.0   5.4  32.0   15:14   WNW
 7  16.1  22.0   14:07   8.9   06:40   2.9   0.7   0.0   2.2  27.0   14:50   WNW
 8  16.3  23.8   14:53   9.6   05:16   3.1   1.1   0.0   1.1  16.0   08:51   WNW
 9  18.0  27.3   12:50   9.8   06:01   2.7   2.3   0.0   0.2   6.0   10:29    NW
10  19.2  24.9   14:41  12.7   23:26   1.0   1.9   0.0   1.8  19.0   09:49   WNW
11  16.8  24.1   12:58  10.7   03:50   2.7   1.2   0.0   0.3  10.0   09:49     N
12  16.7  21.2   13:12  12.6   02:58   2.0   0.3   0.0   2.1  24.0   13:16     E
13  16.6  19.7   12:57  14.6   04:58   1.8   0.1   3.6   2.4  24.0   13:46     E
14  17.2  23.6   12:46  14.1   05:09   1.9   0.8   0.2   1.6  19.0   14:19     E
15  17.0  21.0   13:44  13.4   05:26   1.7   0.4   3.6   1.5  19.0   14:20     E
16  17.2  23.2   11:50  13.1   22:03   2.0   0.9   0.0   0.7  19.0   11:22     E
17  16.4  23.0   12:05  10.3   05:34   2.8   1.0   0.2   0.1   6.0   13:05   WNW
18  17.7  22.8   12:19  13.4   05:45   1.5   0.9   0.0   0.0   6.0   09:41     E
19  19.2  22.1   10:04  17.3   20:13   0.2   1.1  71.0   0.8  16.0   12:02     N
20  17.1  20.7   11:50  14.9   06:10   1.4   0.3   0.4   3.7  29.0   10:27   WNW
21  16.6  21.3   13:45  14.0   06:40   2.0   0.3   0.0   3.2  27.0   02:11   WNW
22  16.4  21.2   15:50  12.2   04:45   2.3   0.4   0.0   1.3  23.0   10:15   WNW
23  15.8  18.0   14:08  13.3   07:03   2.5   0.0   2.4   0.4  11.0   00:56   WNW
24  18.0  23.3   14:23  14.8   00:00   1.3   1.1   0.2   3.7  35.0   22:30   WNW
25  12.2  18.2   15:19   5.9   23:34   6.1   0.0   0.0   1.6  32.0   00:18    NW
26  11.7  17.4   15:02   5.6   02:01   6.6   0.0   0.0   0.3  10.0   10:04    NW
27  13.0  16.9   10:34   9.6   23:57   5.3   0.0   2.2   2.1  29.0   17:14   WNW
28  12.3  18.4   15:24   7.8   06:42   6.0   0.0   0.0   2.8  23.0   05:43   WNW
29  13.5  21.7   15:22   8.2   05:28   5.2   0.4   0.0   0.7  11.0   09:30   NNE
30  13.8  22.4   14:00   8.1   05:14   5.0   0.5   0.0   0.5  11.0   09:54   NNE
----------------------------------------------------------------------------------
    16.3  27.3     9     5.6    26    78.8  18.1 159.0   1.7  35.0     5      NW

Max >=  27.0:  1
Max <=   0.0:  0
Min <=   0.0:  0
Min <= -18.0:  0
Max Rain: 71.0 on day 19
Days of Rain: 12 (>= 0.2 mm)  7 (>= 2.0 mm)  2 (>= 20.0 mm)
Heat Base: 18.3  Cool Base: 18.3  Method: Integration