Select a Year or Month report

Report for 2016 Jul
                   Monthly Climatological Summary for Jul 2016

Name: Carina Weather   City: Carina, Brisbane   State: Queensland
Elevation: 18 m  Lat: S 27 29' 04"   Lon: E 153 05' 43"

                  Temperature (C), Rain (mm), Wind Speed (km/h)

                                      Heat  Cool        Avg
    Mean                              Deg   Deg         Wind                 Dom
Day Temp  High   Time   Low    Time   Days  Days  Rain  Speed High   Time    Dir
----------------------------------------------------------------------------------
 1  16.0  22.1   13:52   9.9   07:01   3.0   0.8   0.0   1.3  19.0   12:03   WNW
 2  13.4  21.7   15:09   7.8   23:57   5.4   0.5   0.0   0.5  13.0   10:24     N
 3  12.7  21.8   14:55   6.1   05:19   6.1   0.5   0.0   0.5  11.0   10:27   NNE
 4  14.5  22.8   14:00   8.5   02:33   4.4   0.6   0.0   0.3  11.0   13:07     N
 5  16.0  19.2   15:26  13.1   23:57   2.2   0.0  11.2   0.4  16.0   22:12   WNW
 6  13.3  16.6   14:04  10.4   06:23   5.0   0.0   0.0   4.7  34.0   17:25   WNW
 7  14.8  20.3   13:10   9.4   06:43   3.8   0.3   0.0   3.1  27.0   11:26   WNW
 8  15.5  22.8   14:35   9.4   06:17   3.6   0.8   0.0   1.1  16.0   17:15   WNW
 9  15.3  22.5   14:27   9.9   07:15   3.8   0.8   0.0   0.7  11.0   11:37    NE
10  15.5  23.2   13:42  10.2   00:48   3.7   0.9   0.0   0.7  14.0   11:58     E
11  15.8  21.6   14:11  11.2   04:10   2.8   0.4   0.0   0.2   8.0   12:31    NW
12  17.2  23.7   13:38  12.6   04:07   2.0   1.0   0.2   0.0   8.0   23:50   ---
13  17.6  21.5   12:21  13.6   23:41   1.3   0.6   0.0   2.2  21.0   11:32   WNW
14  14.1  18.0   13:39  11.5   06:51   4.2   0.0   0.0   1.1  13.0   08:57    NE
15  15.1  18.6   11:51  11.9   03:05   3.2   0.0   0.0   2.2  18.0   12:39     E
16  15.8  17.7   10:16  14.2   20:05   2.5   0.0  10.4   1.9  19.0   03:37     E
17  17.7  22.4   11:30  14.1   00:03   1.5   0.9   4.8   1.6  19.0   11:09     E
18  18.2  24.4   14:21  15.1   07:19   1.2   1.1   0.8   0.4   8.0   13:34   ENE
19  18.3  24.6   13:37  14.1   23:54   1.4   1.4   0.0   0.5  11.0   12:43    NW
20  18.7  25.6   12:38  13.1   05:00   1.5   1.9   0.0   0.5  10.0   09:59   WNW
21  19.6  27.6   14:43  14.1   06:23   1.1   2.4   0.0   0.4  10.0   11:40    NW
22  20.1  27.5   12:38  15.5   05:56   0.7   2.5   0.2   0.4  14.0   12:03   WNW
23  22.3  29.3   13:15  15.8   23:54   0.4   4.4   0.0   2.5  34.0   12:44   WNW
24  16.4  22.7   13:40  11.1   23:25   2.8   0.9   0.0   0.6  11.0   02:03     N
25  15.9  22.8   13:57  10.2   03:37   3.2   0.9   0.0   1.0  16.0   14:39   WNW
26  14.8  19.6   13:51  10.6   03:47   3.5   0.0   0.0   0.5  11.0   08:45   WNW
27  15.2  20.2   15:23   8.7   23:36   3.1   0.1   0.0   1.5  18.0   15:09   WNW
28  14.7  22.7   15:34   8.8   00:45   4.3   0.8   0.0   0.7  19.0   11:39   NNW
29  15.0  23.7   13:34   8.1   06:21   4.4   1.1   0.0   0.6  10.0   09:22   NNW
30  14.4  23.4   14:28   7.6   06:07   4.8   0.9   0.0   0.5  11.0   11:24   NNE
31  15.0  24.6   13:36   8.4   06:34   4.6   1.3   0.0   0.4  10.0   09:56   NNW
----------------------------------------------------------------------------------
    16.1  29.3    23     6.1     3    95.5  27.8  27.6   1.1  34.0     6      NW

Max >=  27.0:  3
Max <=   0.0:  0
Min <=   0.0:  0
Min <= -18.0:  0
Max Rain: 11.2 on day 5
Days of Rain: 6 (>= 0.2 mm)  3 (>= 2.0 mm)  0 (>= 20.0 mm)
Heat Base: 18.3  Cool Base: 18.3  Method: Integration