Select a Year or Month report

Report for 2016 Aug
                   Monthly Climatological Summary for Aug 2016

Name: Carina Weather   City: Carina, Brisbane   State: Queensland
Elevation: 18 m  Lat: S 27 29' 04"   Lon: E 153 05' 43"

                  Temperature (C), Rain (mm), Wind Speed (km/h)

                                      Heat  Cool        Avg
    Mean                              Deg   Deg         Wind                 Dom
Day Temp  High   Time   Low    Time   Days  Days  Rain  Speed High   Time    Dir
----------------------------------------------------------------------------------
 1  15.3  25.4   14:11   7.9   04:58   4.4   1.4   0.0   0.3   8.0   09:03   NNW
 2  16.9  23.5   15:51  10.7   01:14   2.4   1.0   1.2   0.3  16.0   11:56   WNW
 3  15.0  19.2   12:49  11.2   23:36   3.4   0.1   6.8   4.3  40.0   16:41   WNW
 4  15.4  20.3   12:12  11.2   00:00   3.1   0.2   0.6   3.2  34.0   00:21    NE
 5  15.3  20.9   14:10  11.3   06:10   3.4   0.4   0.0   2.1  21.0   13:45     E
 6  15.1  21.7   12:55  10.2   04:38   3.7   0.5   0.0   1.3  14.0   08:39     E
 7  15.4  22.2   13:00  10.5   05:35   3.5   0.7   0.0   0.6  11.0   16:25   ENE
 8  16.0  23.1   12:50  12.1   05:10   3.0   0.7   0.0   0.6  11.0   13:00     E
 9  15.3  23.3   13:20  10.0   06:14   3.9   0.9   0.0   0.5  10.0   13:29     N
10  16.8  24.3   13:43  10.0   06:15   2.9   1.4   0.0   0.6  11.0   17:12    NW
11  17.4  25.9   14:39  10.9   06:30   2.5   1.6   4.0   0.6  19.0   13:04   WNW
12  16.5  22.5   13:52  11.7   23:58   2.6   0.8   1.8   0.9  14.0   13:29     E
13  16.1  24.0   15:00  10.3   06:26   3.4   1.2   0.2   0.7  14.0   11:58    NW
14  16.2  23.6   13:59   9.2   04:05   3.2   1.2   0.0   1.3  16.0   14:05     E
15  16.3  22.7   12:05  10.7   01:53   2.9   0.9   0.2   2.4  24.0   15:06     E
16  16.2  22.4   13:04  10.9   06:29   2.9   0.8   0.0   1.8  21.0   13:07     E
17  15.8  23.9   13:39  10.3   02:49   3.5   1.0   0.0   1.0  16.0   12:33     E
18  15.5  22.1   12:42  10.9   06:28   3.3   0.4   1.8   0.3  16.0   16:07     E
19  16.6  23.6   14:17  10.1   05:35   2.9   1.2   0.2   0.5  13.0   12:57     N
20  17.8  25.3   11:48  12.3   04:11   2.0   1.5   3.4   0.6  19.0   11:46   WNW
21  15.1  22.7   13:21   7.8   05:18   4.0   0.8   0.0   0.6  11.0   16:27   ENE
22  17.6  24.6   13:50  11.0   04:05   2.3   1.6   0.0   0.7  14.0   13:53    NW
23  20.9  26.7   11:57  16.2   06:27   0.3   3.0   0.6   0.6  11.0   09:22   WNW
24  18.0  21.8   10:50  15.6   19:28   1.0   0.7  12.2   0.5  13.0   01:20     N
25  16.3  20.9   14:48  11.6   23:52   2.3   0.4   0.0   4.0  29.0   08:33   WNW
26  14.8  21.3   12:57   9.1   06:06   3.9   0.4   0.0   1.5  19.0   20:56    NW
27  15.0  21.8   14:50   9.6   05:57   4.0   0.7   0.0   1.7  19.0   13:13    NW
28  15.6  24.1   12:56   8.5   06:03   3.9   1.2   0.0   0.8  11.0   07:50   NNE
29  16.5  24.6   12:33  10.1   05:55   3.2   1.4   0.0   0.7  11.0   12:20    NE
30  17.3  24.4   10:52  11.6   00:57   2.5   1.6   0.0   0.9  16.0   11:28   ENE
31  16.9  24.0   11:27  11.1   05:23   2.6   1.2   0.0   0.6  10.0   07:57   WNW
----------------------------------------------------------------------------------
    16.3  26.7    23     7.8    21    92.9  30.9  33.0   1.2  40.0     3     NNE

Max >=  27.0:  0
Max <=   0.0:  0
Min <=   0.0:  0
Min <= -18.0:  0
Max Rain: 12.2 on day 24
Days of Rain: 12 (>= 0.2 mm)  4 (>= 2.0 mm)  0 (>= 20.0 mm)
Heat Base: 18.3  Cool Base: 18.3  Method: Integration