Select a Year or Month report

Report for 2016 Nov
                   Monthly Climatological Summary for Nov 2016

Name: Carina Weather   City: Carina, Brisbane   State: Queensland
Elevation: 18 m  Lat: S 27 29' 04"   Lon: E 153 05' 43"

                  Temperature (C), Rain (mm), Wind Speed (km/h)

                                      Heat  Cool        Avg
    Mean                              Deg   Deg         Wind                 Dom
Day Temp  High   Time   Low    Time   Days  Days  Rain  Speed High   Time    Dir
----------------------------------------------------------------------------------
 1  22.3  26.2   13:12  19.2   23:59   0.0   4.0   2.8   0.2  10.0   03:10     E
 2  21.4  29.3   11:22  12.7   04:29   1.0   4.0   0.0   1.3  18.0   13:48     E
 3  22.5  28.7   11:28  16.4   04:59   0.2   4.3   0.0   0.9  16.0   10:23   ENE
 4  23.8  30.1   11:52  17.8   04:17   0.0   5.6   0.0   1.6  19.0   14:32   WNW
 5  24.6  32.9   12:40  16.3   04:49   0.1   6.4   0.0   1.1  16.0   12:06   WNW
 6  24.1  32.6   11:10  15.7   05:20   0.2   6.0   0.0   1.0  14.0   09:50   ENE
 7  24.5  29.2   11:30  19.3   02:10   0.0   6.2   0.0   1.4  16.0   11:20     E
 8  26.3  32.3   12:30  21.8   05:10   0.0   7.8   0.4   1.5  16.0   18:20   WNW
 9  25.4  32.5   11:58  20.3   03:06   0.0   7.1   3.4   1.9  18.0   14:41   WNW
10  26.0  32.6   13:55  20.7   04:38   0.0   7.7   1.4   1.4  14.0   21:14     E
11  25.3  32.4   12:05  19.1   04:45   0.0   7.0   0.0   0.8  13.0   14:37   ENE
12  24.8  32.7   11:22  21.2   15:44   0.0   6.5  20.4   1.0  27.0   15:20   NNW
13  25.9  35.2   12:54  21.2   23:55   0.0   7.5   0.4   0.8  19.0   17:30   WNW
14  24.9  30.3   15:25  18.9   23:23   0.0   6.6   0.0   3.1  29.0   14:42   WNW
15  21.3  27.9   13:26  15.7   04:59   0.3   3.3   0.0   1.7  19.0   14:16     E
16  21.9  28.7   12:41  14.8   04:34   0.6   4.2   0.0   0.9  19.0   14:24   ENE
17  21.7  28.1   10:46  16.4   03:06   0.2   3.5   0.2   2.9  27.0   11:39     E
18  22.3  28.1   12:35  16.4   04:43   0.1   4.1   0.0   1.1  13.0   12:35   ENE
19  22.2  28.9   13:21  17.3   02:40   0.2   4.1   0.0   0.7  13.0   10:36   ENE
20  23.2  29.6   14:32  17.0   03:03   0.2   5.1   0.0   1.0  14.0   09:48   ENE
21  23.3  30.5   12:22  17.1   04:18   0.1   5.2   0.0   1.3  16.0   10:16     E
22  22.7  29.2   12:50  16.6   01:39   0.2   4.6   0.0   2.3  21.0   15:35     E
23  24.9  31.6   11:39  19.2   03:45   0.0   6.6   0.0   0.8  14.0   13:31     E
24  25.3  35.4   11:01  19.4   02:12   0.0   7.0   0.0   3.3  24.0   15:38     E
25  24.1  30.0   12:54  18.3   04:44   0.0   5.8   0.0   1.4  13.0   14:18     E
26  23.0  27.7   14:08  20.2   10:26   0.0   4.7   1.4   0.9  16.0   09:57     E
27  24.6  30.9   12:36  20.6   04:41   0.0   6.3   0.0   0.9  16.0   15:05    NE
28  24.6  31.4   11:53  18.3   04:49   0.0   6.3   0.0   1.0  18.0   17:26   NNW
29  25.4  31.8   11:41  18.2   04:52   0.0   7.1   0.0   1.4  14.0   12:34    NW
30  24.3  31.9   12:57  19.0   05:11   0.0   6.0   6.4   1.0  18.0   15:44    NE
----------------------------------------------------------------------------------
    23.9  35.4    24    12.7     2     3.4 170.6  36.8   1.3  29.0    14     ENE

Max >=  27.0: 29
Max <=   0.0:  0
Min <=   0.0:  0
Min <= -18.0:  0
Max Rain: 20.4 on day 12
Days of Rain: 9 (>= 0.2 mm)  4 (>= 2.0 mm)  1 (>= 20.0 mm)
Heat Base: 18.3  Cool Base: 18.3  Method: Integration