Select a Year or Month report

Report for 2016 Dec
                   Monthly Climatological Summary for Dec 2016

Name: Carina Weather   City: Carina, Brisbane   State: Queensland
Elevation: 18 m  Lat: S 27 29' 04"   Lon: E 153 05' 43"

                  Temperature (C), Rain (mm), Wind Speed (km/h)

                                      Heat  Cool        Avg
    Mean                              Deg   Deg         Wind                 Dom
Day Temp  High   Time   Low    Time   Days  Days  Rain  Speed High   Time    Dir
----------------------------------------------------------------------------------
 1  24.6  31.0   11:40  18.5   04:56   0.0   6.3   0.4   1.4  18.0   13:31    NW
 2  26.3  28.5   08:16  19.3   04:57   0.0   8.0   0.0   1.3   6.0   07:24   WNW
 3  28.4  28.5   00:00  21.3   23:37   0.0  10.1  27.4   2.0  24.0   18:13   WNW
 4  26.1  31.5   13:41  20.0   04:57   0.0   7.8   0.0   1.4  14.0   11:05    NW
 5  26.7  31.4   11:17  22.3   04:51   0.0   8.4   0.0   2.2  18.0   14:24   WNW
 6  26.9  32.9   14:45  22.6   06:10   0.0   8.5  11.4   1.8  14.0   10:20    NW
 7  25.4  32.6   13:48  22.4   05:21   0.0   7.1  24.4   0.9  11.0   19:30   ENE
 8  24.5  28.7   16:08  22.0   02:40   0.0   6.2   1.2   0.5  11.0   15:27   WNW
 9  24.6  28.1   17:15  20.7   20:00   0.0   6.3   2.4   1.5  19.0   08:11   WNW
10  23.6  27.7   14:04  19.6   23:56   0.0   5.3   0.0   3.6  23.0   10:32     E
11  22.3  27.9   11:25  17.7   04:45   0.0   4.1   0.0   1.5  21.0   10:24     E
12  23.4  29.8   12:19  17.6   04:47   0.1   5.1   0.0   1.8  16.0   08:09     E
13  23.8  30.2   13:22  16.8   02:50   0.2   5.7   0.0   1.1  14.0   12:13   ENE
14  25.0  30.9   13:19  19.6   03:20   0.0   6.7   0.0   1.4  16.0   13:32    NW
15  26.0  31.9   13:45  18.7   04:44   0.0   7.7   0.0   1.7  14.0   10:23   WNW
16  26.3  31.6   10:42  22.8   04:42   0.0   8.0   0.0   1.7  13.0   12:11    NW
17  26.6  32.1   13:41  21.2   05:04   0.0   8.3   0.4   1.9  19.0   18:48   WNW
18  25.4  32.7   12:11  22.6   15:37   0.0   7.1   0.4  13.1  31.0   12:47     E
19  23.3  23.5   00:00  20.3   23:57   0.0   5.0   0.0  29.4  26.0   10:04     E
20  25.1  30.6   13:37  19.8   00:41   0.0   6.8   0.0   1.1  11.0   14:04    NW
21  26.8  35.9   12:05  21.9   04:10   0.0   8.5   1.0   1.3  16.0   15:12   WNW
22  25.5  31.6   12:40  21.8   04:54   0.0   7.2   0.0   4.0  29.0   14:42     E
23  24.4  28.7   14:25  21.5   22:32   0.0   6.1   0.0   2.3  19.0   13:18     E
24  24.9  31.3   11:41  19.2   04:42   0.0   6.6   0.0   1.3  19.0   10:29     E
25  21.9  24.7   16:57  19.9   23:54   0.0   3.6  14.0   0.4  14.0   17:19     E
26  23.5  30.3   12:26  18.4   04:12   0.0   5.2   1.2   1.2  16.0   16:14     E
27  24.3  30.2   11:10  18.4   04:23   0.0   6.1   2.0   1.0  16.0   14:14     E
28  25.3  30.9   13:52  18.9   04:45   0.0   7.0   0.0   1.1  16.0   13:52     E
29  26.0  31.4   13:08  20.4   04:36   0.0   7.7   0.0   1.4  16.0   15:15   WNW
30  27.2  33.1   11:33  20.2   04:59   0.0   8.9   0.0   1.6  14.0   13:55   WNW
31  28.5  34.3   13:49  23.2   03:52   0.0  10.2   0.0   1.6  18.0   14:33   WNW
----------------------------------------------------------------------------------
    25.2  35.9    21    16.8    13     0.3 215.6  86.2   2.9  31.0    18       E

Max >=  27.0: 29
Max <=   0.0:  0
Min <=   0.0:  0
Min <= -18.0:  0
Max Rain: 27.4 on day 3
Days of Rain: 12 (>= 0.2 mm)  6 (>= 2.0 mm)  2 (>= 20.0 mm)
Heat Base: 18.3  Cool Base: 18.3  Method: Integration