Select a Year or Month report

Report for 2017 Jan
                   Monthly Climatological Summary for Jan 2017

Name: Carina Weather   City: Carina, Brisbane   State: Queensland
Elevation: 18 m  Lat: S 27 29' 04"   Lon: E 153 05' 43"

                  Temperature (C), Rain (mm), Wind Speed (km/h)

                                      Heat  Cool        Avg
    Mean                              Deg   Deg         Wind                 Dom
Day Temp  High   Time   Low    Time   Days  Days  Rain  Speed High   Time    Dir
----------------------------------------------------------------------------------
 1  28.7  34.7   11:30  23.6   05:01   0.0  10.4   0.0   2.2  19.0   14:05   WNW
 2  27.8  33.1   13:27  21.9   22:04   0.0   9.5  47.8   2.2  18.0   21:32    NW
 3  22.9  25.1   09:25  22.0   00:00   0.0   4.6   2.0   3.8  26.0   12:54     E
 4  25.2  29.4   12:29  22.1   00:00   0.0   6.9   0.0   5.1  29.0   09:43     E
 5  25.2  29.9   10:24  21.4   05:22   0.0   6.9   0.0   2.1  19.0   11:19     E
 6  24.4  28.4   09:43  20.8   05:17   0.0   6.1   7.6   1.9  18.0   11:04     E
 7  24.2  28.7   11:50  21.1   23:57   0.0   5.9   6.8   3.2  27.0   13:31     E
 8  23.8  29.9   13:04  19.1   04:34   0.0   5.5   0.2   1.8  18.0   11:18     E
 9  24.7  31.0   13:15  18.0   05:19   0.0   6.4   0.0   1.0  14.0   14:40   ENE
10  26.5  32.0   12:22  21.7   04:30   0.0   8.2   0.2   1.3  18.0   16:36   WNW
11  27.6  33.1   13:29  22.3   05:17   0.0   9.3   0.0   1.4  14.0   12:59   WNW
12  28.9  36.3   12:22  22.7   04:57   0.0  10.6   0.0   1.2  14.0   10:30     N
13  28.8  34.4   14:19  24.4   05:44   0.0  10.5   0.8   1.8  13.0   12:54    NW
14  29.5  35.2   11:15  24.7   04:22   0.0  11.1   0.0   1.9  18.0   15:12   WNW
15  26.4  30.9   10:54  23.7   23:05   0.0   8.1  68.6   0.8  21.0   05:43     E
16  26.7  32.3   13:45  22.1   04:16   0.0   8.4   0.0   1.0  13.0   13:40     E
17  27.3  32.9   12:22  22.5   05:13   0.0   9.0   0.0   1.0  14.0   13:14   NNE
18  28.5  35.4   11:56  21.7   04:59   0.0  10.2   0.0   1.2  14.0   16:13   WNW
19  27.0  30.8   13:13  24.7   23:39   0.0   8.7   0.0   2.3  24.0   13:35     E
20  28.2  33.6   13:38  24.2   02:14   0.0   9.9   0.0   1.1  14.0   16:42    NW
21  27.0  34.4   11:21  22.9   23:27   0.0   8.7   2.0   2.7  31.0   13:30     E
22  24.8  29.4   12:29  20.3   23:58   0.0   6.5   0.0   2.8  21.0   09:00     E
23  24.7  30.9   13:46  19.8   01:30   0.0   6.4   0.0   1.0  13.0   14:05   ENE
24  26.0  32.6   12:11  18.6   04:09   0.0   7.7   0.0   1.3  13.0   09:30   WNW
25  27.1  32.4   13:50  21.2   05:12   0.0   8.8   0.0   1.0  13.0   08:53   ENE
26  27.7  33.1   13:57  23.5   23:23   0.0   9.4   2.6   1.0  13.0   16:39    NW
27  25.2  29.7   11:10  22.9   03:30   0.0   6.9   6.6   0.1   8.0   02:09     E
28  26.5  31.9   11:06  22.3   04:23   0.0   8.2   3.0   1.0  13.0   13:38     E
29  26.9  32.8   12:02  20.9   04:43   0.0   8.6   0.0   1.1  16.0   13:27   ENE
30  27.3  32.5   12:45  22.3   04:56   0.0   9.0   0.0   1.0  13.0   15:29   ENE
31  27.6  33.5   11:25  21.4   05:20   0.0   9.3   0.0   1.4  16.0   17:46    NW
----------------------------------------------------------------------------------
    26.6  36.3    12    18.0     9     0.0 255.7 148.2   1.7  31.0    21     ENE

Max >=  27.0: 30
Max <=   0.0:  0
Min <=   0.0:  0
Min <= -18.0:  0
Max Rain: 68.6 on day 15
Days of Rain: 12 (>= 0.2 mm)  9 (>= 2.0 mm)  2 (>= 20.0 mm)
Heat Base: 18.3  Cool Base: 18.3  Method: Integration