Select a Year or Month report

Report for 2017 Feb
                   Monthly Climatological Summary for Feb 2017

Name: Carina Weather   City: Carina, Brisbane   State: Queensland
Elevation: 18 m  Lat: S 27 29' 04"   Lon: E 153 05' 43"

                  Temperature (C), Rain (mm), Wind Speed (km/h)

                                      Heat  Cool        Avg
    Mean                              Deg   Deg         Wind                 Dom
Day Temp  High   Time   Low    Time   Days  Days  Rain  Speed High   Time    Dir
----------------------------------------------------------------------------------
 1  27.9  33.7   12:56  21.4   05:30   0.0   9.6   0.0   1.7  18.0   17:02   WNW
 2  28.4  33.9   13:52  23.7   04:59   0.0  10.1   0.0   1.5  14.0   15:23   WNW
 3  28.4  33.6   13:09  25.4   23:39   0.0  10.1   0.0   1.2  13.0   10:53     N
 4  28.2  33.5   14:14  22.4   05:30   0.0   9.9   0.0   1.2  11.0   10:51   NNE
 5  28.2  33.7   12:07  23.6   04:37   0.0   9.9   0.0   0.9  11.0   12:12    NE
 6  27.8  33.3   13:30  22.7   03:57   0.0   9.5   0.0   1.0  11.0   13:48     N
 7  28.1  33.8   11:43  22.2   05:25   0.0   9.8   0.0   1.5  16.0   17:09     E
 8  27.5  32.4   12:59  23.5   23:44   0.0   9.2   0.2   3.6  27.0   16:08     E
 9  26.7  32.0   11:43  22.8   04:38   0.0   8.4   2.8   3.1  29.0   11:52     E
10  27.2  33.8   11:36  22.2   04:38   0.0   8.9   2.6   1.1  13.0   16:13     E
11  28.3  37.7   12:12  21.5   05:29   0.0   9.9   0.0   1.3  14.0   10:41    NW
12  29.4  37.2   10:56  21.9   05:19   0.0  11.1   0.0   1.3  14.0   14:31    NW
13  28.2  36.1   13:07  23.2   18:48   0.0   9.9  11.6   2.1  26.0   17:05     E
14  26.1  29.8   13:43  22.8   23:55   0.0   7.8   0.0   3.4  26.0   14:41     E
15  25.5  30.7   12:26  20.4   05:20   0.0   7.2   0.0   1.3  16.0   13:26     E
16  25.3  32.6   13:02  20.0   05:43   0.0   7.0   0.0   0.6  13.0   15:04   ENE
17  26.5  32.3   12:56  22.2   03:53   0.0   8.2   0.0   0.9  11.0   16:13   ENE
18  27.2  32.6   14:01  22.0   04:27   0.0   8.8   0.0   1.8  19.0   18:50    NW
19  26.3  34.7   12:37  21.7   23:34   0.0   8.0  23.6   0.8  13.0   00:18   WNW
20  25.7  32.3   14:20  21.0   05:29   0.0   7.4   0.0   1.1  18.0   10:02     E
21  26.3  32.6   12:08  21.5   05:22   0.0   8.0   0.0   2.2  19.0   16:37     E
22  25.1  30.2   11:30  21.2   23:07   0.0   6.7   0.0   3.0  23.0   11:14     E
23  25.5  31.1   12:11  20.1   05:54   0.0   7.2   0.0   2.0  21.0   16:09     E
24  25.2  31.9   12:25  19.7   04:22   0.0   6.9   0.0   1.5  18.0   15:47     E
25  25.2  31.9   13:53  19.2   05:28   0.0   6.9   0.0   2.8  26.0   16:59     E
26  24.9  30.8   12:45  20.5   05:24   0.0   6.7   0.0   3.2  31.0   16:14     E
27  23.9  29.2   10:44  20.4   04:51   0.0   5.6   0.0   2.5  21.0   12:42     E
28  24.1  30.8   12:46  19.0   03:25   0.0   5.8   0.0   1.7  21.0   16:44     E
----------------------------------------------------------------------------------
    26.7  37.7    11    19.0    28     0.0 234.5  40.8   1.8  31.0    26       E

Max >=  27.0: 28
Max <=   0.0:  0
Min <=   0.0:  0
Min <= -18.0:  0
Max Rain: 23.6 on day 19
Days of Rain: 5 (>= 0.2 mm)  4 (>= 2.0 mm)  1 (>= 20.0 mm)
Heat Base: 18.3  Cool Base: 18.3  Method: Integration